CRAN Package Check Results for Package CalibrateSSB

Last updated on 2025-07-18 08:50:51 CEST.

Flavor Version Tinstall Tcheck Ttotal Status Flags
r-devel-linux-x86_64-debian-clang 1.3.0 9.11 88.80 97.91 NOTE
r-devel-linux-x86_64-debian-gcc 1.3.0 6.47 66.32 72.79 NOTE
r-devel-linux-x86_64-fedora-clang 1.3.0 162.10 OK
r-devel-linux-x86_64-fedora-gcc 1.3.0 163.60 OK
r-devel-windows-x86_64 1.3.0 11.00 102.00 113.00 OK
r-patched-linux-x86_64 1.3.0 9.46 86.46 95.92 OK
r-release-linux-x86_64 1.3.0 9.64 87.25 96.89 OK
r-release-macos-arm64 1.3.0 51.00 OK
r-release-macos-x86_64 1.3.0 125.00 OK
r-release-windows-x86_64 1.3.0 9.00 98.00 107.00 OK
r-oldrel-macos-arm64 1.3.0 47.00 NOTE
r-oldrel-macos-x86_64 1.3.0 73.00 NOTE
r-oldrel-windows-x86_64 1.3.0 12.00 122.00 134.00 NOTE

Check Details

Version: 1.3.0
Check: CRAN incoming feasibility
Result: NOTE Maintainer: ‘Oyvind Langsrud <oyl@ssb.no>’ No Authors@R field in DESCRIPTION. Please add one, modifying Authors@R: c(person(given = "Øyvind", family = "Langsrud", role = "aut"), person(given = "Oyvind", family = "Langsrud", role = "cre", email = "oyl@ssb.no")) as necessary. Flavors: r-devel-linux-x86_64-debian-clang, r-devel-linux-x86_64-debian-gcc

Version: 1.3.0
Check: package dependencies
Result: NOTE Package suggested but not available for checking: ‘ReGenesees’ Flavors: r-oldrel-macos-arm64, r-oldrel-macos-x86_64, r-oldrel-windows-x86_64