CRAN Package Check Results for Package C19dNUTS

Last updated on 2025-11-06 07:49:28 CET.

Flavor Version Tinstall Tcheck Ttotal Status Flags
r-devel-linux-x86_64-debian-clang 1.0.1 1.31 14.55 15.86 NOTE
r-devel-linux-x86_64-debian-gcc 1.0.1 1.08 12.17 13.25 NOTE
r-devel-linux-x86_64-fedora-clang 1.0.1 22.35 OK
r-devel-linux-x86_64-fedora-gcc 1.0.1 21.95 OK
r-devel-windows-x86_64 1.0.1 2.00 32.00 34.00 OK
r-patched-linux-x86_64 1.0.1 1.25 13.64 14.89 OK
r-release-linux-x86_64 1.0.1 1.27 13.59 14.86 OK
r-release-macos-arm64 1.0.1 1.00 15.00 16.00 OK
r-release-macos-x86_64 1.0.1 1.00 20.00 21.00 OK
r-release-windows-x86_64 1.0.1 2.00 29.00 31.00 OK
r-oldrel-macos-arm64 1.0.1 1.00 17.00 18.00 OK
r-oldrel-macos-x86_64 1.0.1 1.00 16.00 17.00 OK
r-oldrel-windows-x86_64 1.0.1 2.00 35.00 37.00 OK

Check Details

Version: 1.0.1
Check: CRAN incoming feasibility
Result: NOTE Maintainer: ‘Thomas Wieland <thomas.wieland.kit@googlemail.com>’ No Authors@R field in DESCRIPTION. Please add one, modifying Authors@R: person(given = "Thomas", family = "Wieland", role = c("aut", "cre"), email = "thomas.wieland.kit@googlemail.com") as necessary. Flavors: r-devel-linux-x86_64-debian-clang, r-devel-linux-x86_64-debian-gcc