Last updated on 2025-11-06 07:49:28 CET.
| Flavor | Version | Tinstall | Tcheck | Ttotal | Status | Flags |
|---|---|---|---|---|---|---|
| r-devel-linux-x86_64-debian-clang | 3.0 | 2.95 | 51.51 | 54.46 | NOTE | |
| r-devel-linux-x86_64-debian-gcc | 3.0 | 2.09 | 37.53 | 39.62 | NOTE | |
| r-devel-linux-x86_64-fedora-clang | 3.0 | 85.27 | OK | |||
| r-devel-linux-x86_64-fedora-gcc | 3.0 | 80.33 | OK | |||
| r-devel-windows-x86_64 | 3.0 | 3.00 | 75.00 | 78.00 | OK | |
| r-patched-linux-x86_64 | 3.0 | 3.23 | 51.54 | 54.77 | OK | |
| r-release-linux-x86_64 | 3.0 | 3.27 | 53.63 | 56.90 | OK | |
| r-release-macos-arm64 | 3.0 | 2.00 | 36.00 | 38.00 | OK | |
| r-release-macos-x86_64 | 3.0 | 3.00 | 59.00 | 62.00 | OK | |
| r-release-windows-x86_64 | 3.0 | 4.00 | 74.00 | 78.00 | OK | |
| r-oldrel-macos-arm64 | 3.0 | 1.00 | 34.00 | 35.00 | OK | |
| r-oldrel-macos-x86_64 | 3.0 | 5.00 | 47.00 | 52.00 | OK | |
| r-oldrel-windows-x86_64 | 3.0 | 4.00 | 75.00 | 79.00 | OK |
Version: 3.0
Check: CRAN incoming feasibility
Result: NOTE
Maintainer: ‘Rahim Alhamzawi (University of Al-Qadisiyah) <rahim.alhamzawi@qu.edu.iq>’
No Authors@R field in DESCRIPTION.
Please add one, modifying
Authors@R: person(given = "Rahim",
family = "Alhamzawi",
role = c("aut", "cre"),
email = "rahim.alhamzawi@qu.edu.iq")
as necessary.
Flavors: r-devel-linux-x86_64-debian-clang, r-devel-linux-x86_64-debian-gcc