Last updated on 2025-07-18 08:50:50 CEST.
Flavor | Version | Tinstall | Tcheck | Ttotal | Status | Flags |
---|---|---|---|---|---|---|
r-devel-linux-x86_64-debian-clang | 1.4 | 6.48 | 53.62 | 60.10 | NOTE | |
r-devel-linux-x86_64-debian-gcc | 1.4 | 4.15 | 38.14 | 42.29 | NOTE | |
r-devel-linux-x86_64-fedora-clang | 1.4 | 94.96 | OK | |||
r-devel-linux-x86_64-fedora-gcc | 1.4 | 87.47 | OK | |||
r-devel-windows-x86_64 | 1.4 | 7.00 | 68.00 | 75.00 | OK | |
r-patched-linux-x86_64 | 1.4 | 6.44 | 49.20 | 55.64 | OK | |
r-release-linux-x86_64 | 1.4 | 5.17 | 50.08 | 55.25 | OK | |
r-release-macos-arm64 | 1.4 | 31.00 | OK | |||
r-release-macos-x86_64 | 1.4 | 51.00 | OK | |||
r-release-windows-x86_64 | 1.4 | 7.00 | 65.00 | 72.00 | OK | |
r-oldrel-macos-arm64 | 1.4 | 29.00 | OK | |||
r-oldrel-macos-x86_64 | 1.4 | 52.00 | OK | |||
r-oldrel-windows-x86_64 | 1.4 | 9.00 | 81.00 | 90.00 | OK |
Version: 1.4
Check: CRAN incoming feasibility
Result: NOTE
Maintainer: ‘Blondeau Da Silva Stephane <Stephane.Blondeau-Da-Silva@ac-limoges.fr>’
No Authors@R field in DESCRIPTION.
Please add one, modifying
Authors@R: person(given = c("Blondeau", "Da", "Silva"),
family = "Stephane",
role = c("aut", "cre"),
email = "stephane.blondeau-da-silva@ac-limoges.fr")
as necessary.
Flavors: r-devel-linux-x86_64-debian-clang, r-devel-linux-x86_64-debian-gcc