Last updated on 2025-10-26 07:49:05 CET.
| Flavor | Version | Tinstall | Tcheck | Ttotal | Status | Flags |
|---|---|---|---|---|---|---|
| r-devel-linux-x86_64-debian-clang | 2.0.4 | 78.90 | 81.86 | 160.76 | OK | |
| r-devel-linux-x86_64-debian-gcc | 2.0.4 | 63.26 | 70.40 | 133.66 | OK | |
| r-devel-linux-x86_64-fedora-clang | 2.0.4 | 159.00 | 93.43 | 252.43 | OK | |
| r-devel-linux-x86_64-fedora-gcc | 2.0.4 | 177.00 | 104.24 | 281.24 | OK | |
| r-devel-windows-x86_64 | 2.0.4 | 76.00 | 115.00 | 191.00 | OK | |
| r-patched-linux-x86_64 | 2.0.4 | 86.44 | 91.14 | 177.58 | OK | |
| r-release-linux-x86_64 | 2.0.4 | 86.11 | 85.43 | 171.54 | OK | |
| r-release-macos-arm64 | 2.0.4 | 32.00 | 46.00 | 78.00 | OK | |
| r-release-macos-x86_64 | 2.0.4 | 57.00 | 70.00 | 127.00 | OK | |
| r-release-windows-x86_64 | 2.0.4 | 79.00 | 122.00 | 201.00 | OK | |
| r-oldrel-macos-arm64 | 2.0.4 | 33.00 | 37.00 | 70.00 | NOTE | |
| r-oldrel-macos-x86_64 | 2.0.4 | 45.00 | 53.00 | 98.00 | NOTE | |
| r-oldrel-windows-x86_64 | 2.0.4 | 97.00 | 145.00 | 242.00 | OK |
Version: 2.0.4
Check: installed package size
Result: NOTE
installed size is 31.1Mb
sub-directories of 1Mb or more:
libs 30.1Mb
Flavors: r-oldrel-macos-arm64, r-oldrel-macos-x86_64