Last updated on 2025-07-18 08:50:50 CEST.
Flavor | Version | Tinstall | Tcheck | Ttotal | Status | Flags |
---|---|---|---|---|---|---|
r-devel-linux-x86_64-debian-clang | 3.6-6 | 125.99 | 131.48 | 257.47 | NOTE | |
r-devel-linux-x86_64-debian-gcc | 3.6-6 | 90.49 | 89.64 | 180.13 | NOTE | |
r-devel-linux-x86_64-fedora-clang | 3.6-6 | 474.65 | OK | |||
r-devel-linux-x86_64-fedora-gcc | 3.6-6 | 454.10 | OK | |||
r-devel-windows-x86_64 | 3.6-6 | 126.00 | 154.00 | 280.00 | OK | |
r-patched-linux-x86_64 | 3.6-6 | 115.74 | 118.72 | 234.46 | OK | |
r-release-linux-x86_64 | 3.6-6 | 117.05 | 119.25 | 236.30 | OK | |
r-release-macos-arm64 | 3.6-6 | 103.00 | OK | |||
r-release-macos-x86_64 | 3.6-6 | 142.00 | OK | |||
r-release-windows-x86_64 | 3.6-6 | 127.00 | 149.00 | 276.00 | OK | |
r-oldrel-macos-arm64 | 3.6-6 | 64.00 | NOTE | |||
r-oldrel-macos-x86_64 | 3.6-6 | 128.00 | NOTE | |||
r-oldrel-windows-x86_64 | 3.6-6 | 152.00 | 192.00 | 344.00 | OK |
Version: 3.6-6
Check: CRAN incoming feasibility
Result: NOTE
Maintainer: ‘Alexander Robitzsch <robitzsch@ipn.uni-kiel.de>’
No Authors@R field in DESCRIPTION.
Please add one, modifying
Authors@R: c(person(family = "BIFIE",
role = "aut"),
person(given = "Alexander",
family = "Robitzsch",
role = c("aut", "cre"),
email = "robitzsch@ipn.uni-kiel.de"),
person(given = "Konrad",
family = "Oberwimmer",
role = "aut"))
as necessary.
Flavors: r-devel-linux-x86_64-debian-clang, r-devel-linux-x86_64-debian-gcc
Version: 3.6-6
Check: installed package size
Result: NOTE
installed size is 9.6Mb
sub-directories of 1Mb or more:
data 1.4Mb
libs 7.7Mb
Flavors: r-oldrel-macos-arm64, r-oldrel-macos-x86_64