CRAN Package Check Results for Package truncSP

Last updated on 2016-12-10 07:47:53.

Flavor Version Tinstall Tcheck Ttotal Status Flags
r-devel-linux-x86_64-debian-clang 1.2.2 1.35 28.77 30.12 NOTE
r-devel-linux-x86_64-debian-gcc 1.2.2 1.33 26.80 28.14 NOTE
r-devel-linux-x86_64-fedora-clang 1.2.2 51.41 NOTE --no-stop-on-test-error
r-devel-linux-x86_64-fedora-gcc 1.2.2 48.59 NOTE --no-stop-on-test-error
r-devel-macos-x86_64-clang 1.2.2 36.51 NOTE --no-stop-on-test-error
r-devel-windows-ix86+x86_64 1.2.2 5.00 67.00 72.00 NOTE
r-patched-linux-x86_64 1.2.2 1.16 24.03 25.19 NOTE
r-patched-solaris-sparc 1.2.2 298.70 NOTE
r-patched-solaris-x86 1.2.2 62.90 NOTE
r-release-linux-x86_64 1.2.2 1.16 23.90 25.05 NOTE
r-release-osx-x86_64-mavericks 1.2.2 NOTE
r-release-windows-ix86+x86_64 1.2.2 4.00 63.00 67.00 NOTE
r-oldrel-windows-ix86+x86_64 1.2.2 7.00 53.00 60.00 NOTE

Check Details

Version: 1.2.2
Check: DESCRIPTION meta-information
Result: NOTE
    Malformed Description field: should contain one or more complete sentences.
Flavors: r-devel-linux-x86_64-debian-clang, r-devel-linux-x86_64-debian-gcc, r-devel-windows-ix86+x86_64, r-patched-linux-x86_64, r-patched-solaris-sparc, r-patched-solaris-x86, r-release-linux-x86_64, r-release-osx-x86_64-mavericks, r-release-windows-ix86+x86_64, r-oldrel-windows-ix86+x86_64

Version: 1.2.2
Flags: --no-stop-on-test-error
Check: DESCRIPTION meta-information
Result: NOTE
    Malformed Description field: should contain one or more complete sentences.
Flavors: r-devel-linux-x86_64-fedora-clang, r-devel-linux-x86_64-fedora-gcc, r-devel-macos-x86_64-clang