CRAN Package Check Results for Package truncSP

Last updated on 2017-08-16 08:48:11.

Flavor Version Tinstall Tcheck Ttotal Status Flags
r-devel-linux-x86_64-debian-clang 1.2.2 1.36 28.04 29.40 NOTE
r-devel-linux-x86_64-debian-gcc 1.2.2 1.64 26.92 28.56 NOTE
r-devel-linux-x86_64-fedora-clang 1.2.2 52.98 NOTE
r-devel-linux-x86_64-fedora-gcc 1.2.2 50.84 NOTE
r-devel-windows-ix86+x86_64 1.2.2 6.00 74.00 80.00 NOTE
r-patched-linux-x86_64 1.2.2 1.36 27.00 28.36 NOTE
r-patched-solaris-x86 1.2.2 72.40 NOTE
r-release-linux-x86_64 1.2.2 1.38 26.90 28.28 NOTE
r-release-windows-ix86+x86_64 1.2.2 5.00 65.00 70.00 NOTE
r-release-osx-x86_64 1.2.2 NOTE
r-oldrel-windows-ix86+x86_64 1.2.2 5.00 45.00 50.00 NOTE
r-oldrel-osx-x86_64 1.2.2 NOTE

Check Details

Version: 1.2.2
Check: DESCRIPTION meta-information
Result: NOTE
    Malformed Description field: should contain one or more complete sentences.
Flavors: r-devel-linux-x86_64-debian-clang, r-devel-linux-x86_64-debian-gcc, r-devel-linux-x86_64-fedora-clang, r-devel-linux-x86_64-fedora-gcc, r-devel-windows-ix86+x86_64, r-patched-linux-x86_64, r-patched-solaris-x86, r-release-linux-x86_64, r-release-windows-ix86+x86_64, r-release-osx-x86_64, r-oldrel-windows-ix86+x86_64, r-oldrel-osx-x86_64