CRAN Package Check Results for Package truncSP

Last updated on 2014-04-24 08:50:11.

Flavor Version Tinstall Tcheck Ttotal Status Flags
r-devel-linux-x86_64-debian-clang 1.2.1 1.55 32.72 34.27 OK
r-devel-linux-x86_64-debian-gcc 1.2.1 1.52 32.04 33.56 OK
r-devel-linux-x86_64-fedora-clang 1.2.1 67.30 OK
r-devel-linux-x86_64-fedora-gcc 1.2.1 64.90 OK
r-devel-osx-x86_64-clang 1.2.1 61.27 OK
r-devel-osx-x86_64-gcc 1.2.1 ERROR
r-devel-windows-ix86+x86_64 1.2.1 5.00 49.00 54.00 OK
r-patched-linux-x86_64 1.2.1 1.58 32.22 33.80 OK
r-patched-solaris-sparc 1.2.1 414.70 OK
r-patched-solaris-x86 1.2.1 79.60 OK
r-release-linux-ix86 1.2.1 3.00 50.00 53.00 OK
r-release-linux-x86_64 1.2.1 1.54 31.97 33.52 OK
r-release-osx-x86_64-mavericks 1.2.1 WARN
r-release-osx-x86_64-snowleopard 1.2.1 OK
r-release-windows-ix86+x86_64 1.2.1 5.00 44.00 49.00 OK
r-oldrel-windows-ix86+x86_64 1.2.1 5.00 44.00 49.00 OK

Check Details

Version: 1.2.1
Check: package dependencies
Result: ERROR
    Package required but not available: ‘truncreg’
    
    See the information on DESCRIPTION files in the chapter ‘Creating R
    packages’ of the ‘Writing R Extensions’ manual.
Flavor: r-devel-osx-x86_64-gcc

Version: 1.2.1
Check: PDF version of manual
Result: WARNING
    LaTeX errors when creating PDF version.
    This typically indicates Rd problems.
    LaTeX errors found:
    ! LaTeX Error: File `upquote.sty' not found.
    
    Type X to quit or <RETURN> to proceed,
    or enter new name. (Default extension: sty)
    
    e32aeb/Rd2.tex:8: ==> Fatal error occurred, no output PDF file produced!
Flavor: r-release-osx-x86_64-mavericks