CRAN Package Check Results for Package truncSP

Last updated on 2016-07-27 07:47:52.

Flavor Version Tinstall Tcheck Ttotal Status Flags
r-devel-linux-x86_64-debian-clang 1.2.2 1.18 30.09 31.27 NOTE
r-devel-linux-x86_64-debian-gcc 1.2.2 1.25 25.94 27.18 NOTE
r-devel-linux-x86_64-fedora-clang 1.2.2 44.25 NOTE
r-devel-linux-x86_64-fedora-gcc 1.2.2 42.16 NOTE
r-devel-osx-x86_64-clang 1.2.2 35.19 NOTE
r-devel-windows-ix86+x86_64 1.2.2 6.00 59.00 65.00 NOTE
r-patched-linux-x86_64 1.2.2 1.54 26.52 28.05 NOTE
r-patched-solaris-sparc 1.2.2 298.70 NOTE
r-patched-solaris-x86 1.2.2 61.40 NOTE
r-release-linux-x86_64 1.2.2 1.31 26.63 27.94 NOTE
r-release-osx-x86_64-mavericks 1.2.2 NOTE
r-release-windows-ix86+x86_64 1.2.2 5.00 63.00 68.00 NOTE
r-oldrel-windows-ix86+x86_64 1.2.2 7.00 53.00 60.00 NOTE

Check Details

Version: 1.2.2
Check: DESCRIPTION meta-information
Result: NOTE
    Malformed Description field: should contain one or more complete sentences.
Flavors: r-devel-linux-x86_64-debian-clang, r-devel-linux-x86_64-debian-gcc, r-devel-linux-x86_64-fedora-clang, r-devel-linux-x86_64-fedora-gcc, r-devel-osx-x86_64-clang, r-devel-windows-ix86+x86_64, r-patched-linux-x86_64, r-patched-solaris-sparc, r-patched-solaris-x86, r-release-linux-x86_64, r-release-osx-x86_64-mavericks, r-release-windows-ix86+x86_64, r-oldrel-windows-ix86+x86_64