CRAN Package Check Results for Package truncSP

Last updated on 2017-06-27 08:48:35.

Flavor Version Tinstall Tcheck Ttotal Status Flags
r-devel-linux-x86_64-debian-clang 1.2.2 1.43 28.36 29.78 NOTE
r-devel-linux-x86_64-debian-gcc 1.2.2 1.58 27.18 28.76 NOTE
r-devel-linux-x86_64-fedora-clang 1.2.2 55.81 NOTE
r-devel-linux-x86_64-fedora-gcc 1.2.2 50.65 NOTE
r-devel-windows-ix86+x86_64 1.2.2 7.00 56.00 63.00 NOTE
r-patched-linux-x86_64 1.2.2 1.67 26.79 28.46 NOTE
r-patched-solaris-sparc 1.2.2 322.00 NOTE
r-patched-solaris-x86 1.2.2 72.80 NOTE
r-release-linux-x86_64 1.2.2 1.52 26.95 28.47 NOTE
r-release-windows-ix86+x86_64 1.2.2 4.00 67.00 71.00 NOTE
r-release-osx-x86_64 1.2.2 NOTE
r-oldrel-windows-ix86+x86_64 1.2.2 5.00 64.00 69.00 NOTE
r-oldrel-osx-x86_64 1.2.2 NOTE

Check Details

Version: 1.2.2
Check: DESCRIPTION meta-information
Result: NOTE
    Malformed Description field: should contain one or more complete sentences.
Flavors: r-devel-linux-x86_64-debian-clang, r-devel-linux-x86_64-debian-gcc, r-devel-linux-x86_64-fedora-clang, r-devel-linux-x86_64-fedora-gcc, r-devel-windows-ix86+x86_64, r-patched-linux-x86_64, r-patched-solaris-sparc, r-patched-solaris-x86, r-release-linux-x86_64, r-release-windows-ix86+x86_64, r-release-osx-x86_64, r-oldrel-windows-ix86+x86_64, r-oldrel-osx-x86_64