CRAN Package Check Results for Package truncSP

Last updated on 2017-04-29 08:49:20.

Flavor Version Tinstall Tcheck Ttotal Status Flags
r-devel-linux-x86_64-debian-clang 1.2.2 1.45 419.22 420.67 NOTE
r-devel-linux-x86_64-debian-gcc 1.2.2 1.53 26.91 28.44 NOTE
r-devel-linux-x86_64-fedora-clang 1.2.2 54.81 NOTE --no-stop-on-test-error
r-devel-linux-x86_64-fedora-gcc 1.2.2 48.93 NOTE --no-stop-on-test-error
r-devel-windows-ix86+x86_64 1.2.2 9.00 124.00 133.00 NOTE
r-patched-linux-x86_64 1.2.2 1.40 27.42 28.82 NOTE
r-patched-solaris-sparc 1.2.2 322.00 NOTE
r-patched-solaris-x86 1.2.2 70.40 NOTE
r-release-linux-x86_64 1.2.2 1.36 27.88 29.24 NOTE
r-release-windows-ix86+x86_64 1.2.2 5.00 71.00 76.00 NOTE
r-release-osx-x86_64 1.2.2 NOTE
r-oldrel-windows-ix86+x86_64 1.2.2 6.00 64.00 70.00 NOTE
r-oldrel-osx-x86_64 1.2.2 NOTE

Check Details

Version: 1.2.2
Check: DESCRIPTION meta-information
Result: NOTE
    Malformed Description field: should contain one or more complete sentences.
Flavors: r-devel-linux-x86_64-debian-clang, r-devel-linux-x86_64-debian-gcc, r-devel-windows-ix86+x86_64, r-patched-linux-x86_64, r-patched-solaris-sparc, r-patched-solaris-x86, r-release-linux-x86_64, r-release-windows-ix86+x86_64, r-release-osx-x86_64, r-oldrel-windows-ix86+x86_64, r-oldrel-osx-x86_64

Version: 1.2.2
Flags: --no-stop-on-test-error
Check: DESCRIPTION meta-information
Result: NOTE
    Malformed Description field: should contain one or more complete sentences.
Flavors: r-devel-linux-x86_64-fedora-clang, r-devel-linux-x86_64-fedora-gcc