CRAN Package Check Results for Package truncSP

Last updated on 2017-10-16 08:48:30.

Flavor Version Tinstall Tcheck Ttotal Status Flags
r-devel-linux-x86_64-debian-clang 1.2.2 1.40 30.72 32.12 NOTE
r-devel-linux-x86_64-debian-gcc 1.2.2 1.72 30.11 31.82 NOTE
r-devel-linux-x86_64-fedora-clang 1.2.2 54.09 NOTE
r-devel-linux-x86_64-fedora-gcc 1.2.2 52.72 NOTE
r-devel-windows-ix86+x86_64 1.2.2 5.00 82.00 87.00 NOTE
r-patched-linux-x86_64 1.2.2 1.51 27.31 28.82 NOTE
r-patched-solaris-x86 1.2.2 71.60 NOTE
r-release-linux-x86_64 1.2.2 1.56 27.00 28.56 NOTE
r-release-windows-ix86+x86_64 1.2.2 4.00 54.00 58.00 NOTE
r-release-osx-x86_64 1.2.2 NOTE
r-oldrel-windows-ix86+x86_64 1.2.2 5.00 58.00 63.00 NOTE
r-oldrel-osx-x86_64 1.2.2 NOTE

Check Details

Version: 1.2.2
Check: DESCRIPTION meta-information
Result: NOTE
    Malformed Description field: should contain one or more complete sentences.
Flavors: r-devel-linux-x86_64-debian-clang, r-devel-linux-x86_64-debian-gcc, r-devel-linux-x86_64-fedora-clang, r-devel-linux-x86_64-fedora-gcc, r-devel-windows-ix86+x86_64, r-patched-linux-x86_64, r-patched-solaris-x86, r-release-linux-x86_64, r-release-windows-ix86+x86_64, r-release-osx-x86_64, r-oldrel-windows-ix86+x86_64, r-oldrel-osx-x86_64