CRAN Package Check Results for Package truncSP

Last updated on 2016-05-31 06:47:44.

Flavor Version Tinstall Tcheck Ttotal Status Flags
r-devel-linux-x86_64-debian-gcc 1.2.2 1.12 23.83 24.96 NOTE
r-devel-linux-x86_64-fedora-clang 1.2.2 45.00 NOTE
r-devel-linux-x86_64-fedora-gcc 1.2.2 42.03 NOTE
r-devel-osx-x86_64-clang 1.2.2 48.24 NOTE
r-devel-windows-ix86+x86_64 1.2.2 4.00 48.00 52.00 NOTE
r-patched-linux-x86_64 1.2.2 1.13 22.88 24.01 NOTE
r-patched-solaris-sparc 1.2.2 298.50 NOTE
r-patched-solaris-x86 1.2.2 63.20 NOTE
r-release-linux-x86_64 1.2.2 1.26 22.94 24.20 NOTE
r-release-osx-x86_64-mavericks 1.2.2 NOTE
r-release-windows-ix86+x86_64 1.2.2 6.00 46.00 52.00 NOTE
r-oldrel-windows-ix86+x86_64 1.2.2 4.00 69.00 73.00 NOTE

Check Details

Version: 1.2.2
Check: DESCRIPTION meta-information
Result: NOTE
    Malformed Description field: should contain one or more complete sentences.
Flavors: r-devel-linux-x86_64-debian-gcc, r-devel-linux-x86_64-fedora-clang, r-devel-linux-x86_64-fedora-gcc, r-devel-osx-x86_64-clang, r-devel-windows-ix86+x86_64, r-patched-linux-x86_64, r-patched-solaris-sparc, r-patched-solaris-x86, r-release-linux-x86_64, r-release-osx-x86_64-mavericks, r-release-windows-ix86+x86_64, r-oldrel-windows-ix86+x86_64