CRAN Package Check Results for Package truncSP

Last updated on 2017-12-14 06:47:27 CET.

Flavor Version Tinstall Tcheck Ttotal Status Flags
r-devel-linux-x86_64-debian-clang 1.2.2 1.66 35.09 36.75 NOTE
r-devel-linux-x86_64-debian-gcc 1.2.2 1.36 31.26 32.62 NOTE
r-devel-linux-x86_64-fedora-clang 1.2.2 45.23 NOTE
r-devel-linux-x86_64-fedora-gcc 1.2.2 45.91 NOTE
r-devel-windows-ix86+x86_64 1.2.2 6.00 52.00 58.00 NOTE
r-patched-linux-x86_64 1.2.2 1.87 40.31 42.18 NOTE
r-patched-solaris-x86 1.2.2 70.40 NOTE
r-release-linux-x86_64 1.2.2 1.63 41.79 43.42 NOTE
r-release-windows-ix86+x86_64 1.2.2 4.00 53.00 57.00 NOTE
r-release-osx-x86_64 1.2.2 NOTE
r-oldrel-windows-ix86+x86_64 1.2.2 3.00 60.00 63.00 NOTE
r-oldrel-osx-x86_64 1.2.2 NOTE

Check Details

Version: 1.2.2
Check: DESCRIPTION meta-information
Result: NOTE
    Malformed Description field: should contain one or more complete sentences.
Flavors: r-devel-linux-x86_64-debian-clang, r-devel-linux-x86_64-debian-gcc, r-devel-linux-x86_64-fedora-clang, r-devel-linux-x86_64-fedora-gcc, r-devel-windows-ix86+x86_64, r-patched-linux-x86_64, r-patched-solaris-x86, r-release-linux-x86_64, r-release-windows-ix86+x86_64, r-release-osx-x86_64, r-oldrel-windows-ix86+x86_64, r-oldrel-osx-x86_64