CRAN Package Check Results for Package truncSP

Last updated on 2018-05-21 08:52:07 CEST.

Flavor Version Tinstall Tcheck Ttotal Status Flags
r-devel-linux-x86_64-debian-clang 1.2.2 2.66 36.13 38.79 NOTE
r-devel-linux-x86_64-debian-gcc 1.2.2 2.40 30.13 32.53 NOTE
r-devel-linux-x86_64-fedora-clang 1.2.2 49.72 NOTE
r-devel-linux-x86_64-fedora-gcc 1.2.2 47.47 NOTE
r-devel-windows-ix86+x86_64 1.2.2 7.00 74.00 81.00 NOTE
r-patched-linux-x86_64 1.2.2 2.82 37.07 39.89 NOTE
r-patched-solaris-x86 1.2.2 83.10 NOTE
r-release-linux-x86_64 1.2.2 3.08 36.42 39.50 NOTE
r-release-windows-ix86+x86_64 1.2.2 9.00 67.00 76.00 NOTE
r-release-osx-x86_64 1.2.2 NOTE
r-oldrel-windows-ix86+x86_64 1.2.2 3.00 69.00 72.00 NOTE
r-oldrel-osx-x86_64 1.2.2 NOTE

Check Details

Version: 1.2.2
Check: DESCRIPTION meta-information
Result: NOTE
    Malformed Description field: should contain one or more complete sentences.
Flavors: r-devel-linux-x86_64-debian-clang, r-devel-linux-x86_64-debian-gcc, r-devel-linux-x86_64-fedora-clang, r-devel-linux-x86_64-fedora-gcc, r-devel-windows-ix86+x86_64, r-patched-linux-x86_64, r-patched-solaris-x86, r-release-linux-x86_64, r-release-windows-ix86+x86_64, r-release-osx-x86_64, r-oldrel-windows-ix86+x86_64, r-oldrel-osx-x86_64