CRAN Package Check Results for Package truncSP

Last updated on 2015-04-26 08:47:29.

Flavor Version Tinstall Tcheck Ttotal Status Flags
r-devel-linux-x86_64-debian-clang 1.2.2 1.16 25.59 26.74 NOTE
r-devel-linux-x86_64-debian-gcc 1.2.2 1.19 24.56 25.76 NOTE
r-devel-linux-x86_64-fedora-clang 1.2.2 51.42 NOTE
r-devel-linux-x86_64-fedora-gcc 1.2.2 47.92 NOTE
r-devel-osx-x86_64-clang 1.2.2 46.91 NOTE
r-devel-windows-ix86+x86_64 1.2.2 3.00 42.00 45.00 NOTE
r-patched-linux-x86_64 1.2.2 1.42 24.95 26.38 NOTE
r-patched-solaris-sparc 1.2.2 303.10 NOTE
r-patched-solaris-x86 1.2.2 66.70 NOTE
r-release-linux-x86_64 1.2.2 1.12 25.00 26.12 NOTE
r-release-osx-x86_64-mavericks 1.2.2 NOTE
r-release-osx-x86_64-snowleopard 1.2.2 ERROR
r-release-windows-ix86+x86_64 1.2.2 4.00 36.00 40.00 NOTE
r-oldrel-windows-ix86+x86_64 1.2.2 6.00 45.00 51.00 OK

Check Details

Version: 1.2.2
Check: DESCRIPTION meta-information
Result: NOTE
    Malformed Description field: should contain one or more complete sentences.
Flavors: r-devel-windows-ix86+x86_64, r-release-windows-ix86+x86_64