CRAN Package Check Results for Package rrcovNA

Last updated on 2014-10-31 06:47:28.

Flavor Version Tinstall Tcheck Ttotal Status Flags
r-devel-linux-x86_64-debian-clang 0.4-4 3.32 29.34 32.66 NOTE
r-devel-linux-x86_64-debian-gcc 0.4-4 3.54 28.22 31.76 NOTE
r-devel-linux-x86_64-fedora-clang 0.4-4 65.06 NOTE
r-devel-linux-x86_64-fedora-gcc 0.4-4 61.96 NOTE
r-devel-osx-x86_64-clang 0.4-4 62.09 NOTE
r-devel-windows-ix86+x86_64 0.4-4 11.00 58.00 69.00 NOTE
r-patched-linux-x86_64 0.4-4 3.32 30.03 33.34 NOTE
r-patched-solaris-sparc 0.4-4 381.10 NOTE
r-patched-solaris-x86 0.4-4 89.90 NOTE
r-release-linux-ix86 0.4-4 4.61 38.67 43.28 NOTE
r-release-linux-x86_64 0.4-4 3.38 29.85 33.22 NOTE
r-release-osx-x86_64-mavericks 0.4-4 NOTE
r-release-osx-x86_64-snowleopard 0.4-4 NOTE
r-release-windows-ix86+x86_64 0.4-4 13.00 62.00 75.00 NOTE
r-oldrel-windows-ix86+x86_64 0.4-4 13.00 65.00 78.00 NOTE

Check Details

Version: 0.4-4
Check: dependencies in R code
Result: NOTE
    Unexported objects imported by ':::' calls:
     ‘robustbase:::MCDcnp2’ ‘robustbase:::MCDcnp2.rew’
     ‘robustbase:::MCDcons’
     See the note in ?`:::` about the use of this operator.
    See the information on DESCRIPTION files in the chapter ‘Creating R
    packages’ of the ‘Writing R Extensions’ manual.
Flavors: r-devel-linux-x86_64-debian-clang, r-devel-linux-x86_64-debian-gcc, r-devel-linux-x86_64-fedora-clang, r-devel-linux-x86_64-fedora-gcc, r-devel-osx-x86_64-clang, r-devel-windows-ix86+x86_64, r-patched-linux-x86_64, r-patched-solaris-sparc, r-patched-solaris-x86, r-release-linux-ix86, r-release-linux-x86_64, r-release-osx-x86_64-mavericks, r-release-osx-x86_64-snowleopard, r-release-windows-ix86+x86_64, r-oldrel-windows-ix86+x86_64

Version: 0.4-4
Check: R code for possible problems
Result: NOTE
    .rrpairsNA : panel.ellipse: no visible global function definition for
     ‘ellipsoidPoints’
    .tolellipseNA: no visible global function definition for
     ‘ellipsoidPoints’
    .xydistplotNA : myPanel: no visible global function definition for
     ‘panel.xyplot’
    .xydistplotNA : myPanel: no visible global function definition for
     ‘panel.abline’
    .xydistplotNA : myPanel: no visible global function definition for
     ‘ltext’
    .xydistplotNA: no visible global function definition for ‘xyplot’
    .xyqqchi2NA : myPanel: no visible global function definition for
     ‘panel.xyplot’
    .xyqqchi2NA : myPanel: no visible global function definition for
     ‘panel.abline’
    .xyqqchi2NA : myPanel: no visible global function definition for
     ‘ltext’
    .xyqqchi2NA: no visible global function definition for ‘xyplot’
Flavors: r-devel-linux-x86_64-debian-clang, r-devel-linux-x86_64-debian-gcc, r-devel-linux-x86_64-fedora-clang, r-devel-linux-x86_64-fedora-gcc, r-devel-osx-x86_64-clang, r-devel-windows-ix86+x86_64, r-patched-linux-x86_64, r-patched-solaris-sparc, r-patched-solaris-x86