CRAN Package Check Results for Package rrcovNA

Last updated on 2017-02-27 07:47:57.

Flavor Version Tinstall Tcheck Ttotal Status Flags
r-devel-linux-x86_64-debian-clang 0.4-9 3.80 36.67 40.47 NOTE
r-devel-linux-x86_64-debian-gcc 0.4-9 3.68 35.50 39.18 NOTE
r-devel-linux-x86_64-fedora-clang 0.4-9 75.29 NOTE --no-stop-on-test-error
r-devel-linux-x86_64-fedora-gcc 0.4-9 64.22 NOTE --no-stop-on-test-error
r-devel-macos-x86_64-clang 0.4-9 54.91 NOTE --no-stop-on-test-error
r-devel-windows-ix86+x86_64 0.4-9 15.00 181.00 196.00 OK
r-patched-linux-x86_64 0.4-9 3.27 27.26 30.52 OK
r-patched-solaris-sparc 0.4-9 343.30 OK
r-patched-solaris-x86 0.4-9 72.30 OK
r-release-linux-x86_64 0.4-9 3.41 28.01 31.42 OK
r-release-osx-x86_64-mavericks 0.4-9 OK
r-release-windows-ix86+x86_64 0.4-9 27.00 127.00 154.00 OK
r-oldrel-windows-ix86+x86_64 0.4-9 17.00 87.00 104.00 OK

Check Details

Version: 0.4-9
Check: compiled code
Result: NOTE
    File ‘rrcovNA/libs/rrcovNA.so’:
     Found no calls to: ‘R_registerRoutines’, ‘R_useDynamicSymbols’
    
    It is good practice to register native routines and to disable symbol
    search.
    
    See ‘Writing portable packages’ in the ‘Writing R Extensions’ manual.
Flavors: r-devel-linux-x86_64-debian-clang, r-devel-linux-x86_64-debian-gcc

Version: 0.4-9
Flags: --no-stop-on-test-error
Check: compiled code
Result: NOTE
    File ‘rrcovNA/libs/rrcovNA.so’:
     Found no calls to: ‘R_registerRoutines’, ‘R_useDynamicSymbols’
    
    It is good practice to register native routines and to disable symbol
    search.
    
    See ‘Writing portable packages’ in the ‘Writing R Extensions’ manual.
Flavors: r-devel-linux-x86_64-fedora-clang, r-devel-linux-x86_64-fedora-gcc, r-devel-macos-x86_64-clang