CRAN Package Check Results for Package rrcovNA

Last updated on 2015-08-04 08:48:03.

Flavor Version Tinstall Tcheck Ttotal Status Flags
r-devel-linux-x86_64-debian-clang 0.4-7 3.29 26.83 30.12 NOTE
r-devel-linux-x86_64-debian-gcc 0.4-7 3.30 26.14 29.44 NOTE
r-devel-linux-x86_64-fedora-clang 0.4-7 57.50 NOTE
r-devel-linux-x86_64-fedora-gcc 0.4-7 54.20 NOTE
r-devel-osx-x86_64-clang 0.4-7 51.46 NOTE
r-devel-windows-ix86+x86_64 0.4-7 15.00 61.00 76.00 NOTE
r-patched-linux-x86_64 0.4-7 3.42 26.93 30.35 NOTE
r-patched-solaris-sparc 0.4-7 366.00 NOTE
r-patched-solaris-x86 0.4-7 79.60 NOTE
r-release-linux-x86_64 0.4-7 3.91 26.51 30.42 NOTE
r-release-osx-x86_64-mavericks 0.4-7 NOTE
r-release-windows-ix86+x86_64 0.4-7 14.00 57.00 71.00 NOTE
r-oldrel-windows-ix86+x86_64 0.4-7 18.00 69.00 87.00 OK

Check Details

Version: 0.4-7
Check: DESCRIPTION meta-information
Result: NOTE
    Malformed Description field: should contain one or more complete sentences.
Flavors: r-devel-linux-x86_64-debian-clang, r-devel-linux-x86_64-debian-gcc, r-devel-linux-x86_64-fedora-clang, r-devel-linux-x86_64-fedora-gcc, r-devel-osx-x86_64-clang, r-devel-windows-ix86+x86_64, r-patched-linux-x86_64, r-patched-solaris-sparc, r-patched-solaris-x86, r-release-linux-x86_64, r-release-osx-x86_64-mavericks, r-release-windows-ix86+x86_64

Version: 0.4-7
Check: S3 generic/method consistency
Result: NOTE
    Found the following apparent S3 methods exported but not registered:
     PcaNA.default PcaNA.formula
    See section ‘Registering S3 methods’ in the ‘Writing R Extensions’
    manual.
Flavors: r-devel-linux-x86_64-debian-clang, r-devel-linux-x86_64-debian-gcc, r-devel-linux-x86_64-fedora-clang, r-devel-linux-x86_64-fedora-gcc, r-devel-osx-x86_64-clang, r-patched-linux-x86_64, r-patched-solaris-sparc, r-patched-solaris-x86, r-release-linux-x86_64

Version: 0.4-7
Check: R code for possible problems
Result: NOTE
    .covNAMcd: no visible global function definition for ‘qchisq’
    .covNAMcd: no visible global function definition for ‘cov2cor’
    .covSD: no visible binding for global variable ‘median’
    .covSD: no visible binding for global variable ‘mad’
    .covSD: no visible global function definition for ‘cov’
    .dflag: no visible global function definition for ‘qchisq’
    .extradir: no visible global function definition for ‘combn’
    .fastmcdNAx: no visible global function definition for ‘qchisq’
    .labelNA: no visible global function definition for ‘par’
    .labelNA: no visible global function definition for ‘text’
    .myddplotNA: no visible global function definition for ‘points’
    .myddplotNA: no visible global function definition for ‘abline’
    .myddplotNA: no visible global function definition for ‘title’
    .mydistplotNA: no visible global function definition for ‘points’
    .mydistplotNA: no visible global function definition for ‘abline’
    .mydistplotNA: no visible global function definition for ‘title’
    .mymad: no visible global function definition for ‘mad’
    .mymedian: no visible global function definition for ‘median’
    .outlSD: no visible binding for global variable ‘median’
    .outlSD: no visible binding for global variable ‘mad’
    .outlSD: no visible global function definition for ‘cov’
    .qqplotNA: no visible global function definition for ‘qchisq’
    .qqplotNA: no visible global function definition for ‘points’
    .qqplotNA: no visible global function definition for ‘par’
    .qqplotNA: no visible global function definition for ‘text’
    .qqplotNA: no visible global function definition for ‘abline’
    .qqplotNA: no visible global function definition for ‘title’
    .rrpairsNA : panel.hist: no visible global function definition for
     ‘par’
    .rrpairsNA : panel.hist: no visible global function definition for
     ‘hist’
    .rrpairsNA : panel.hist: no visible global function definition for
     ‘rect’
    .rrpairsNA : panel.hist.density: no visible global function definition
     for ‘par’
    .rrpairsNA : panel.hist.density: no visible global function definition
     for ‘hist’
    .rrpairsNA : panel.hist.density: no visible global function definition
     for ‘rect’
    .rrpairsNA : panel.hist.density: no visible global function definition
     for ‘density’
    .rrpairsNA : panel.hist.density: no visible global function definition
     for ‘lines’
    .rrpairsNA : panel.cor: no visible global function definition for ‘par’
    .rrpairsNA : panel.cor: no visible global function definition for ‘cor’
    .rrpairsNA : panel.cor: no visible global function definition for
     ‘strwidth’
    .rrpairsNA : panel.cor: no visible global function definition for
     ‘text’
    .rrpairsNA : panel.ellipse: no visible global function definition for
     ‘par’
    .rrpairsNA : panel.ellipse: no visible global function definition for
     ‘qchisq’
    .rrpairsNA : panel.ellipse: no visible global function definition for
     ‘points’
    .rrpairsNA : panel.ellipse: no visible global function definition for
     ‘lines’
    .rrpairsNA: no visible global function definition for ‘pairs’
    .scaleNA: no visible binding for global variable ‘sd’
    .tolellipseNA: no visible global function definition for ‘qchisq’
    .tolellipseNA: no visible global function definition for ‘new’
    .tolellipseNA: no visible global function definition for ‘par’
    .tolellipseNA: no visible global function definition for ‘box’
    .tolellipseNA: no visible global function definition for ‘text’
    .tolellipseNA: no visible global function definition for ‘points’
    .tolellipseNA: no visible global function definition for ‘title’
    .tolellipseNA: no visible global function definition for ‘legend’
    .xydistplotNA: no visible global function definition for ‘qchisq’
    .xyqqchi2NA: no visible global function definition for ‘qchisq’
    CovNAClassic: no visible global function definition for ‘new’
    CovNAMcd: no visible global function definition for ‘new’
    CovNAOgk: no visible global function definition for ‘new’
    CovNASde: no visible global function definition for ‘new’
    CovNASest: no visible global function definition for ‘new’
    PcaNA.default: no visible global function definition for ‘new’
    PcaNA.formula: no visible global function definition for ‘terms’
    PcaNA.formula: no visible global function definition for ‘model.matrix’
    impSeq: no visible global function definition for ‘cov’
    getDistance,CovNA: no visible global function definition for ‘is’
    getFlag,CovNA: no visible global function definition for ‘is’
    plot,CovNAClassic-missing: no visible global function definition for
     ‘dev.interactive’
    plot,CovNAClassic-missing: no visible global function definition for
     ‘qchisq’
    plot,CovNAClassic-missing: no visible global function definition for
     ‘par’
    plot,CovNARobust-missing: no visible global function definition for
     ‘dev.interactive’
    plot,CovNARobust-missing: no visible global function definition for
     ‘qchisq’
    plot,CovNARobust-missing: no visible global function definition for
     ‘par’
    summary,CovNA: no visible global function definition for ‘new’
    summary,CovNARobust: no visible global function definition for ‘new’
    Undefined global functions or variables:
     abline box combn cor cov cov2cor density dev.interactive hist is
     legend lines mad median model.matrix new pairs par points qchisq rect
     sd strwidth terms text title
    Consider adding
     importFrom("grDevices", "dev.interactive")
     importFrom("graphics", "abline", "box", "hist", "legend", "lines",
     "pairs", "par", "points", "rect", "strwidth", "text",
     "title")
     importFrom("methods", "is", "new")
     importFrom("stats", "cor", "cov", "cov2cor", "density", "mad",
     "median", "model.matrix", "qchisq", "sd", "terms")
     importFrom("utils", "combn")
    to your NAMESPACE.
Flavors: r-devel-linux-x86_64-debian-clang, r-devel-linux-x86_64-debian-gcc, r-devel-linux-x86_64-fedora-clang, r-devel-linux-x86_64-fedora-gcc, r-devel-windows-ix86+x86_64