CRAN Package Check Results for Package rrcovNA

Last updated on 2017-04-30 05:48:45.

Flavor Version Tinstall Tcheck Ttotal Status Flags
r-devel-linux-x86_64-debian-clang 0.4-9 3.56 35.59 39.15 NOTE
r-devel-linux-x86_64-debian-gcc 0.4-9 3.54 35.64 39.18 NOTE
r-devel-linux-x86_64-fedora-clang 0.4-9 69.37 NOTE --no-stop-on-test-error
r-devel-linux-x86_64-fedora-gcc 0.4-9 63.90 NOTE --no-stop-on-test-error
r-devel-windows-ix86+x86_64 0.4-9 29.00 119.00 148.00 OK
r-patched-linux-x86_64 0.4-9 3.61 35.46 39.07 NOTE
r-patched-solaris-sparc 0.4-9 393.30 OK
r-patched-solaris-x86 0.4-9 83.90 OK
r-release-linux-x86_64 0.4-9 3.48 34.96 38.43 NOTE
r-release-windows-ix86+x86_64 0.4-9 15.00 120.00 135.00 OK
r-release-osx-x86_64 0.4-9 OK
r-oldrel-windows-ix86+x86_64 0.4-9 26.00 90.00 116.00 OK
r-oldrel-osx-x86_64 0.4-9 OK

Check Details

Version: 0.4-9
Check: compiled code
Result: NOTE
    File ‘rrcovNA/libs/rrcovNA.so’:
     Found no calls to: ‘R_registerRoutines’, ‘R_useDynamicSymbols’
    
    It is good practice to register native routines and to disable symbol
    search.
    
    See ‘Writing portable packages’ in the ‘Writing R Extensions’ manual.
Flavors: r-devel-linux-x86_64-debian-clang, r-devel-linux-x86_64-debian-gcc, r-patched-linux-x86_64, r-release-linux-x86_64

Version: 0.4-9
Flags: --no-stop-on-test-error
Check: compiled code
Result: NOTE
    File ‘rrcovNA/libs/rrcovNA.so’:
     Found no calls to: ‘R_registerRoutines’, ‘R_useDynamicSymbols’
    
    It is good practice to register native routines and to disable symbol
    search.
    
    See ‘Writing portable packages’ in the ‘Writing R Extensions’ manual.
Flavors: r-devel-linux-x86_64-fedora-clang, r-devel-linux-x86_64-fedora-gcc