CRAN Package Check Results for Package rrcovNA

Last updated on 2017-06-26 08:48:09.

Flavor Version Tinstall Tcheck Ttotal Status Flags
r-devel-linux-x86_64-debian-clang 0.4-9 3.54 36.57 40.11 NOTE
r-devel-linux-x86_64-debian-gcc 0.4-9 3.78 35.81 39.59 NOTE
r-devel-linux-x86_64-fedora-clang 0.4-9 68.59 NOTE
r-devel-linux-x86_64-fedora-gcc 0.4-9 72.33 NOTE
r-devel-windows-ix86+x86_64 0.4-9 21.00 86.00 107.00 OK
r-patched-linux-x86_64 0.4-9 3.53 35.33 38.86 NOTE
r-patched-solaris-sparc 0.4-9 393.30 OK
r-patched-solaris-x86 0.4-9 84.40 OK
r-release-linux-x86_64 0.4-9 3.66 35.78 39.44 NOTE
r-release-windows-ix86+x86_64 0.4-9 20.00 118.00 138.00 ERROR
r-release-osx-x86_64 0.4-9 OK
r-oldrel-windows-ix86+x86_64 0.4-9 12.00 87.00 99.00 OK
r-oldrel-osx-x86_64 0.4-9 OK

Check Details

Version: 0.4-9
Check: compiled code
Result: NOTE
    File ‘rrcovNA/libs/rrcovNA.so’:
     Found no calls to: ‘R_registerRoutines’, ‘R_useDynamicSymbols’
    
    It is good practice to register native routines and to disable symbol
    search.
    
    See ‘Writing portable packages’ in the ‘Writing R Extensions’ manual.
Flavors: r-devel-linux-x86_64-debian-clang, r-devel-linux-x86_64-debian-gcc, r-devel-linux-x86_64-fedora-clang, r-devel-linux-x86_64-fedora-gcc, r-patched-linux-x86_64, r-release-linux-x86_64

Version: 0.4-9
Check: running tests for arch ‘x64’
Result: ERROR
     Running 'tseqimp.R' [3s]
    Running the tests in 'tests/tseqimp.R' failed.
    Last 13 lines of output:
     > as.vector(which(mcds@wt==0))
     [1] 5 16 23 24
     > as.vector(which(mcd@wt==0))
     [1] 5 16 23 24
     > as.vector(which(mcdna@wt==0))
     integer(0)
     > ##cbind(mcdc@wt, mcdna@wt, mcd@wt)
     >
     > data(wood); x <- y <- data.matrix(subset(wood, select = -y)); x[1,2] <- NA; x[10,3] <- NA; x[13,4] <- NA
     Error in gzfile(file, "rb") : cannot open the connection
     Calls: data -> readRDS -> gzfile
     In addition: Warning message:
     In gzfile(file, "rb") :
     cannot open compressed file 'D:\temp\RtmpGWSnOS\RLIBS_6b883dc44fbe\robustbase/data/Rdata.rds', probable reason 'Permission denied'
     Execution halted
Flavor: r-release-windows-ix86+x86_64