CRAN Package Check Results for Package rrcovNA

Last updated on 2017-12-14 06:47:19 CET.

Flavor Version Tinstall Tcheck Ttotal Status Flags
r-devel-linux-x86_64-debian-clang 0.4-9 4.43 28.12 32.55 FAIL
r-devel-linux-x86_64-debian-gcc 0.4-9 3.34 26.11 29.45 FAIL
r-devel-linux-x86_64-fedora-clang 0.4-9 62.73 NOTE
r-devel-linux-x86_64-fedora-gcc 0.4-9 63.52 NOTE
r-devel-windows-ix86+x86_64 0.4-9 22.00 116.00 138.00 OK
r-patched-linux-x86_64 0.4-9 4.31 59.39 63.70 NOTE
r-patched-solaris-x86 0.4-9 94.30 OK
r-release-linux-x86_64 0.4-9 4.67 58.25 62.92 NOTE
r-release-windows-ix86+x86_64 0.4-9 11.00 91.00 102.00 OK
r-release-osx-x86_64 0.4-9 OK
r-oldrel-windows-ix86+x86_64 0.4-9 17.00 98.00 115.00 OK
r-oldrel-osx-x86_64 0.4-9 OK

Check Details

Version: 0.4-9
Check: pragmas in C/C++ headers and code
Result: FAIL
    
Flavors: r-devel-linux-x86_64-debian-clang, r-devel-linux-x86_64-debian-gcc

Version: 0.4-9
Check: compiled code
Result: NOTE
    File ‘rrcovNA/libs/rrcovNA.so’:
     Found no calls to: ‘R_registerRoutines’, ‘R_useDynamicSymbols’
    
    It is good practice to register native routines and to disable symbol
    search.
    
    See ‘Writing portable packages’ in the ‘Writing R Extensions’ manual.
Flavors: r-devel-linux-x86_64-fedora-clang, r-devel-linux-x86_64-fedora-gcc, r-patched-linux-x86_64, r-release-linux-x86_64