CRAN Package Check Results for Package rrcovNA

Last updated on 2018-05-21 08:51:58 CEST.

Flavor Version Tinstall Tcheck Ttotal Status Flags
r-devel-linux-x86_64-debian-clang 0.4-9 8.40 43.70 52.10 NOTE
r-devel-linux-x86_64-debian-gcc 0.4-9 6.80 38.09 44.89 NOTE
r-devel-linux-x86_64-fedora-clang 0.4-9 68.84 NOTE
r-devel-linux-x86_64-fedora-gcc 0.4-9 66.46 NOTE
r-devel-windows-ix86+x86_64 0.4-9 25.00 111.00 136.00 OK
r-patched-linux-x86_64 0.4-9 7.98 46.85 54.83 NOTE
r-patched-solaris-x86 0.4-9 94.30 OK
r-release-linux-x86_64 0.4-9 7.79 45.74 53.53 NOTE
r-release-windows-ix86+x86_64 0.4-9 25.00 110.00 135.00 OK
r-release-osx-x86_64 0.4-9 OK
r-oldrel-windows-ix86+x86_64 0.4-9 14.00 88.00 102.00 OK
r-oldrel-osx-x86_64 0.4-9 OK

Check Details

Version: 0.4-9
Check: compiled code
Result: NOTE
    File ‘rrcovNA/libs/rrcovNA.so’:
     Found no calls to: ‘R_registerRoutines’, ‘R_useDynamicSymbols’
    
    It is good practice to register native routines and to disable symbol
    search.
    
    See ‘Writing portable packages’ in the ‘Writing R Extensions’ manual.
Flavors: r-devel-linux-x86_64-debian-clang, r-devel-linux-x86_64-debian-gcc, r-devel-linux-x86_64-fedora-clang, r-devel-linux-x86_64-fedora-gcc, r-patched-linux-x86_64, r-release-linux-x86_64