CRAN Package Check Results for Package reshape

Last updated on 2015-03-28 06:47:07.

Flavor Version Tinstall Tcheck Ttotal Status Flags
r-devel-linux-x86_64-debian-clang 0.8.5 1.25 16.64 17.89 NOTE
r-devel-linux-x86_64-debian-gcc 0.8.5 1.16 16.39 17.55 NOTE
r-devel-linux-x86_64-fedora-clang 0.8.5 36.71 NOTE
r-devel-linux-x86_64-fedora-gcc 0.8.5 34.12 NOTE
r-devel-osx-x86_64-clang 0.8.5 39.86 NOTE
r-prerel-windows-ix86+x86_64 0.8.5 5.00 28.00 33.00 NOTE
r-prerel-linux-x86_64 0.8.5 1.14 16.42 17.55 NOTE
r-prerel-solaris-sparc 0.8.5 218.20 NOTE
r-prerel-solaris-x86 0.8.5 48.30 NOTE
r-release-linux-x86_64 0.8.5 1.96 19.08 21.04 OK
r-release-osx-x86_64-mavericks 0.8.5 OK
r-release-osx-x86_64-snowleopard 0.8.5 OK
r-release-windows-ix86+x86_64 0.8.5 6.00 34.00 40.00 OK
r-oldrel-windows-ix86+x86_64 0.8.5 6.00 43.00 49.00 OK

Check Details

Version: 0.8.5
Check: DESCRIPTION meta-information
Result: NOTE
    Malformed Title field: should not end in a period.
Flavors: r-devel-linux-x86_64-debian-clang, r-devel-linux-x86_64-debian-gcc, r-devel-linux-x86_64-fedora-clang, r-devel-linux-x86_64-fedora-gcc, r-devel-osx-x86_64-clang, r-prerel-windows-ix86+x86_64, r-prerel-linux-x86_64, r-prerel-solaris-sparc, r-prerel-solaris-x86

Version: 0.8.5
Check: S3 generic/method consistency
Result: NOTE
    Found the following apparent S3 methods exported but not registered:
     all.vars.character as.data.frame.cast_df as.data.frame.cast_matrix
     as.matrix.cast_df as.matrix.cast_matrix colsplit.character
     colsplit.factor melt.array melt.cast_df melt.cast_matrix
     melt.data.frame melt.default melt.list melt.matrix melt.table
     print.cast_df print.cast_matrix rescaler.data.frame rescaler.default
     rescaler.matrix str.cast_df str.cast_matrix
    See section ‘Registering S3 methods’ in the ‘Writing R Extensions’
    manual.
Flavors: r-devel-linux-x86_64-debian-clang, r-devel-linux-x86_64-debian-gcc, r-devel-linux-x86_64-fedora-clang, r-devel-linux-x86_64-fedora-gcc, r-devel-osx-x86_64-clang, r-prerel-linux-x86_64