CRAN Package Check Results for Package reshape

Last updated on 2014-04-20 08:49:08.

Flavor Version Tinstall Tcheck Ttotal Status Flags
r-devel-linux-x86_64-debian-clang 0.8.4 1.84 18.97 20.81 NOTE
r-devel-linux-x86_64-debian-gcc 0.8.4 1.48 19.45 20.93 NOTE
r-devel-linux-x86_64-fedora-clang 0.8.4 40.60 NOTE
r-devel-linux-x86_64-fedora-gcc 0.8.4 38.69 NOTE
r-devel-macosx-x86_64-clang 0.8.4 39.00 NOTE
r-devel-macosx-x86_64-gcc 0.8.4 NOTE
r-devel-windows-ix86+x86_64 0.8.4 5.00 31.00 36.00 NOTE
r-patched-linux-x86_64 0.8.4 1.50 19.60 21.10 NOTE
r-patched-solaris-sparc 0.8.4 228.80 NOTE
r-patched-solaris-x86 0.8.4 54.30 NOTE
r-release-linux-ix86 NOTE
r-release-linux-x86_64 0.8.4 1.55 19.43 20.98 NOTE
r-release-windows-ix86+x86_64 0.8.4 5.00 30.00 35.00 NOTE
r-oldrel-windows-ix86+x86_64 0.8.4 4.00 30.00 34.00 NOTE

Check Details

Version: 0.8.4
Check: DESCRIPTION meta-information
Result: NOTE
    License components which are templates and need '+ file LICENSE':
     MIT
Flavors: r-devel-linux-x86_64-debian-clang, r-devel-linux-x86_64-debian-gcc, r-devel-linux-x86_64-fedora-clang, r-devel-linux-x86_64-fedora-gcc, r-devel-macosx-x86_64-clang, r-devel-macosx-x86_64-gcc, r-patched-linux-x86_64, r-patched-solaris-sparc, r-patched-solaris-x86, r-release-linux-ix86, r-release-linux-x86_64

Version: 0.8.4
Check: dependencies in R code
Result: NOTE
    Package in Depends field not imported from: ‘plyr’
     These packages need to be imported from (in the NAMESPACE file)
     for when this namespace is loaded but not attached.
    See the information on DESCRIPTION files in the chapter ‘Creating R
    packages’ of the ‘Writing R Extensions’ manual.
Flavors: r-devel-linux-x86_64-debian-clang, r-devel-linux-x86_64-debian-gcc, r-devel-linux-x86_64-fedora-clang, r-devel-linux-x86_64-fedora-gcc, r-devel-macosx-x86_64-clang, r-devel-macosx-x86_64-gcc, r-devel-windows-ix86+x86_64, r-patched-linux-x86_64, r-patched-solaris-sparc, r-patched-solaris-x86, r-release-linux-ix86, r-release-linux-x86_64, r-release-windows-ix86+x86_64, r-oldrel-windows-ix86+x86_64

Version: 0.8.4
Check: R code for possible problems
Result: NOTE
    melt.cast_df: warning in melt.data.frame(as.data.frame(data), id =
     attr(data, "idvars")): partial argument match of 'id' to 'id.vars'
Flavors: r-devel-linux-x86_64-debian-clang, r-devel-linux-x86_64-debian-gcc, r-devel-linux-x86_64-fedora-clang, r-devel-linux-x86_64-fedora-gcc, r-devel-macosx-x86_64-clang, r-devel-macosx-x86_64-gcc, r-devel-windows-ix86+x86_64, r-patched-linux-x86_64, r-patched-solaris-sparc, r-patched-solaris-x86, r-release-linux-ix86, r-release-linux-x86_64, r-release-windows-ix86+x86_64, r-oldrel-windows-ix86+x86_64

Version: 0.8.4
Check: Rd \usage sections
Result: NOTE
    S3 methods shown with full name in documentation object 'all.vars.character':
     ‘all.vars.character’
    
    S3 methods shown with full name in documentation object 'as.data.frame.cast_df':
     ‘as.data.frame.cast_df’
    
    S3 methods shown with full name in documentation object 'as.data.frame.cast_matrix':
     ‘as.data.frame.cast_matrix’
    
    S3 methods shown with full name in documentation object 'as.matrix.cast_df':
     ‘as.matrix.cast_df’
    
    S3 methods shown with full name in documentation object 'as.matrix.cast_matrix':
     ‘as.matrix.cast_matrix’
    
    S3 methods shown with full name in documentation object 'melt.array':
     ‘melt.array’
    
    S3 methods shown with full name in documentation object 'melt.cast_df':
     ‘melt.cast_df’
    
    S3 methods shown with full name in documentation object 'melt.cast_matrix':
     ‘melt.cast_matrix’
    
    S3 methods shown with full name in documentation object 'melt.data.frame':
     ‘melt.data.frame’
    
    S3 methods shown with full name in documentation object 'melt.default':
     ‘melt.default’
    
    S3 methods shown with full name in documentation object 'melt.list':
     ‘melt.list’
    
    S3 methods shown with full name in documentation object 'rescaler.data.frame':
     ‘rescaler.data.frame’
    
    S3 methods shown with full name in documentation object 'rescaler.default':
     ‘rescaler.default’
    
    S3 methods shown with full name in documentation object 'rescaler.matrix':
     ‘rescaler.matrix’
    
    S3 methods shown with full name in documentation object 'str.cast_matrix':
     ‘str.cast_matrix’
    
    The \usage entries for S3 methods should use the \method markup and not
    their full name.
    See the chapter ‘Writing R documentation files’ in the ‘Writing R
    Extensions’ manual.
Flavors: r-devel-linux-x86_64-debian-clang, r-devel-linux-x86_64-debian-gcc, r-devel-linux-x86_64-fedora-clang, r-devel-linux-x86_64-fedora-gcc, r-devel-macosx-x86_64-clang, r-devel-macosx-x86_64-gcc, r-devel-windows-ix86+x86_64, r-patched-linux-x86_64, r-patched-solaris-sparc, r-patched-solaris-x86, r-release-linux-ix86, r-release-linux-x86_64, r-release-windows-ix86+x86_64, r-oldrel-windows-ix86+x86_64

Version: 0.8.4
Check: top-level files
Result: NOTE
    Non-standard file/directory found at top level:
     ‘load.r’
Flavors: r-devel-linux-x86_64-fedora-clang, r-devel-linux-x86_64-fedora-gcc

Version: 0.8.4
Check: Rd line widths
Result: NOTE
    Rd file 'cast-9g.rd':
     \usage lines wider than 90 characters:
     cast(data, formula = ... ~ variable, fun.aggregate=NULL, ..., margins=FALSE, subset=TRUE, df=FALSE, fill=NULL, add.missing=FALSE, value ... [TRUNCATED]
    
    Rd file 'melt-data-frame-da.rd':
     \usage lines wider than 90 characters:
     melt.data.frame(data, id.vars, measure.vars, variable_name = "variable", na.rm = !preserve.na, preserve.na = TRUE, ...)
    
    Rd file 'reshape-4u.rd':
     \usage lines wider than 90 characters:
     reshape1(data, vars = list(NULL, NULL), fun.aggregate=NULL, margins, df=FALSE, fill=NA, add.missing=FALSE, ...)
    
    Rd file 'stamp-fw.rd':
     \usage lines wider than 90 characters:
     stamp(data, formula = . ~ ., fun.aggregate, ..., margins=NULL, subset=TRUE, add.missing=FALSE)
    
    These lines will be truncated in the PDF manual.
Flavors: r-devel-linux-x86_64-fedora-clang, r-devel-linux-x86_64-fedora-gcc