CRAN Package Check Results for Package reshape

Last updated on 2015-02-28 07:50:12.

Flavor Version Tinstall Tcheck Ttotal Status Flags
r-devel-linux-x86_64-debian-clang 0.8.5 1.30 16.96 18.27 NOTE
r-devel-linux-x86_64-debian-gcc 0.8.5 1.14 16.28 17.43 NOTE
r-devel-linux-x86_64-fedora-clang 0.8.5 36.18 NOTE
r-devel-linux-x86_64-fedora-gcc 0.8.5 32.89 NOTE
r-devel-osx-x86_64-clang 0.8.5 37.03 NOTE
r-devel-windows-ix86+x86_64 0.8.5 7.00 28.00 35.00 NOTE
r-patched-linux-x86_64 0.8.5 1.35 19.56 20.91 OK
r-patched-solaris-sparc 0.8.5 233.10 OK
r-patched-solaris-x86 0.8.5 57.20 OK
r-release-linux-ix86 0.8.5 1.72 26.71 28.43 OK
r-release-linux-x86_64 0.8.5 1.48 19.51 20.99 OK
r-release-osx-x86_64-mavericks 0.8.5 OK
r-release-osx-x86_64-snowleopard 0.8.5 OK
r-release-windows-ix86+x86_64 0.8.5 5.00 35.00 40.00 OK
r-oldrel-windows-ix86+x86_64 0.8.5 5.00 54.00 59.00 OK

Check Details

Version: 0.8.5
Check: DESCRIPTION meta-information
Result: NOTE
    Malformed Title field: should not end in a period.
Flavors: r-devel-linux-x86_64-debian-clang, r-devel-linux-x86_64-debian-gcc, r-devel-linux-x86_64-fedora-clang, r-devel-linux-x86_64-fedora-gcc, r-devel-osx-x86_64-clang, r-devel-windows-ix86+x86_64

Version: 0.8.5
Check: S3 generic/method consistency
Result: NOTE
    Found the following apparent S3 methods exported but not registered:
     all.vars.character as.data.frame.cast_df as.data.frame.cast_matrix
     as.matrix.cast_df as.matrix.cast_matrix colsplit.character
     colsplit.factor melt.array melt.cast_df melt.cast_matrix
     melt.data.frame melt.default melt.list melt.matrix melt.table
     print.cast_df print.cast_matrix rescaler.data.frame rescaler.default
     rescaler.matrix str.cast_df str.cast_matrix
    See section ‘Registering S3 methods’ in the ‘Writing R Extensions’
    manual.
Flavors: r-devel-linux-x86_64-debian-clang, r-devel-linux-x86_64-debian-gcc, r-devel-linux-x86_64-fedora-clang, r-devel-linux-x86_64-fedora-gcc, r-devel-osx-x86_64-clang