CRAN Package Check Results for Package randtoolbox

Last updated on 2018-05-27 08:47:53 CEST.

Flavor Version Tinstall Tcheck Ttotal Status Flags
r-devel-linux-x86_64-debian-clang 1.17.1 10.73 54.00 64.73 OK
r-devel-linux-x86_64-debian-gcc 1.17.1 8.29 40.75 49.04 OK
r-devel-linux-x86_64-fedora-clang 1.17.1 78.92 OK
r-devel-linux-x86_64-fedora-gcc 1.17.1 76.32 OK
r-devel-windows-ix86+x86_64 1.17.1 36.00 104.00 140.00 WARN
r-patched-linux-x86_64 1.17.1 9.60 50.63 60.23 OK
r-patched-solaris-x86 1.17.1 110.30 OK
r-release-linux-x86_64 1.17.1 9.79 50.99 60.78 OK
r-release-windows-ix86+x86_64 1.17.1 35.00 96.00 131.00 WARN
r-release-osx-x86_64 1.17.1 OK
r-oldrel-windows-ix86+x86_64 1.17.1 26.00 91.00 117.00 OK
r-oldrel-osx-x86_64 1.17.1 OK

Check Details

Version: 1.17.1
Check: whether package can be installed
Result: WARN
    Found the following significant warnings:
     congruRand.c:180:3: warning: ISO C does not support the 'I64' ms_scanf length modifier [-Wformat=]
     congruRand.c:187:2: warning: ISO C does not support the 'I64' ms_scanf length modifier [-Wformat=]
     congruRand.c:188:2: warning: ISO C does not support the 'I64' ms_scanf length modifier [-Wformat=]
     congruRand.c:189:2: warning: ISO C does not support the 'I64' ms_scanf length modifier [-Wformat=]
Flavors: r-devel-windows-ix86+x86_64, r-release-windows-ix86+x86_64