CRAN Package Check Results for Package randtoolbox

Last updated on 2017-06-25 08:47:48.

Flavor Version Tinstall Tcheck Ttotal Status Flags
r-devel-linux-x86_64-debian-clang 1.17 4.36 36.89 41.25 NOTE
r-devel-linux-x86_64-debian-gcc 1.17 4.49 35.92 40.41 NOTE
r-devel-linux-x86_64-fedora-clang 1.17 75.70 NOTE
r-devel-linux-x86_64-fedora-gcc 1.17 71.73 NOTE
r-devel-windows-ix86+x86_64 1.17 26.00 155.00 181.00 WARN
r-patched-linux-x86_64 1.17 4.50 35.88 40.38 NOTE
r-patched-solaris-sparc 1.17 442.40 OK
r-patched-solaris-x86 1.17 95.00 OK
r-release-linux-x86_64 1.17 4.34 35.91 40.25 NOTE
r-release-windows-ix86+x86_64 1.17 37.00 99.00 136.00 OK
r-release-osx-x86_64 1.17 NOTE
r-oldrel-windows-ix86+x86_64 1.17 42.00 93.00 135.00 OK
r-oldrel-osx-x86_64 1.17 OK

Check Details

Version: 1.17
Check: compiled code
Result: NOTE
    File ‘randtoolbox/libs/randtoolbox.so’:
     Found no call to: ‘R_useDynamicSymbols’
    
    It is good practice to register native routines and to disable symbol
    search.
    
    See ‘Writing portable packages’ in the ‘Writing R Extensions’ manual.
Flavors: r-devel-linux-x86_64-debian-clang, r-devel-linux-x86_64-debian-gcc, r-devel-linux-x86_64-fedora-clang, r-devel-linux-x86_64-fedora-gcc, r-patched-linux-x86_64, r-release-linux-x86_64

Version: 1.17
Check: whether package can be installed
Result: WARN
    Found the following significant warnings:
     congruRand.c:180:3: warning: ISO C does not support the 'I64' ms_scanf length modifier [-Wformat=]
     congruRand.c:187:2: warning: ISO C does not support the 'I64' ms_scanf length modifier [-Wformat=]
     congruRand.c:188:2: warning: ISO C does not support the 'I64' ms_scanf length modifier [-Wformat=]
     congruRand.c:189:2: warning: ISO C does not support the 'I64' ms_scanf length modifier [-Wformat=]
Flavor: r-devel-windows-ix86+x86_64

Version: 1.17
Check: re-building of vignette outputs
Result: NOTE
    Error in re-building vignettes:
     ...
    Loading required package: rngWELL
    This is randtoolbox. For overview, type 'help("randtoolbox")'.
    Warning in coll.test(runif, 2^7, 2^10, 1, echo = FALSE) :
     p-values will be approximate in the presence of low expected collision number.
    Warning in coll.test(congruRand, 2^8, 2^14, 1, echo = FALSE) :
     p-values will be approximate in the presence of low expected collision number.
    Error in texi2dvi(file = file, pdf = TRUE, clean = clean, quiet = quiet, :
     Running 'texi2dvi' on 'fullpres.tex' failed.
    LaTeX errors:
    ! LaTeX Error: File `footmisc.sty' not found.
    
    Type X to quit or <RETURN> to proceed,
    or enter new name. (Default extension: sty)
    
    ! Emergency stop.
    <read *>
    
    l.80 \usepackage
     {perpage}^^M
    ! ==> Fatal error occurred, no output PDF file produced!
    Calls: buildVignettes -> texi2pdf -> texi2dvi
    Execution halted
Flavor: r-release-osx-x86_64