CRAN Package Check Results for Package randtoolbox

Last updated on 2014-04-24 08:50:06.

Flavor Version Tinstall Tcheck Ttotal Status Flags
r-devel-linux-x86_64-debian-clang 1.14 3.68 46.46 50.14 OK
r-devel-linux-x86_64-debian-gcc 1.14 4.18 44.36 48.54 OK
r-devel-linux-x86_64-fedora-clang 1.14 86.47 NOTE
r-devel-linux-x86_64-fedora-gcc 1.14 82.13 NOTE
r-devel-osx-x86_64-clang 1.14 83.14 OK
r-devel-osx-x86_64-gcc 1.14 OK
r-devel-windows-ix86+x86_64 1.14 20.00 88.00 108.00 OK
r-patched-linux-x86_64 1.14 4.10 48.59 52.69 OK
r-patched-solaris-sparc 1.14 476.40 OK
r-patched-solaris-x86 1.14 110.80 OK
r-release-linux-ix86 1.14 9.00 76.00 85.00 OK
r-release-linux-x86_64 1.14 4.13 44.98 49.11 OK
r-release-osx-x86_64-mavericks 1.14 WARN
r-release-windows-ix86+x86_64 1.14 31.00 115.00 146.00 OK
r-oldrel-windows-ix86+x86_64 1.14 18.00 116.00 134.00 OK

Check Details

Version: 1.14
Check: top-level files
Result: NOTE
    Non-standard file/directory found at top level:
     ‘ax_ext.m4’
Flavors: r-devel-linux-x86_64-fedora-clang, r-devel-linux-x86_64-fedora-gcc

Version: 1.14
Check: re-building of vignette outputs
Result: NOTE
    Error in re-building vignettes:
     ...
    Loading required package: rngWELL
    This is randtoolbox. For overview, type 'help("randtoolbox")'.
    Warning in coll.test(runif, 2^7, 2^10, 1, echo = FALSE) :
     p-values will be approximate in the presence of low expected collision number.
    Warning in coll.test(congruRand, 2^8, 2^14, 1, echo = FALSE) :
     p-values will be approximate in the presence of low expected collision number.
    Error in texi2dvi(file = file, pdf = TRUE, clean = clean, quiet = quiet, :
     Running 'texi2dvi' on 'fullpres.tex' failed.
    LaTeX errors:
    ! LaTeX Error: File `a4wide.sty' not found.
    
    Type X to quit or <RETURN> to proceed,
    or enter new name. (Default extension: sty)
    
    vign_test/randtoolbox/vignettes/fullpres.tex:62: ==> Fatal error occurred, no
    output PDF file produced!
    Calls: buildVignettes -> texi2pdf -> texi2dvi
    Execution halted
Flavor: r-release-osx-x86_64-mavericks

Version: 1.14
Check: PDF version of manual
Result: WARNING
    LaTeX errors when creating PDF version.
    This typically indicates Rd problems.
    LaTeX errors found:
    ! LaTeX Error: File `upquote.sty' not found.
    
    Type X to quit or <RETURN> to proceed,
    or enter new name. (Default extension: sty)
    
    3321f33c/Rd2.tex:8: ==> Fatal error occurred, no output PDF file produced!
Flavor: r-release-osx-x86_64-mavericks