CRAN Package Check Results for Package randtoolbox

Last updated on 2015-03-01 03:48:44.

Flavor Version Tinstall Tcheck Ttotal Status Flags
r-devel-linux-x86_64-debian-clang 1.16 3.61 32.70 36.31 NOTE
r-devel-linux-x86_64-debian-gcc 1.16 3.81 31.37 35.18 NOTE
r-devel-linux-x86_64-fedora-clang 1.16 71.32 NOTE
r-devel-linux-x86_64-fedora-gcc 1.16 65.99 NOTE
r-devel-osx-x86_64-clang 1.16 79.16 NOTE
r-devel-windows-ix86+x86_64 1.16 19.00 68.00 87.00 NOTE
r-patched-linux-x86_64 1.16 4.08 33.71 37.79 OK
r-patched-solaris-sparc 1.16 439.40 OK
r-patched-solaris-x86 1.16 102.80 OK
r-release-linux-ix86 1.16 6.54 54.26 60.79 OK
r-release-linux-x86_64 1.16 4.03 34.42 38.44 OK
r-release-osx-x86_64-mavericks 1.16 OK
r-release-osx-x86_64-snowleopard 1.16 OK
r-release-windows-ix86+x86_64 1.16 18.00 64.00 82.00 OK
r-oldrel-windows-ix86+x86_64 1.16 19.00 67.00 86.00 OK

Check Details

Version: 1.16
Check: DESCRIPTION meta-information
Result: NOTE
    Malformed Title field: should not end in a period.
Flavors: r-devel-linux-x86_64-debian-clang, r-devel-linux-x86_64-debian-gcc, r-devel-linux-x86_64-fedora-clang, r-devel-linux-x86_64-fedora-gcc, r-devel-osx-x86_64-clang, r-devel-windows-ix86+x86_64