CRAN Package Check Results for Package nlts

Last updated on 2015-08-04 08:47:55.

Flavor Version Tinstall Tcheck Ttotal Status Flags
r-devel-linux-x86_64-debian-clang 0.2-0 1.00 11.77 12.77 NOTE
r-devel-linux-x86_64-debian-gcc 0.2-0 0.79 11.83 12.62 NOTE
r-devel-linux-x86_64-fedora-clang 0.2-0 24.29 NOTE
r-devel-linux-x86_64-fedora-gcc 0.2-0 22.93 NOTE
r-devel-osx-x86_64-clang 0.2-0 24.28 NOTE
r-devel-windows-ix86+x86_64 0.2-0 3.00 31.00 34.00 NOTE
r-patched-linux-x86_64 0.2-0 0.76 12.16 12.93 NOTE
r-patched-solaris-sparc 0.2-0 157.00 NOTE
r-patched-solaris-x86 0.2-0 37.60 NOTE
r-release-linux-x86_64 0.2-0 0.78 12.07 12.85 NOTE
r-release-osx-x86_64-mavericks 0.2-0 NOTE
r-release-windows-ix86+x86_64 0.2-0 4.00 25.00 29.00 NOTE
r-oldrel-windows-ix86+x86_64 0.2-0 6.00 30.00 36.00 NOTE

Check Details

Version: 0.2-0
Check: dependencies in R code
Result: NOTE
    'library' or 'require' calls to packages already attached by Depends:
     ‘acepack’ ‘locfit’
     Please remove these calls from your code.
    'library' or 'require' call to ‘stats’ in package code.
     Please use :: or requireNamespace() instead.
     See section 'Suggested packages' in the 'Writing R Extensions' manual.
    Packages in Depends field not imported from:
     ‘acepack’ ‘locfit’
     These packages need to be imported from (in the NAMESPACE file)
     for when this namespace is loaded but not attached.
Flavors: r-devel-linux-x86_64-debian-clang, r-devel-linux-x86_64-debian-gcc, r-devel-linux-x86_64-fedora-clang, r-devel-linux-x86_64-fedora-gcc, r-devel-osx-x86_64-clang, r-devel-windows-ix86+x86_64, r-patched-linux-x86_64, r-patched-solaris-sparc, r-patched-solaris-x86, r-release-linux-x86_64, r-release-osx-x86_64-mavericks, r-release-windows-ix86+x86_64, r-oldrel-windows-ix86+x86_64

Version: 0.2-0
Check: R code for possible problems
Result: NOTE
    add.test: no visible global function definition for ‘ace’
    add.test: no visible global function definition for ‘lm’
    add.test: no visible global function definition for ‘pchisq’
    contingency.periodogram: no visible global function definition for
     ‘fisher.test’
    contingency.periodogram: no visible global function definition for
     ‘chisq.test’
    lin.order.cls: no visible global function definition for ‘var’
    lin.test: no visible global function definition for ‘residuals’
    lin.test: no visible global function definition for ‘lm’
    lin.test: no visible global function definition for ‘pf’
    ll.order: no visible global function definition for ‘var’
    ll.order: no visible global function definition for ‘locfit.raw’
    ll.order: no visible global function definition for ‘dat’
    plot.contingency.periodogram: no visible global function definition for
     ‘plot’
    plot.contingency.periodogram: no visible global function definition for
     ‘lines’
    plot.contingency.periodogram: no visible global function definition for
     ‘qchisq’
    plot.lin.order: no visible global function definition for ‘plot’
    plot.ll.order: no visible global function definition for ‘plot’
    plot.lomb: no visible global function definition for ‘plot’
    plot.ppll: no visible global function definition for ‘plot’
    plot.specar.ci: no visible global function definition for ‘plot’
    plot.specar.ci: no visible global function definition for ‘lines’
    portman.Q: no visible global function definition for ‘acf’
    portman.Q: no visible global function definition for ‘pchisq’
    predict.ll.order: no visible global function definition for ‘var’
    predict.ll.order: no visible global function definition for
     ‘locfit.raw’
    predict.ll.order: no visible global function definition for ‘predict’
    spec.lomb: no visible global function definition for ‘var’
    specar.ci: no visible global function definition for ‘ar’
    specar.ci: no visible global function definition for ‘ar.mle’
    specar.ci: no visible global function definition for ‘spec.ar’
    specar.ci: no visible global function definition for ‘rnorm’
    specar.ci: no visible binding for global variable ‘quantile’
    summary.specar.ci: no visible global function definition for ‘quantile’
    Undefined global functions or variables:
     ace acf ar ar.mle chisq.test dat fisher.test lines lm locfit.raw
     pchisq pf plot predict qchisq quantile residuals rnorm spec.ar var
    Consider adding
     importFrom("graphics", "lines", "plot")
     importFrom("stats", "acf", "ar", "ar.mle", "chisq.test", "fisher.test",
     "lm", "pchisq", "pf", "predict", "qchisq", "quantile",
     "residuals", "rnorm", "spec.ar", "var")
    to your NAMESPACE.
Flavors: r-devel-linux-x86_64-debian-clang, r-devel-linux-x86_64-debian-gcc, r-devel-linux-x86_64-fedora-clang, r-devel-linux-x86_64-fedora-gcc, r-devel-windows-ix86+x86_64

Version: 0.2-0
Check: R code for possible problems
Result: NOTE
    add.test: no visible global function definition for ‘ace’
    ll.order: no visible global function definition for ‘locfit.raw’
    ll.order: no visible global function definition for ‘dat’
    predict.ll.order: no visible global function definition for
     ‘locfit.raw’
    Undefined global functions or variables:
     ace dat locfit.raw
Flavor: r-devel-osx-x86_64-clang

Version: 0.2-0
Check: R code for possible problems
Result: NOTE
    add.test: no visible global function definition for ‘ace’
    ll.order: no visible global function definition for ‘locfit.raw’
    ll.order: no visible global function definition for ‘dat’
    predict.ll.order: no visible global function definition for
     ‘locfit.raw’
Flavors: r-patched-linux-x86_64, r-patched-solaris-sparc, r-patched-solaris-x86, r-release-linux-x86_64, r-release-osx-x86_64-mavericks, r-release-windows-ix86+x86_64, r-oldrel-windows-ix86+x86_64