CRAN Package Check Results for Package nlts

Last updated on 2015-02-27 05:48:08.

Flavor Version Tinstall Tcheck Ttotal Status Flags
r-devel-linux-x86_64-debian-clang 0.2-0 0.79 12.74 13.53 NOTE
r-devel-linux-x86_64-debian-gcc 0.2-0 0.78 12.58 13.36 NOTE
r-devel-linux-x86_64-fedora-clang 0.2-0 26.37 NOTE
r-devel-linux-x86_64-fedora-gcc 0.2-0 24.41 NOTE
r-devel-osx-x86_64-clang 0.2-0 30.98 NOTE
r-devel-windows-ix86+x86_64 0.2-0 5.00 21.00 26.00 NOTE
r-patched-linux-x86_64 0.2-0 1.05 14.88 15.93 NOTE
r-patched-solaris-sparc 0.2-0 194.00 NOTE
r-patched-solaris-x86 0.2-0 44.80 NOTE
r-release-linux-ix86 0.2-0 1.28 22.85 24.13 NOTE
r-release-linux-x86_64 0.2-0 0.96 0.25 1.21 OK
r-release-osx-x86_64-mavericks 0.2-0 NOTE
r-release-osx-x86_64-snowleopard 0.2-0 NOTE
r-release-windows-ix86+x86_64 0.2-0 5.00 28.00 33.00 NOTE
r-oldrel-windows-ix86+x86_64 0.2-0 4.00 36.00 40.00 NOTE

Check Details

Version: 0.2-0
Check: dependencies in R code
Result: NOTE
    'library' or 'require' calls to packages already attached by Depends:
     ‘acepack’ ‘locfit’
     Please remove these calls from your code.
    'library' or 'require' call to ‘stats’ in package code.
     Please use :: or requireNamespace() instead.
     See section 'Suggested packages' in the 'Writing R Extensions' manual.
    Packages in Depends field not imported from:
     ‘acepack’ ‘locfit’
     These packages need to be imported from (in the NAMESPACE file)
     for when this namespace is loaded but not attached.
Flavors: r-devel-linux-x86_64-debian-clang, r-devel-linux-x86_64-debian-gcc, r-devel-linux-x86_64-fedora-clang, r-devel-linux-x86_64-fedora-gcc, r-devel-osx-x86_64-clang, r-devel-windows-ix86+x86_64, r-patched-linux-x86_64, r-patched-solaris-sparc, r-patched-solaris-x86

Version: 0.2-0
Check: R code for possible problems
Result: NOTE
    add.test: no visible global function definition for ‘ace’
    ll.order: no visible global function definition for ‘locfit.raw’
    ll.order: no visible global function definition for ‘dat’
    predict.ll.order: no visible global function definition for
     ‘locfit.raw’
Flavors: r-devel-linux-x86_64-debian-clang, r-devel-linux-x86_64-debian-gcc, r-devel-linux-x86_64-fedora-clang, r-devel-linux-x86_64-fedora-gcc, r-devel-osx-x86_64-clang, r-devel-windows-ix86+x86_64, r-patched-linux-x86_64, r-patched-solaris-sparc, r-patched-solaris-x86, r-release-linux-ix86, r-release-osx-x86_64-mavericks, r-release-windows-ix86+x86_64

Version: 0.2-0
Check: dependencies in R code
Result: NOTE
    'library' or 'require' calls to packages already attached by Depends:
     ‘acepack’ ‘locfit’
     Please remove these calls from your code.
    Packages in Depends field not imported from:
     ‘acepack’ ‘locfit’
     These packages need to be imported from (in the NAMESPACE file)
     for when this namespace is loaded but not attached.
    See the information on DESCRIPTION files in the chapter ‘Creating R
    packages’ of the ‘Writing R Extensions’ manual.
Flavors: r-release-linux-ix86, r-release-osx-x86_64-mavericks, r-release-windows-ix86+x86_64, r-oldrel-windows-ix86+x86_64

Version: 0.2-0
Check: dependencies in R code
Result: NOTE
    'library' or 'require' calls to packages already attached by Depends:
     'acepack' 'locfit'
     Please remove these calls from your code.
    See the information on DESCRIPTION files in the chapter 'Creating R
    packages' of the 'Writing R Extensions' manual.
Flavor: r-release-osx-x86_64-snowleopard