CRAN Package Check Results for Package luca

Last updated on 2015-04-25 08:48:51.

Flavor Version Tinstall Tcheck Ttotal Status Flags
r-devel-linux-x86_64-debian-clang 1.0-5 1.08 16.31 17.39 NOTE
r-devel-linux-x86_64-debian-gcc 1.0-5 0.99 16.19 17.18 NOTE
r-devel-linux-x86_64-fedora-clang 1.0-5 34.11 NOTE
r-devel-linux-x86_64-fedora-gcc 1.0-5 32.82 NOTE
r-devel-osx-x86_64-clang 1.0-5 35.59 NOTE
r-devel-windows-ix86+x86_64 1.0-5 4.00 31.00 35.00 NOTE
r-patched-linux-x86_64 1.0-5 0.98 16.49 17.48 NOTE
r-patched-solaris-sparc 1.0-5 204.50 NOTE
r-patched-solaris-x86 1.0-5 42.50 NOTE
r-release-linux-x86_64 1.0-5 0.96 16.24 17.20 NOTE
r-release-osx-x86_64-mavericks 1.0-5 NOTE
r-release-osx-x86_64-snowleopard 1.0-5 NOTE
r-release-windows-ix86+x86_64 1.0-5 4.00 31.00 35.00 NOTE
r-oldrel-windows-ix86+x86_64 1.0-5 6.00 49.00 55.00 NOTE

Check Details

Version: 1.0-5
Check: DESCRIPTION meta-information
Result: NOTE
    Malformed Description field: should contain one or more complete sentences.
Flavors: r-devel-windows-ix86+x86_64, r-patched-linux-x86_64, r-release-windows-ix86+x86_64

Version: 1.0-5
Check: dependencies in R code
Result: NOTE
    'library' or 'require' calls to packages already attached by Depends:
     'genetics' 'survival'
     Please remove these calls from your code.
    Packages in Depends field not imported from:
     'genetics' 'survival'
     These packages need to be imported from (in the NAMESPACE file)
     for when this namespace is loaded but not attached.
Flavors: r-devel-windows-ix86+x86_64, r-patched-linux-x86_64, r-release-windows-ix86+x86_64, r-oldrel-windows-ix86+x86_64

Version: 1.0-5
Check: R code for possible problems
Result: NOTE
    get.Z.HWP: no visible global function definition for 'is.genotype'
    get.Z.HWP: no visible global function definition for 'allele.count'
    get.lambda: no visible global function definition for 'is.genotype'
    get.lambda: no visible global function definition for 'heterozygote'
    luca: no visible global function definition for 'is.genotype'
    luca: no visible global function definition for 'genotype'
    luca: no visible global function definition for 'Surv'
    luca: no visible global function definition for 'coxph.fit'
    luca: no visible global function definition for 'coxph.control'
Flavors: r-devel-windows-ix86+x86_64, r-patched-linux-x86_64, r-release-windows-ix86+x86_64, r-oldrel-windows-ix86+x86_64

Version: 1.0-5
Check: S3 generic/method consistency
Result: NOTE
    Found the following apparent S3 methods exported but not registered:
     summary.luca
    See section ‘Registering S3 methods’ in the ‘Writing R Extensions’
    manual.
Flavor: r-patched-linux-x86_64