CRAN Package Check Results for Package lancet.iraqmortality

Last updated on 2014-09-01 08:47:09.

Flavor Version Tinstall Tcheck Ttotal Status Flags
r-devel-linux-x86_64-debian-clang 0.2-0 0.52 8.92 9.44 NOTE
r-devel-linux-x86_64-debian-gcc 0.2-0 0.51 8.95 9.46 NOTE
r-devel-linux-x86_64-fedora-clang 0.2-0 22.46 NOTE
r-devel-linux-x86_64-fedora-gcc 0.2-0 20.58 NOTE
r-devel-osx-x86_64-clang 0.2-0 21.43 NOTE
r-devel-windows-ix86+x86_64 0.2-0 3.00 18.00 21.00 NOTE
r-patched-linux-x86_64 0.2-0 0.54 9.40 9.94 NOTE
r-patched-solaris-sparc 0.2-0 114.20 NOTE
r-patched-solaris-x86 0.2-0 33.30 NOTE
r-release-linux-ix86 0.2-0 0.94 15.82 16.76 NOTE
r-release-linux-x86_64 0.2-0 0.58 9.50 10.08 NOTE
r-release-osx-x86_64-mavericks 0.2-0 NOTE
r-release-osx-x86_64-snowleopard 0.2-0 NOTE
r-release-windows-ix86+x86_64 0.2-0 4.00 18.00 22.00 NOTE
r-oldrel-windows-ix86+x86_64 0.2-0 3.00 18.00 21.00 NOTE

Check Details

Version: 0.2-0
Check: dependencies in R code
Result: NOTE
    'library' or 'require' call to ‘foreign’ which was already attached by Depends.
     Please remove these calls from your code.
    Package in Depends field not imported from: ‘foreign’
     These packages need to be imported from (in the NAMESPACE file)
     for when this namespace is loaded but not attached.
    See the information on DESCRIPTION files in the chapter ‘Creating R
    packages’ of the ‘Writing R Extensions’ manual.
Flavors: r-devel-linux-x86_64-debian-clang, r-devel-linux-x86_64-debian-gcc, r-devel-linux-x86_64-fedora-clang, r-devel-linux-x86_64-fedora-gcc, r-devel-osx-x86_64-clang, r-devel-windows-ix86+x86_64, r-patched-linux-x86_64, r-patched-solaris-sparc, r-patched-solaris-x86, r-release-linux-ix86, r-release-linux-x86_64, r-release-osx-x86_64-mavericks, r-release-windows-ix86+x86_64, r-oldrel-windows-ix86+x86_64

Version: 0.2-0
Check: R code for possible problems
Result: NOTE
    File ‘lancet.iraqmortality/R/prepdata.R’:
     .onLoad calls:
     cat(.noarchive.message)
    
    Package startup functions should use ‘packageStartupMessage’ to
     generate messages.
    See section ‘Good practice’ in '?.onAttach'.
    
    lancet.iraqmortality warning: No data archive found.
    
    To use functions prep.deaths and prep.houses or to build the vignette,
    place the restricted dataset archive with name mortality.zip in your
    working directory.
Flavors: r-devel-linux-x86_64-debian-clang, r-devel-linux-x86_64-debian-gcc, r-devel-linux-x86_64-fedora-clang, r-devel-linux-x86_64-fedora-gcc, r-devel-osx-x86_64-clang, r-devel-windows-ix86+x86_64

Version: 0.2-0
Check: installed files from ‘inst/doc’
Result: NOTE
    The following files should probably not be installed:
     ‘Makefile’
    
    Consider the use of a .Rinstignore file: see ‘Writing R Extensions’,
    or move the vignette sources from ‘inst/doc’ to ‘vignettes’.
Flavors: r-devel-linux-x86_64-debian-clang, r-devel-linux-x86_64-debian-gcc, r-devel-linux-x86_64-fedora-clang, r-devel-linux-x86_64-fedora-gcc, r-devel-osx-x86_64-clang, r-devel-windows-ix86+x86_64, r-patched-linux-x86_64, r-patched-solaris-sparc, r-patched-solaris-x86, r-release-linux-ix86, r-release-linux-x86_64, r-release-osx-x86_64-mavericks, r-release-osx-x86_64-snowleopard, r-release-windows-ix86+x86_64, r-oldrel-windows-ix86+x86_64

Version: 0.2-0
Check: for old-style vignette sources
Result: NOTE
    Vignette sources only in ‘inst/doc’:
     ‘mortality.Rnw’
    A ‘vignettes’ directory is required as from R 3.1.0
    and these will not be indexed nor checked
Flavors: r-devel-linux-x86_64-debian-clang, r-devel-linux-x86_64-debian-gcc, r-devel-linux-x86_64-fedora-clang, r-devel-linux-x86_64-fedora-gcc, r-devel-osx-x86_64-clang, r-devel-windows-ix86+x86_64, r-patched-linux-x86_64, r-patched-solaris-sparc, r-patched-solaris-x86, r-release-linux-ix86, r-release-linux-x86_64, r-release-osx-x86_64-mavericks, r-release-osx-x86_64-snowleopard, r-release-windows-ix86+x86_64

Version: 0.2-0
Check: R code for possible problems
Result: NOTE
    File ‘lancet.iraqmortality/R/prepdata.R’:
     .onLoad calls:
     cat(.noarchive.message)
    
    Package startup functions should use ‘packageStartupMessage’ to
     generate messages.
    See section ‘Good practice’ in '?.onAttach'.
Flavors: r-patched-linux-x86_64, r-patched-solaris-sparc, r-patched-solaris-x86, r-release-linux-ix86, r-release-linux-x86_64, r-release-osx-x86_64-mavericks, r-release-osx-x86_64-snowleopard, r-release-windows-ix86+x86_64, r-oldrel-windows-ix86+x86_64

Version: 0.2-0
Check: dependencies in R code
Result: NOTE
    'library' or 'require' call to 'foreign' which was already attached by Depends.
     Please remove these calls from your code.
    See the information on DESCRIPTION files in the chapter 'Creating R
    packages' of the 'Writing R Extensions' manual.
Flavor: r-release-osx-x86_64-snowleopard

Version: 0.2-0
Check: for old-style vignette sources
Result: NOTE
    Vignette sources only in 'inst/doc':
     'mortality.Rnw'
    A 'vignettes' directory will be required as from R 3.1.0
Flavor: r-oldrel-windows-ix86+x86_64