Last updated on 2024-04-24 07:57:39 CEST.
Flavor | Version | Tinstall | Tcheck | Ttotal | Status | Flags |
---|---|---|---|---|---|---|
r-devel-linux-x86_64-debian-clang | 6.1.8 | 36.58 | 282.61 | 319.19 | OK | |
r-devel-linux-x86_64-debian-gcc | 6.1.8 | 27.05 | 198.30 | 225.35 | OK | |
r-devel-linux-x86_64-fedora-clang | 6.1.8 | 384.60 | NOTE | |||
r-devel-linux-x86_64-fedora-gcc | 6.1.8 | 380.97 | OK | |||
r-prerel-macos-arm64 | 6.1.8 | 100.00 | NOTE | |||
r-prerel-macos-x86_64 | 6.1.8 | 266.00 | NOTE | |||
r-prerel-windows-x86_64 | 6.1.8 | 28.00 | 243.00 | 271.00 | OK | |
r-patched-linux-x86_64 | 6.1.8 | 25.40 | 262.81 | 288.21 | OK | |
r-release-linux-x86_64 | 6.1.8 | 27.55 | 274.79 | 302.34 | OK | |
r-release-macos-arm64 | 6.1.8 | 86.00 | OK | |||
r-release-macos-x86_64 | 6.1.8 | 221.00 | NOTE | |||
r-release-windows-x86_64 | 6.1.8 | 41.00 | 303.00 | 344.00 | OK | |
r-oldrel-macos-arm64 | 6.1.8 | 104.00 | OK | |||
r-oldrel-windows-x86_64 | 6.1.8 | 43.00 | 288.00 | 331.00 | NOTE |
Version: 6.1.8
Check: installed package size
Result: NOTE
installed size is 5.1Mb
sub-directories of 1Mb or more:
doc 2.7Mb
Flavors: r-devel-linux-x86_64-fedora-clang, r-prerel-macos-arm64, r-prerel-macos-x86_64, r-release-macos-x86_64
Version: 6.1.8
Check: HTML version of manual
Result: NOTE
Found the following problems:
fRegress.Rd:321:38: Warning: nested emphasis <code>
Flavor: r-oldrel-windows-x86_64