CRAN Package Check Results for Package ez

Last updated on 2015-04-24 07:48:57.

Flavor Version Tinstall Tcheck Ttotal Status Flags
r-devel-linux-x86_64-debian-clang 4.2-2 5.89 69.84 75.72 NOTE
r-devel-linux-x86_64-debian-gcc 4.2-2 5.83 66.65 72.48 NOTE
r-devel-linux-x86_64-fedora-clang 4.2-2 149.44 NOTE
r-devel-linux-x86_64-fedora-gcc 4.2-2 144.81 NOTE
r-devel-osx-x86_64-clang 4.2-2 121.83 NOTE
r-devel-windows-ix86+x86_64 4.2-2 13.00 94.00 107.00 NOTE
r-patched-linux-x86_64 4.2-2 5.98 66.69 72.67 NOTE
r-patched-solaris-sparc 4.2-2 910.50 NOTE
r-patched-solaris-x86 4.2-2 181.80 NOTE
r-release-linux-x86_64 4.2-2 5.94 66.55 72.49 NOTE
r-release-osx-x86_64-mavericks 4.2-2 NOTE
r-release-osx-x86_64-snowleopard 4.2-2 ERROR
r-release-windows-ix86+x86_64 4.2-2 15.00 101.00 116.00 NOTE
r-oldrel-windows-ix86+x86_64 4.2-2 20.00 128.00 148.00 OK

Check Details

Version: 4.2-2
Check: DESCRIPTION meta-information
Result: NOTE
    Malformed Title field: should not end in a period.
Flavors: r-devel-linux-x86_64-debian-clang, r-devel-linux-x86_64-debian-gcc, r-devel-linux-x86_64-fedora-clang, r-devel-linux-x86_64-fedora-gcc, r-devel-osx-x86_64-clang, r-devel-windows-ix86+x86_64, r-patched-linux-x86_64, r-patched-solaris-sparc, r-patched-solaris-x86, r-release-linux-x86_64, r-release-osx-x86_64-mavericks, r-release-windows-ix86+x86_64

Version: 4.2-2
Check: package dependencies
Result: ERROR
    Packages required but not available: ‘car’ ‘ggplot2’ ‘scales’
    
    See section ‘The DESCRIPTION file’ in the ‘Writing R Extensions’
    manual.
Flavor: r-release-osx-x86_64-snowleopard