CRAN Package Check Results for Package dyn

Last updated on 2017-07-27 08:46:55.

Flavor Version Tinstall Tcheck Ttotal Status Flags
r-devel-linux-x86_64-debian-clang 0.2-9.3 0.88 23.90 24.78 NOTE
r-devel-linux-x86_64-debian-gcc 0.2-9.3 0.84 23.24 24.08 NOTE
r-devel-linux-x86_64-fedora-clang 0.2-9.3 29.87 NOTE
r-devel-linux-x86_64-fedora-gcc 0.2-9.3 28.69 NOTE
r-devel-windows-ix86+x86_64 0.2-9.3 4.00 48.00 52.00 OK
r-patched-linux-x86_64 0.2-9.3 0.88 23.40 24.28 NOTE
r-patched-solaris-x86 0.2-9.3 42.00 NOTE
r-release-linux-x86_64 0.2-9.3 0.89 23.36 24.25 NOTE
r-release-windows-ix86+x86_64 0.2-9.3 7.00 46.00 53.00 OK
r-release-osx-x86_64 0.2-9.3 OK
r-oldrel-windows-ix86+x86_64 0.2-9.3 3.00 34.00 37.00 OK
r-oldrel-osx-x86_64 0.2-9.3 OK

Check Details

Version: 0.2-9.3
Check: S3 generic/method consistency
Result: NOTE
    Found the following apparent S3 methods exported but not registered:
     $.dyn
    See section ‘Registering S3 methods’ in the ‘Writing R Extensions’
    manual.
Flavors: r-devel-linux-x86_64-debian-clang, r-devel-linux-x86_64-debian-gcc, r-devel-linux-x86_64-fedora-clang, r-devel-linux-x86_64-fedora-gcc, r-patched-linux-x86_64, r-patched-solaris-x86, r-release-linux-x86_64