CRAN Package Check Results for Package dyn

Last updated on 2017-05-30 08:48:35.

Flavor Version Tinstall Tcheck Ttotal Status Flags
r-devel-linux-x86_64-debian-clang 0.2-9.3 0.87 17.90 18.77 NOTE
r-devel-linux-x86_64-debian-gcc 0.2-9.3 0.90 17.08 17.97 NOTE
r-devel-linux-x86_64-fedora-clang 0.2-9.3 30.04 OK
r-devel-linux-x86_64-fedora-gcc 0.2-9.3 29.27 NOTE
r-devel-windows-ix86+x86_64 0.2-9.3 3.00 52.00 55.00 OK
r-patched-linux-x86_64 0.2-9.3 0.98 17.31 18.29 OK
r-patched-solaris-sparc 0.2-9.3 186.60 OK
r-patched-solaris-x86 0.2-9.3 40.50 OK
r-release-linux-x86_64 0.2-9.3 0.85 17.87 18.72 OK
r-release-windows-ix86+x86_64 0.2-9.3 6.00 51.00 57.00 OK
r-release-osx-x86_64 0.2-9.3 OK
r-oldrel-windows-ix86+x86_64 0.2-9.3 3.00 33.00 36.00 OK
r-oldrel-osx-x86_64 0.2-9.3 OK

Check Details

Version: 0.2-9.3
Check: S3 generic/method consistency
Result: NOTE
    Found the following apparent S3 methods exported but not registered:
     $.dyn
    See section ‘Registering S3 methods’ in the ‘Writing R Extensions’
    manual.
Flavors: r-devel-linux-x86_64-debian-clang, r-devel-linux-x86_64-debian-gcc, r-devel-linux-x86_64-fedora-gcc