CRAN Package Check Results for Package dyn

Last updated on 2018-02-19 06:46:31 CET.

Flavor Version Tinstall Tcheck Ttotal Status Flags
r-devel-linux-x86_64-debian-clang 0.2-9.3 1.53 21.82 23.35 NOTE
r-devel-linux-x86_64-debian-gcc 0.2-9.3 1.18 18.82 20.00 NOTE
r-devel-linux-x86_64-fedora-clang 0.2-9.3 30.05 NOTE
r-devel-linux-x86_64-fedora-gcc 0.2-9.3 28.45 NOTE
r-devel-windows-ix86+x86_64 0.2-9.3 4.00 33.00 37.00 OK
r-patched-linux-x86_64 0.2-9.3 1.15 25.98 27.13 NOTE
r-patched-solaris-x86 0.2-9.3 41.50 NOTE
r-release-linux-x86_64 0.2-9.3 1.10 25.97 27.07 NOTE
r-release-windows-ix86+x86_64 0.2-9.3 4.00 49.00 53.00 OK
r-release-osx-x86_64 0.2-9.3 OK
r-oldrel-windows-ix86+x86_64 0.2-9.3 3.00 42.00 45.00 OK
r-oldrel-osx-x86_64 0.2-9.3 OK

Check Details

Version: 0.2-9.3
Check: S3 generic/method consistency
Result: NOTE
    Found the following apparent S3 methods exported but not registered:
     $.dyn
    See section ‘Registering S3 methods’ in the ‘Writing R Extensions’
    manual.
Flavors: r-devel-linux-x86_64-debian-clang, r-devel-linux-x86_64-debian-gcc, r-devel-linux-x86_64-fedora-clang, r-devel-linux-x86_64-fedora-gcc, r-patched-linux-x86_64, r-patched-solaris-x86, r-release-linux-x86_64