CRAN Package Check Results for Package dyn

Last updated on 2017-09-23 08:48:19.

Flavor Version Tinstall Tcheck Ttotal Status Flags
r-devel-linux-x86_64-debian-clang 0.2-9.3 0.88 17.91 18.79 NOTE
r-devel-linux-x86_64-debian-gcc 0.2-9.3 1.09 17.76 18.85 NOTE
r-devel-linux-x86_64-fedora-clang 0.2-9.3 30.80 NOTE
r-devel-linux-x86_64-fedora-gcc 0.2-9.3 29.34 NOTE
r-devel-windows-ix86+x86_64 0.2-9.3 3.00 39.00 42.00 OK
r-patched-linux-x86_64 0.2-9.3 0.96 17.54 18.49 NOTE
r-patched-solaris-x86 0.2-9.3 41.70 NOTE
r-release-linux-x86_64 0.2-9.3 0.85 17.79 18.64 NOTE
r-release-windows-ix86+x86_64 0.2-9.3 3.00 40.00 43.00 OK
r-release-osx-x86_64 0.2-9.3 OK
r-oldrel-windows-ix86+x86_64 0.2-9.3 3.00 34.00 37.00 OK
r-oldrel-osx-x86_64 0.2-9.3 OK

Check Details

Version: 0.2-9.3
Check: S3 generic/method consistency
Result: NOTE
    Found the following apparent S3 methods exported but not registered:
     $.dyn
    See section ‘Registering S3 methods’ in the ‘Writing R Extensions’
    manual.
Flavors: r-devel-linux-x86_64-debian-clang, r-devel-linux-x86_64-debian-gcc, r-devel-linux-x86_64-fedora-clang, r-devel-linux-x86_64-fedora-gcc, r-patched-linux-x86_64, r-patched-solaris-x86, r-release-linux-x86_64