CRAN Package Check Results for Package deldir

Last updated on 2017-09-23 08:48:17.

Flavor Version Tinstall Tcheck Ttotal Status Flags
r-devel-linux-x86_64-debian-clang 0.1-14 3.36 17.09 20.44 NOTE
r-devel-linux-x86_64-debian-gcc 0.1-14 3.68 16.47 20.15 NOTE
r-devel-linux-x86_64-fedora-clang 0.1-14 34.11 NOTE
r-devel-linux-x86_64-fedora-gcc 0.1-14 32.49 NOTE
r-devel-windows-ix86+x86_64 0.1-14 53.00 43.00 96.00 OK
r-patched-linux-x86_64 0.1-14 3.86 16.26 20.12 NOTE
r-patched-solaris-x86 0.1-14 53.70 NOTE
r-release-linux-x86_64 0.1-14 9.20 16.40 25.60 NOTE
r-release-windows-ix86+x86_64 0.1-14 32.00 42.00 74.00 OK
r-release-osx-x86_64 0.1-14 OK
r-oldrel-windows-ix86+x86_64 0.1-14 31.00 36.00 67.00 OK
r-oldrel-osx-x86_64 0.1-14 OK

Check Details

Version: 0.1-14
Check: S3 generic/method consistency
Result: NOTE
    Found the following apparent S3 methods exported but not registered:
     [.triang.list
    See section ‘Registering S3 methods’ in the ‘Writing R Extensions’
    manual.
Flavors: r-devel-linux-x86_64-debian-clang, r-devel-linux-x86_64-debian-gcc, r-devel-linux-x86_64-fedora-clang, r-devel-linux-x86_64-fedora-gcc, r-patched-linux-x86_64, r-patched-solaris-x86, r-release-linux-x86_64