CRAN Package Check Results for Package deldir

Last updated on 2017-04-25 08:48:53.

Flavor Version Tinstall Tcheck Ttotal Status Flags
r-devel-linux-x86_64-debian-clang 0.1-14 3.70 17.02 20.73 OK
r-devel-linux-x86_64-debian-gcc 0.1-14 3.38 16.69 20.07 OK
r-devel-linux-x86_64-fedora-clang 0.1-14 34.76 OK --no-stop-on-test-error
r-devel-linux-x86_64-fedora-gcc 0.1-14 28.94 OK --no-stop-on-test-error
r-devel-windows-ix86+x86_64 0.1-14 37.00 52.00 89.00 OK
r-patched-linux-x86_64 0.1-14 3.53 16.77 20.30 OK
r-patched-solaris-sparc 0.1-14 188.60 OK
r-patched-solaris-x86 0.1-14 38.10 OK
r-release-linux-x86_64 0.1-12 2.45 14.91 17.36 NOTE
r-release-windows-ix86+x86_64 0.1-12 31.00 36.00 67.00 OK
r-release-osx-x86_64 0.1-14 OK
r-oldrel-windows-ix86+x86_64 0.1-14 31.00 36.00 67.00 OK
r-oldrel-osx-x86_64 0.1-14 OK

Check Details

Version: 0.1-12
Check: compiled code
Result: NOTE
    File ‘deldir/libs/deldir.so’:
     Found no calls to: ‘R_registerRoutines’, ‘R_useDynamicSymbols’
    
    It is good practice to register native routines and to disable symbol
    search.
    
    See ‘Writing portable packages’ in the ‘Writing R Extensions’ manual.
Flavor: r-release-linux-x86_64