CRAN Package Check Results for Package deldir

Last updated on 2015-06-30 07:47:50.

Flavor Version Tinstall Tcheck Ttotal Status Flags
r-devel-linux-x86_64-debian-clang 0.1-9 2.10 11.23 13.33 NOTE
r-devel-linux-x86_64-debian-gcc 0.1-9 2.22 10.90 13.13 NOTE
r-devel-linux-x86_64-fedora-clang 0.1-9 24.90 OK
r-devel-linux-x86_64-fedora-gcc 0.1-9 22.75 OK
r-devel-osx-x86_64-clang 0.1-9 26.84 OK
r-devel-windows-ix86+x86_64 0.1-9 44.00 22.00 66.00 OK
r-patched-linux-x86_64 0.1-9 2.15 11.21 13.36 OK
r-patched-solaris-sparc 0.1-9 193.30 OK
r-patched-solaris-x86 0.1-9 38.10 OK
r-release-linux-x86_64 0.1-9 2.14 11.18 13.32 OK
r-release-osx-x86_64-mavericks 0.1-9 OK
r-release-windows-ix86+x86_64 0.1-9 30.00 29.00 59.00 OK
r-oldrel-windows-ix86+x86_64 0.1-9 35.00 25.00 60.00 OK

Check Details

Version: 0.1-9
Check: R code for possible problems
Result: NOTE
    deldir: no visible global function definition for ‘plot’
    getCol: no visible global function definition for ‘col2rgb’
    getCol : <anonymous>: no visible binding for global variable ‘rgb’
    plot.deldir: no visible global function definition for ‘par’
    plot.deldir: no visible global function definition for ‘plot’
    plot.deldir: no visible global function definition for ‘axis’
    plot.deldir: no visible global function definition for ‘segments’
    plot.deldir: no visible global function definition for ‘points’
    plot.deldir: no visible global function definition for ‘text’
    plot.deldir: no visible binding for global variable ‘rect’
    plot.tile.list: no visible global function definition for ‘plot’
    plot.tile.list: no visible global function definition for ‘col2rgb’
    plot.tile.list : <anonymous>: no visible binding for global variable
     ‘rgb’
    plot.tile.list: no visible binding for global variable ‘rgb’
    plot.tile.list: no visible global function definition for ‘polygon’
    plot.tile.list: no visible global function definition for ‘segments’
    plot.tile.list: no visible global function definition for ‘points’
    plot.triang.list: no visible global function definition for ‘plot’
    plot.triang.list: no visible global function definition for ‘polygon’
    plot.triang.list: no visible binding for global variable ‘rect’
Flavors: r-devel-linux-x86_64-debian-clang, r-devel-linux-x86_64-debian-gcc