CRAN Package Check Results for Package deldir

Last updated on 2017-01-16 06:47:27.

Flavor Version Tinstall Tcheck Ttotal Status Flags
r-devel-linux-x86_64-debian-clang 0.1-12 2.65 14.91 17.56 OK
r-devel-linux-x86_64-debian-gcc 0.1-12 2.63 15.08 17.71 OK
r-devel-linux-x86_64-fedora-clang 0.1-12 27.97 OK --no-stop-on-test-error
r-devel-linux-x86_64-fedora-gcc 0.1-12 25.89 NOTE --no-stop-on-test-error
r-devel-macos-x86_64-clang 0.1-12 25.50 OK --no-stop-on-test-error
r-devel-windows-ix86+x86_64 0.1-12 20.00 37.00 57.00 OK
r-patched-linux-x86_64 0.1-12 2.41 12.35 14.76 OK
r-patched-solaris-sparc 0.1-12 163.50 OK
r-patched-solaris-x86 0.1-12 36.70 OK
r-release-linux-x86_64 0.1-12 2.27 12.72 14.99 OK
r-release-osx-x86_64-mavericks 0.1-12 OK
r-release-windows-ix86+x86_64 0.1-12 13.00 35.00 48.00 OK
r-oldrel-windows-ix86+x86_64 0.1-12 24.00 33.00 57.00 OK

Check Details

Version: 0.1-12
Flags: --no-stop-on-test-error
Check: compiled code
Result: NOTE
    File ‘deldir/libs/deldir.so’:
     Found no calls to: ‘R_registerRoutines’, ‘R_useDynamicSymbols’
    
    It is good practice to use registered native symbols and disable symbol
    search.
    
    See ‘Writing portable packages’ in the ‘Writing R Extensions’ manual.
Flavor: r-devel-linux-x86_64-fedora-gcc