CRAN Package Check Results for Package deldir

Last updated on 2017-05-30 08:48:34.

Flavor Version Tinstall Tcheck Ttotal Status Flags
r-devel-linux-x86_64-debian-clang 0.1-14 3.53 16.64 20.17 NOTE
r-devel-linux-x86_64-debian-gcc 0.1-14 3.50 16.62 20.12 NOTE
r-devel-linux-x86_64-fedora-clang 0.1-14 32.70 OK
r-devel-linux-x86_64-fedora-gcc 0.1-14 30.76 NOTE
r-devel-windows-ix86+x86_64 0.1-14 33.00 55.00 88.00 OK
r-patched-linux-x86_64 0.1-14 3.44 16.18 19.62 OK
r-patched-solaris-sparc 0.1-14 188.60 OK
r-patched-solaris-x86 0.1-14 45.00 OK
r-release-linux-x86_64 0.1-14 3.44 16.41 19.86 OK
r-release-windows-ix86+x86_64 0.1-14 28.00 38.00 66.00 OK
r-release-osx-x86_64 0.1-14 OK
r-oldrel-windows-ix86+x86_64 0.1-14 31.00 36.00 67.00 OK
r-oldrel-osx-x86_64 0.1-14 OK

Check Details

Version: 0.1-14
Check: S3 generic/method consistency
Result: NOTE
    Found the following apparent S3 methods exported but not registered:
     [.triang.list
    See section ‘Registering S3 methods’ in the ‘Writing R Extensions’
    manual.
Flavors: r-devel-linux-x86_64-debian-clang, r-devel-linux-x86_64-debian-gcc, r-devel-linux-x86_64-fedora-gcc