CRAN Package Check Results for Package corrplot

Last updated on 2015-07-05 08:47:11.

Flavor Version Tinstall Tcheck Ttotal Status Flags
r-devel-linux-x86_64-debian-clang 0.73 0.72 18.60 19.32 NOTE
r-devel-linux-x86_64-debian-gcc 0.73 0.71 18.72 19.43 NOTE
r-devel-linux-x86_64-fedora-clang 0.73 28.66 NOTE
r-devel-linux-x86_64-fedora-gcc 0.73 27.41 NOTE
r-devel-osx-x86_64-clang 0.73 37.99 OK
r-devel-windows-ix86+x86_64 0.73 3.00 26.00 29.00 NOTE
r-patched-linux-x86_64 0.73 0.75 19.92 20.68 OK
r-patched-solaris-sparc 0.73 216.30 OK
r-patched-solaris-x86 0.73 45.80 OK
r-release-linux-x86_64 0.73 0.86 18.80 19.66 OK
r-release-osx-x86_64-mavericks 0.73 OK
r-release-windows-ix86+x86_64 0.73 4.00 30.00 34.00 OK
r-oldrel-windows-ix86+x86_64 0.73 6.00 32.00 38.00 OK

Check Details

Version: 0.73
Check: R code for possible problems
Result: NOTE
    colorlegend: no visible global function definition for ‘rect’
    colorlegend: no visible global function definition for ‘segments’
    colorlegend: no visible global function definition for ‘text’
    corrMatOrder: no visible global function definition for
     ‘order.dendrogram’
    corrMatOrder: no visible global function definition for ‘as.dendrogram’
    corrMatOrder: no visible global function definition for ‘hclust’
    corrMatOrder: no visible global function definition for ‘as.dist’
    corrRect: no visible global function definition for ‘rect’
    corrRect.hclust: no visible global function definition for ‘hclust’
    corrRect.hclust: no visible global function definition for ‘as.dist’
    corrRect.hclust: no visible global function definition for ‘cutree’
    corrRect.hclust: no visible global function definition for ‘rect’
    corrplot: no visible global function definition for ‘colorRampPalette’
    corrplot: no visible global function definition for ‘par’
    corrplot: no visible global function definition for ‘plot.new’
    corrplot: no visible global function definition for ‘plot.window’
    corrplot: no visible global function definition for ‘strwidth’
    corrplot: no visible global function definition for ‘symbols’
    corrplot: no visible global function definition for ‘polygon’
    corrplot: no visible global function definition for ‘text’
    corrplot: no visible global function definition for ‘na.omit’
    corrplot: no visible global function definition for ‘segments’
    corrplot: no visible global function definition for ‘rect’
    corrplot: no visible global function definition for ‘points’
    corrplot.mixed: no visible global function definition for ‘symbols’
    Undefined global functions or variables:
     as.dendrogram as.dist colorRampPalette cutree hclust na.omit
     order.dendrogram par plot.new plot.window points polygon rect
     segments strwidth symbols text
Flavors: r-devel-linux-x86_64-debian-clang, r-devel-linux-x86_64-debian-gcc, r-devel-linux-x86_64-fedora-clang, r-devel-linux-x86_64-fedora-gcc

Version: 0.73
Check: R code for possible problems
Result: NOTE
    colorlegend: no visible global function definition for 'rect'
    colorlegend: no visible global function definition for 'segments'
    colorlegend: no visible global function definition for 'text'
    corrMatOrder: no visible global function definition for
     'order.dendrogram'
    corrMatOrder: no visible global function definition for 'as.dendrogram'
    corrMatOrder: no visible global function definition for 'hclust'
    corrMatOrder: no visible global function definition for 'as.dist'
    corrRect: no visible global function definition for 'rect'
    corrRect.hclust: no visible global function definition for 'hclust'
    corrRect.hclust: no visible global function definition for 'as.dist'
    corrRect.hclust: no visible global function definition for 'cutree'
    corrRect.hclust: no visible global function definition for 'rect'
    corrplot: no visible global function definition for 'colorRampPalette'
    corrplot: no visible global function definition for 'par'
    corrplot: no visible global function definition for 'plot.new'
    corrplot: no visible global function definition for 'plot.window'
    corrplot: no visible global function definition for 'strwidth'
    corrplot: no visible global function definition for 'windows.options'
    corrplot: no visible global function definition for 'symbols'
    corrplot: no visible global function definition for 'polygon'
    corrplot: no visible global function definition for 'text'
    corrplot: no visible global function definition for 'na.omit'
    corrplot: no visible global function definition for 'segments'
    corrplot: no visible global function definition for 'rect'
    corrplot: no visible global function definition for 'points'
    corrplot.mixed: no visible global function definition for 'symbols'
    Undefined global functions or variables:
     as.dendrogram as.dist colorRampPalette cutree hclust na.omit
     order.dendrogram par plot.new plot.window points polygon rect
     segments strwidth symbols text windows.options
Flavor: r-devel-windows-ix86+x86_64