CRAN Package Check Results for Package corrplot

Last updated on 2015-08-04 08:47:41.

Flavor Version Tinstall Tcheck Ttotal Status Flags
r-devel-linux-x86_64-debian-clang 0.73 0.81 18.75 19.56 NOTE
r-devel-linux-x86_64-debian-gcc 0.73 0.68 18.84 19.52 NOTE
r-devel-linux-x86_64-fedora-clang 0.73 29.71 NOTE
r-devel-linux-x86_64-fedora-gcc 0.73 28.26 NOTE
r-devel-osx-x86_64-clang 0.73 38.79 OK
r-devel-windows-ix86+x86_64 0.73 8.00 30.00 38.00 NOTE
r-patched-linux-x86_64 0.73 0.74 18.55 19.29 OK
r-patched-solaris-sparc 0.73 202.50 OK
r-patched-solaris-x86 0.73 46.00 OK
r-release-linux-x86_64 0.73 0.75 19.10 19.84 OK
r-release-osx-x86_64-mavericks 0.73 OK
r-release-windows-ix86+x86_64 0.73 6.00 32.00 38.00 OK
r-oldrel-windows-ix86+x86_64 0.73 6.00 35.00 41.00 OK

Check Details

Version: 0.73
Check: R code for possible problems
Result: NOTE
    colorlegend: no visible global function definition for ‘rect’
    colorlegend: no visible global function definition for ‘segments’
    colorlegend: no visible global function definition for ‘text’
    corrMatOrder: no visible global function definition for
     ‘order.dendrogram’
    corrMatOrder: no visible global function definition for ‘as.dendrogram’
    corrMatOrder: no visible global function definition for ‘hclust’
    corrMatOrder: no visible global function definition for ‘as.dist’
    corrRect: no visible global function definition for ‘rect’
    corrRect.hclust: no visible global function definition for ‘hclust’
    corrRect.hclust: no visible global function definition for ‘as.dist’
    corrRect.hclust: no visible global function definition for ‘cutree’
    corrRect.hclust: no visible global function definition for ‘rect’
    corrplot: no visible global function definition for ‘colorRampPalette’
    corrplot: no visible global function definition for ‘par’
    corrplot: no visible global function definition for ‘plot.new’
    corrplot: no visible global function definition for ‘plot.window’
    corrplot: no visible global function definition for ‘strwidth’
    corrplot: no visible global function definition for ‘symbols’
    corrplot: no visible global function definition for ‘polygon’
    corrplot: no visible global function definition for ‘text’
    corrplot: no visible global function definition for ‘na.omit’
    corrplot: no visible global function definition for ‘segments’
    corrplot: no visible global function definition for ‘rect’
    corrplot: no visible global function definition for ‘points’
    corrplot.mixed: no visible global function definition for ‘symbols’
    Undefined global functions or variables:
     as.dendrogram as.dist colorRampPalette cutree hclust na.omit
     order.dendrogram par plot.new plot.window points polygon rect
     segments strwidth symbols text
    Consider adding
     importFrom("grDevices", "colorRampPalette")
     importFrom("graphics", "par", "plot.new", "plot.window", "points",
     "polygon", "rect", "segments", "strwidth", "symbols",
     "text")
     importFrom("stats", "as.dendrogram", "as.dist", "cutree", "hclust",
     "na.omit", "order.dendrogram")
    to your NAMESPACE.
Flavors: r-devel-linux-x86_64-debian-clang, r-devel-linux-x86_64-debian-gcc, r-devel-linux-x86_64-fedora-clang, r-devel-linux-x86_64-fedora-gcc

Version: 0.73
Check: R code for possible problems
Result: NOTE
    colorlegend: no visible global function definition for 'rect'
    colorlegend: no visible global function definition for 'segments'
    colorlegend: no visible global function definition for 'text'
    corrMatOrder: no visible global function definition for
     'order.dendrogram'
    corrMatOrder: no visible global function definition for 'as.dendrogram'
    corrMatOrder: no visible global function definition for 'hclust'
    corrMatOrder: no visible global function definition for 'as.dist'
    corrRect: no visible global function definition for 'rect'
    corrRect.hclust: no visible global function definition for 'hclust'
    corrRect.hclust: no visible global function definition for 'as.dist'
    corrRect.hclust: no visible global function definition for 'cutree'
    corrRect.hclust: no visible global function definition for 'rect'
    corrplot: no visible global function definition for 'colorRampPalette'
    corrplot: no visible global function definition for 'par'
    corrplot: no visible global function definition for 'plot.new'
    corrplot: no visible global function definition for 'plot.window'
    corrplot: no visible global function definition for 'strwidth'
    corrplot: no visible global function definition for 'windows.options'
    corrplot: no visible global function definition for 'symbols'
    corrplot: no visible global function definition for 'polygon'
    corrplot: no visible global function definition for 'text'
    corrplot: no visible global function definition for 'na.omit'
    corrplot: no visible global function definition for 'segments'
    corrplot: no visible global function definition for 'rect'
    corrplot: no visible global function definition for 'points'
    corrplot.mixed: no visible global function definition for 'symbols'
    Undefined global functions or variables:
     as.dendrogram as.dist colorRampPalette cutree hclust na.omit
     order.dendrogram par plot.new plot.window points polygon rect
     segments strwidth symbols text windows.options
    Consider adding
     importFrom("grDevices", "colorRampPalette", "windows.options")
     importFrom("graphics", "par", "plot.new", "plot.window", "points",
     "polygon", "rect", "segments", "strwidth", "symbols",
     "text")
     importFrom("stats", "as.dendrogram", "as.dist", "cutree", "hclust",
     "na.omit", "order.dendrogram")
    to your NAMESPACE.
Flavor: r-devel-windows-ix86+x86_64