CRAN Package Check Results for Package corrplot

Last updated on 2018-05-23 08:48:41 CEST.

Flavor Version Tinstall Tcheck Ttotal Status Flags
r-devel-linux-x86_64-debian-clang 0.84 2.23 34.96 37.19 OK
r-devel-linux-x86_64-debian-gcc 0.84 1.34 27.41 28.75 OK
r-devel-linux-x86_64-fedora-clang 0.84 45.29 NOTE
r-devel-linux-x86_64-fedora-gcc 0.84 42.93 NOTE
r-devel-windows-ix86+x86_64 0.84 6.00 67.00 73.00 NOTE
r-patched-linux-x86_64 0.84 2.01 34.34 36.35 OK
r-patched-solaris-x86 0.84 67.20 NOTE
r-release-linux-x86_64 0.84 1.98 34.27 36.25 OK
r-release-windows-ix86+x86_64 0.84 7.00 49.00 56.00 NOTE
r-release-osx-x86_64 0.84 NOTE
r-oldrel-windows-ix86+x86_64 0.84 4.00 73.00 77.00 NOTE
r-oldrel-osx-x86_64 0.84 NOTE

Check Details

Version: 0.84
Check: installed package size
Result: NOTE
     installed size is 7.0Mb
     sub-directories of 1Mb or more:
     doc 6.9Mb
Flavors: r-devel-linux-x86_64-fedora-clang, r-devel-linux-x86_64-fedora-gcc, r-devel-windows-ix86+x86_64, r-patched-solaris-x86, r-release-windows-ix86+x86_64, r-release-osx-x86_64, r-oldrel-windows-ix86+x86_64, r-oldrel-osx-x86_64