CRAN Package Check Results for Package corrplot

Last updated on 2015-04-19 08:55:56.

Flavor Version Tinstall Tcheck Ttotal Status Flags
r-devel-linux-x86_64-debian-clang 0.73 0.81 19.84 20.64 OK
r-devel-linux-x86_64-debian-gcc 0.73 0.74 19.68 20.42 OK
r-devel-linux-x86_64-fedora-clang 0.73 32.21 OK
r-devel-linux-x86_64-fedora-gcc 0.73 31.09 OK
r-devel-osx-x86_64-clang 0.73 44.80 OK
r-devel-windows-ix86+x86_64 0.73 4.00 37.00 41.00 OK
r-patched-linux-x86_64 0.73 0.73 19.19 19.92 OK
r-patched-solaris-sparc 0.73 222.60 OK
r-patched-solaris-x86 0.73 46.10 OK
r-release-linux-x86_64 0.73 1.24 19.90 21.14 OK
r-release-osx-x86_64-mavericks 0.73 NOTE
r-release-osx-x86_64-snowleopard 0.73 ERROR
r-release-windows-ix86+x86_64 0.73 2.00 28.00 30.00 OK
r-oldrel-windows-ix86+x86_64 0.73 3.00 41.00 44.00 OK

Check Details

Version: 0.73
Check: package dependencies
Result: NOTE
    Package suggested but not available for checking: ‘seriation’
Flavor: r-release-osx-x86_64-mavericks

Version: 0.73
Check: package dependencies
Result: ERROR
    Package suggested but not available for checking: ‘knitr’
    
    VignetteBuilder package required for checking but installed: ‘knitr’
    
    See section ‘The DESCRIPTION file’ in the ‘Writing R Extensions’
    manual.
Flavor: r-release-osx-x86_64-snowleopard