CRAN Package Check Results for Package circular

Last updated on 2017-09-23 08:48:15.

Flavor Version Tinstall Tcheck Ttotal Status Flags
r-devel-linux-x86_64-debian-clang 0.4-93 3.02 47.78 50.79 OK
r-devel-linux-x86_64-debian-gcc 0.4-93 2.83 46.91 49.74 OK
r-devel-linux-x86_64-fedora-clang 0.4-93 93.09 OK
r-devel-linux-x86_64-fedora-gcc 0.4-93 90.74 OK
r-devel-windows-ix86+x86_64 0.4-93 18.00 107.00 125.00 OK
r-patched-linux-x86_64 0.4-93 2.98 47.68 50.66 OK
r-patched-solaris-x86 0.4-93 107.50 OK
r-release-linux-x86_64 0.4-93 4.11 48.19 52.29 OK
r-release-windows-ix86+x86_64 0.4-93 18.00 108.00 126.00 OK
r-release-osx-x86_64 0.4-93 OK
r-oldrel-windows-ix86+x86_64 0.4-93 48.00 91.00 139.00 NOTE
r-oldrel-osx-x86_64 0.4-93 NOTE

Check Details

Version: 0.4-93
Check: R code for possible problems
Result: NOTE
    regularize.values: possible error in xy.coords(x, y, setLab = FALSE):
     unused argument (setLab = FALSE)
Flavors: r-oldrel-windows-ix86+x86_64, r-oldrel-osx-x86_64