CRAN Package Check Results for Package circular

Last updated on 2015-03-04 06:48:19.

Flavor Version Tinstall Tcheck Ttotal Status Flags
r-devel-linux-x86_64-debian-clang 0.4-7 2.70 40.94 43.64 NOTE
r-devel-linux-x86_64-debian-gcc 0.4-7 3.41 40.13 43.54 NOTE
r-devel-linux-x86_64-fedora-clang 0.4-7 81.36 NOTE
r-devel-linux-x86_64-fedora-gcc 0.4-7 75.63 NOTE
r-devel-osx-x86_64-clang 0.4-7 75.72 NOTE
r-devel-windows-ix86+x86_64 0.4-7 19.00 75.00 94.00 NOTE
r-patched-linux-x86_64 0.4-7 2.77 44.46 47.23 NOTE
r-patched-solaris-sparc 0.4-7 534.00 NOTE
r-patched-solaris-x86 0.4-7 104.90 NOTE
r-release-linux-ix86 0.4-7 3.72 53.53 57.24 NOTE
r-release-linux-x86_64 0.4-7 2.86 43.39 46.24 NOTE
r-release-osx-x86_64-mavericks 0.4-7 NOTE
r-release-osx-x86_64-snowleopard 0.4-7 OK
r-release-windows-ix86+x86_64 0.4-7 39.00 83.00 122.00 NOTE
r-oldrel-windows-ix86+x86_64 0.4-7 18.00 78.00 96.00 OK

Check Details

Version: 0.4-7
Check: S3 generic/method consistency
Result: NOTE
    Found the following apparent S3 methods exported but not registered:
     as.data.frame.circular lines.edf modal.region.circular
     modal.region.default plot.edf plot.function.circular
    See section ‘Registering S3 methods’ in the ‘Writing R Extensions’
    manual.
Flavors: r-devel-linux-x86_64-debian-clang, r-devel-linux-x86_64-debian-gcc, r-devel-linux-x86_64-fedora-clang, r-devel-linux-x86_64-fedora-gcc, r-devel-osx-x86_64-clang

Version: 0.4-7
Check: foreign function calls
Result: NOTE
    Call with DUP:
     .C("R_distance", x = as.double(x), nr = N, nc = ncol(x), d = double(N *
     (N - 1)/2), diag = as.integer(FALSE), method = as.integer(method),
     DUP = FALSE, NAOK = TRUE, PACKAGE = "circular")
    DUP is no longer supported and will be ignored.
Flavors: r-devel-linux-x86_64-debian-clang, r-devel-linux-x86_64-debian-gcc, r-devel-linux-x86_64-fedora-clang, r-devel-linux-x86_64-fedora-gcc, r-devel-osx-x86_64-clang, r-devel-windows-ix86+x86_64

Version: 0.4-7
Check: R code for possible problems
Result: NOTE
    print.rao.spacing.test: no visible binding for global variable
     ‘rao.table’
Flavors: r-devel-linux-x86_64-debian-clang, r-devel-linux-x86_64-debian-gcc, r-devel-linux-x86_64-fedora-clang, r-devel-linux-x86_64-fedora-gcc, r-devel-osx-x86_64-clang, r-devel-windows-ix86+x86_64, r-patched-linux-x86_64, r-patched-solaris-sparc, r-patched-solaris-x86, r-release-linux-ix86, r-release-linux-x86_64, r-release-osx-x86_64-mavericks, r-release-windows-ix86+x86_64

Version: 0.4-7
Check: foreign function calls
Result: NOTE
    Call with DUP != TRUE:
     .C("R_distance", x = as.double(x), nr = N, nc = ncol(x), d = double(N *
     (N - 1)/2), diag = as.integer(FALSE), method = as.integer(method),
     DUP = FALSE, NAOK = TRUE, PACKAGE = "circular")
    DUP = FALSE is deprecated and will be disabled in future versions of R.
Flavors: r-patched-linux-x86_64, r-patched-solaris-sparc, r-patched-solaris-x86, r-release-linux-ix86, r-release-linux-x86_64, r-release-osx-x86_64-mavericks, r-release-windows-ix86+x86_64