CRAN Package Check Results for Package circular

Last updated on 2017-11-22 07:47:28 CET.

Flavor Version Tinstall Tcheck Ttotal Status Flags
r-devel-linux-x86_64-debian-clang 0.4-93 3.06 45.92 48.98 OK
r-devel-linux-x86_64-debian-gcc 0.4-93 6.54 107.13 113.67 OK
r-devel-linux-x86_64-fedora-clang 0.4-93 88.20 OK
r-devel-linux-x86_64-fedora-gcc 0.4-93 92.42 OK
r-devel-windows-ix86+x86_64 0.4-93 17.00 100.00 117.00 OK
r-patched-linux-x86_64 0.4-93 2.99 47.43 50.42 OK
r-patched-solaris-x86 0.4-93 108.40 OK
r-release-linux-x86_64 0.4-93 3.02 47.58 50.60 OK
r-release-windows-ix86+x86_64 0.4-93 18.00 102.00 120.00 OK
r-release-osx-x86_64 0.4-93 OK
r-oldrel-windows-ix86+x86_64 0.4-93 16.00 115.00 131.00 NOTE
r-oldrel-osx-x86_64 0.4-93 NOTE

Check Details

Version: 0.4-93
Check: R code for possible problems
Result: NOTE
    regularize.values: possible error in xy.coords(x, y, setLab = FALSE):
     unused argument (setLab = FALSE)
Flavors: r-oldrel-windows-ix86+x86_64, r-oldrel-osx-x86_64