CRAN Package Check Results for Package circular

Last updated on 2014-04-23 07:54:56.

Flavor Version Tinstall Tcheck Ttotal Status Flags
r-devel-linux-x86_64-debian-clang 0.4-7 3.00 43.42 46.42 NOTE
r-devel-linux-x86_64-debian-gcc 0.4-7 2.79 44.12 46.91 NOTE
r-devel-linux-x86_64-fedora-clang 0.4-7 88.61 NOTE
r-devel-linux-x86_64-fedora-gcc 0.4-7 84.71 NOTE
r-devel-osx-x86_64-clang 0.4-7 66.72 NOTE
r-devel-osx-x86_64-gcc 0.4-7 NOTE
r-devel-windows-ix86+x86_64 0.4-7 16.00 71.00 87.00 NOTE
r-patched-linux-x86_64 0.4-7 2.92 43.80 46.73 NOTE
r-patched-solaris-sparc 0.4-7 500.20 NOTE
r-patched-solaris-x86 0.4-7 101.30 NOTE
r-release-linux-ix86 0.4-7 7.00 70.00 77.00 NOTE
r-release-linux-x86_64 0.4-7 2.98 43.90 46.88 NOTE
r-release-osx-x86_64-mavericks 0.4-7 NOTE
r-release-osx-x86_64-snowleopard 0.4-7 OK
r-release-windows-ix86+x86_64 0.4-7 15.00 75.00 90.00 NOTE
r-oldrel-windows-ix86+x86_64 0.4-7 17.00 84.00 101.00 OK

Check Details

Version: 0.4-7
Check: foreign function calls
Result: NOTE
    Call with DUP = FALSE:
     .C("R_distance", x = as.double(x), nr = N, nc = ncol(x), d = double(N *
     (N - 1)/2), diag = as.integer(FALSE), method = as.integer(method),
     DUP = FALSE, NAOK = TRUE, PACKAGE = "circular")
    DUP = FALSE is deprecated and may be disabled in future versions of R.
Flavors: r-devel-linux-x86_64-debian-clang, r-devel-linux-x86_64-debian-gcc, r-devel-linux-x86_64-fedora-clang, r-devel-linux-x86_64-fedora-gcc, r-devel-osx-x86_64-clang, r-devel-osx-x86_64-gcc, r-devel-windows-ix86+x86_64, r-patched-linux-x86_64, r-patched-solaris-x86, r-release-linux-ix86, r-release-linux-x86_64, r-release-osx-x86_64-mavericks, r-release-windows-ix86+x86_64

Version: 0.4-7
Check: foreign function calls
Result: NOTE
    Call with DUP = FALSE:
     .C("R_distance", x = as.double(x), nr = N, nc = ncol(x), d = double(N *
     (N - 1)/2), diag = as.integer(FALSE), method = as.integer(method),
     DUP = FALSE, NAOK = TRUE, PACKAGE = "circular")
    See the chapter ‘System and foreign language interfaces’ of the
    ‘Writing R Extensions’ manual.
Flavor: r-patched-solaris-sparc