CRAN Package Check Results for Package circular

Last updated on 2018-04-23 08:50:11 CEST.

Flavor Version Tinstall Tcheck Ttotal Status Flags
r-devel-linux-x86_64-debian-clang 0.4-93 12.45 62.77 75.22 OK
r-devel-linux-x86_64-debian-gcc 0.4-93 7.45 53.35 60.80 OK
r-devel-linux-x86_64-fedora-clang 0.4-93 99.35 OK
r-devel-linux-x86_64-fedora-gcc 0.4-93 94.83 OK
r-devel-windows-ix86+x86_64 0.4-93 38.00 98.00 136.00 OK
r-devel-osx-x86_64 0.4-93 OK
r-patched-linux-x86_64 0.4-93 14.19 69.12 83.31 OK
r-patched-solaris-x86 0.4-93 121.20 OK
r-release-linux-x86_64 0.4-93 3.64 77.61 81.25 OK
r-release-windows-ix86+x86_64 0.4-93 23.00 135.00 158.00 OK
r-release-osx-x86_64 0.4-93 OK
r-oldrel-windows-ix86+x86_64 0.4-93 27.00 95.00 122.00 NOTE

Check Details

Version: 0.4-93
Check: R code for possible problems
Result: NOTE
    regularize.values: possible error in xy.coords(x, y, setLab = FALSE):
     unused argument (setLab = FALSE)
Flavor: r-oldrel-windows-ix86+x86_64