CRAN Package Check Results for Package circular

Last updated on 2014-08-21 08:49:00.

Flavor Version Tinstall Tcheck Ttotal Status Flags
r-devel-linux-x86_64-debian-clang 0.4-7 2.63 41.70 44.33 NOTE
r-devel-linux-x86_64-debian-gcc 0.4-7 2.66 40.88 43.54 NOTE
r-devel-linux-x86_64-fedora-clang 0.4-7 89.76 NOTE
r-devel-linux-x86_64-fedora-gcc 0.4-7 81.10 NOTE
r-devel-osx-x86_64-clang 0.4-7 73.13 NOTE
r-devel-windows-ix86+x86_64 0.4-7 15.00 72.00 87.00 NOTE
r-patched-linux-x86_64 0.4-7 2.83 41.71 44.54 NOTE
r-patched-solaris-sparc 0.4-7 506.90 NOTE
r-patched-solaris-x86 0.4-7 98.50 NOTE
r-release-linux-ix86 0.4-7 4.08 53.47 57.55 NOTE
r-release-linux-x86_64 0.4-7 2.75 42.29 45.04 NOTE
r-release-osx-x86_64-mavericks 0.4-7 NOTE
r-release-osx-x86_64-snowleopard 0.4-7 OK
r-release-windows-ix86+x86_64 0.4-7 13.00 78.00 91.00 NOTE
r-oldrel-windows-ix86+x86_64 0.4-7 14.00 81.00 95.00 OK

Check Details

Version: 0.4-7
Check: foreign function calls
Result: NOTE
    Call with DUP = FALSE:
     .C("R_distance", x = as.double(x), nr = N, nc = ncol(x), d = double(N *
     (N - 1)/2), diag = as.integer(FALSE), method = as.integer(method),
     DUP = FALSE, NAOK = TRUE, PACKAGE = "circular")
    DUP = FALSE is deprecated and may be disabled in future versions of R.
Flavors: r-devel-linux-x86_64-debian-clang, r-devel-linux-x86_64-debian-gcc, r-devel-linux-x86_64-fedora-clang, r-devel-linux-x86_64-fedora-gcc, r-devel-osx-x86_64-clang, r-devel-windows-ix86+x86_64, r-patched-linux-x86_64, r-patched-solaris-sparc, r-patched-solaris-x86, r-release-linux-ix86, r-release-linux-x86_64, r-release-osx-x86_64-mavericks, r-release-windows-ix86+x86_64

Version: 0.4-7
Check: R code for possible problems
Result: NOTE
    print.rao.spacing.test: no visible binding for global variable
     ‘rao.table’
Flavors: r-devel-linux-x86_64-fedora-clang, r-devel-linux-x86_64-fedora-gcc, r-devel-osx-x86_64-clang