CRAN Package Check Results for Package circular

Last updated on 2014-09-19 08:49:25.

Flavor Version Tinstall Tcheck Ttotal Status Flags
r-devel-linux-x86_64-debian-clang 0.4-7 2.82 41.05 43.87 NOTE
r-devel-linux-x86_64-debian-gcc 0.4-7 2.61 40.53 43.14 NOTE
r-devel-linux-x86_64-fedora-clang 0.4-7 85.31 NOTE
r-devel-linux-x86_64-fedora-gcc 0.4-7 78.66 NOTE
r-devel-osx-x86_64-clang 0.4-7 76.36 NOTE
r-devel-windows-ix86+x86_64 0.4-7 16.00 73.00 89.00 NOTE
r-patched-linux-x86_64 0.4-7 2.83 42.26 45.08 NOTE
r-patched-solaris-sparc 0.4-7 526.40 NOTE
r-patched-solaris-x86 0.4-7 99.30 NOTE
r-release-linux-ix86 0.4-7 3.89 53.74 57.63 NOTE
r-release-linux-x86_64 0.4-7 2.74 42.46 45.20 NOTE
r-release-osx-x86_64-mavericks 0.4-7 NOTE
r-release-osx-x86_64-snowleopard 0.4-7 OK
r-release-windows-ix86+x86_64 0.4-7 16.00 77.00 93.00 NOTE
r-oldrel-windows-ix86+x86_64 0.4-7 16.00 74.00 90.00 OK

Check Details

Version: 0.4-7
Check: foreign function calls
Result: NOTE
    Call with DUP:
     .C("R_distance", x = as.double(x), nr = N, nc = ncol(x), d = double(N *
     (N - 1)/2), diag = as.integer(FALSE), method = as.integer(method),
     DUP = FALSE, NAOK = TRUE, PACKAGE = "circular")
    DUP is no longer supported and will be ignored.
Flavors: r-devel-linux-x86_64-debian-clang, r-devel-linux-x86_64-debian-gcc, r-devel-linux-x86_64-fedora-clang, r-devel-linux-x86_64-fedora-gcc, r-devel-osx-x86_64-clang, r-devel-windows-ix86+x86_64

Version: 0.4-7
Check: R code for possible problems
Result: NOTE
    print.rao.spacing.test: no visible binding for global variable
     ‘rao.table’
Flavors: r-devel-linux-x86_64-debian-clang, r-devel-linux-x86_64-debian-gcc, r-devel-linux-x86_64-fedora-clang, r-devel-linux-x86_64-fedora-gcc, r-devel-osx-x86_64-clang, r-devel-windows-ix86+x86_64

Version: 0.4-7
Check: foreign function calls
Result: NOTE
    Call with DUP != TRUE:
     .C("R_distance", x = as.double(x), nr = N, nc = ncol(x), d = double(N *
     (N - 1)/2), diag = as.integer(FALSE), method = as.integer(method),
     DUP = FALSE, NAOK = TRUE, PACKAGE = "circular")
    DUP = FALSE is deprecated and will be disabled in future versions of R.
Flavors: r-patched-linux-x86_64, r-patched-solaris-sparc, r-patched-solaris-x86

Version: 0.4-7
Check: foreign function calls
Result: NOTE
    Call with DUP = FALSE:
     .C("R_distance", x = as.double(x), nr = N, nc = ncol(x), d = double(N *
     (N - 1)/2), diag = as.integer(FALSE), method = as.integer(method),
     DUP = FALSE, NAOK = TRUE, PACKAGE = "circular")
    DUP = FALSE is deprecated and may be disabled in future versions of R.
Flavors: r-release-linux-ix86, r-release-linux-x86_64, r-release-osx-x86_64-mavericks, r-release-windows-ix86+x86_64