CRAN Package Check Results for Package circular

Last updated on 2017-07-27 08:46:52.

Flavor Version Tinstall Tcheck Ttotal Status Flags
r-devel-linux-x86_64-debian-clang 0.4-93 3.21 63.07 66.27 OK
r-devel-linux-x86_64-debian-gcc 0.4-93 2.85 61.34 64.19 OK
r-devel-linux-x86_64-fedora-clang 0.4-93 92.03 OK
r-devel-linux-x86_64-fedora-gcc 0.4-93 90.31 OK
r-devel-windows-ix86+x86_64 0.4-93 35.00 131.00 166.00 OK
r-patched-linux-x86_64 0.4-93 2.84 62.39 65.23 OK
r-patched-solaris-x86 0.4-93 108.10 OK
r-release-linux-x86_64 0.4-93 2.94 62.34 65.28 OK
r-release-windows-ix86+x86_64 0.4-93 19.00 138.00 157.00 OK
r-release-osx-x86_64 0.4-93 OK
r-oldrel-windows-ix86+x86_64 0.4-93 16.00 100.00 116.00 NOTE
r-oldrel-osx-x86_64 0.4-93 NOTE

Check Details

Version: 0.4-93
Check: R code for possible problems
Result: NOTE
    regularize.values: possible error in xy.coords(x, y, setLab = FALSE):
     unused argument (setLab = FALSE)
Flavors: r-oldrel-windows-ix86+x86_64, r-oldrel-osx-x86_64