Last updated on 2024-03-18 18:50:16 CET.
Flavor | Version | Tinstall | Tcheck | Ttotal | Status | Flags |
---|---|---|---|---|---|---|
r-devel-linux-x86_64-debian-clang | 1.0-3 | 37.33 | 237.69 | 275.02 | NOTE | |
r-devel-linux-x86_64-debian-gcc | 1.0-3 | 33.18 | 179.59 | 212.77 | NOTE | |
r-devel-linux-x86_64-fedora-clang | 1.0-3 | 358.17 | NOTE | |||
r-devel-linux-x86_64-fedora-gcc | 1.0-3 | 340.68 | NOTE | |||
r-devel-windows-x86_64 | 1.0-3 | 34.00 | 221.00 | 255.00 | NOTE | |
r-patched-linux-x86_64 | 1.0-3 | 43.08 | 237.62 | 280.70 | OK | |
r-release-linux-x86_64 | 1.0-3 | 31.82 | 241.73 | 273.55 | OK | |
r-release-macos-arm64 | 1.0-3 | 95.00 | OK | |||
r-release-macos-x86_64 | 1.0-3 | 156.00 | OK | |||
r-release-windows-x86_64 | 1.0-3 | 45.00 | 280.00 | 325.00 | OK | |
r-oldrel-macos-arm64 | 1.0-3 | 96.00 | NOTE | |||
r-oldrel-windows-x86_64 | 1.0-3 | 48.00 | 273.00 | 321.00 | OK |
Version: 1.0-3
Check: Rd files
Result: NOTE
checkRd: (-1) comparisonsTable.cgOneFactorFit.Rd:47: Lost braces
47 | call (see {\dots } section below.)
| ^
Flavors: r-devel-linux-x86_64-debian-clang, r-devel-linux-x86_64-debian-gcc, r-devel-linux-x86_64-fedora-clang, r-devel-linux-x86_64-fedora-gcc, r-devel-windows-x86_64
Version: 1.0-3
Check: dependencies in R code
Result: NOTE
Namespace in Imports field not imported from: ‘grDevices’
All declared Imports should be used.
Flavors: r-devel-linux-x86_64-fedora-clang, r-devel-linux-x86_64-fedora-gcc, r-oldrel-macos-arm64