CRAN Package Check Results for Package caschrono

Last updated on 2015-08-04 08:47:40.

Flavor Version Tinstall Tcheck Ttotal Status Flags
r-devel-linux-x86_64-debian-clang 1.4 3.90 72.10 76.00 NOTE
r-devel-linux-x86_64-debian-gcc 1.4 3.76 69.67 73.43 NOTE
r-devel-linux-x86_64-fedora-clang 1.4 158.25 NOTE
r-devel-linux-x86_64-fedora-gcc 1.4 151.48 NOTE
r-devel-osx-x86_64-clang 1.4 141.63 OK
r-devel-windows-ix86+x86_64 1.4 21.00 128.00 149.00 NOTE
r-patched-linux-x86_64 1.4 3.47 71.98 75.45 OK
r-patched-solaris-sparc 1.4 915.10 OK
r-patched-solaris-x86 1.4 196.10 OK
r-release-linux-x86_64 1.4 3.35 70.33 73.68 OK
r-release-osx-x86_64-mavericks 1.4 OK
r-release-windows-ix86+x86_64 1.4 16.00 133.00 149.00 OK
r-oldrel-windows-ix86+x86_64 1.4 23.00 192.00 215.00 OK

Check Details

Version: 1.4
Check: R code for possible problems
Result: NOTE
    Box.test.2 : Box.test.inv: no visible global function definition for
     ‘Box.test’
    acf2y: no visible global function definition for ‘par’
    acf2y: no visible global function definition for ‘abline’
    armaselect: no visible global function definition for ‘ar’
    armaselect: no visible global function definition for ‘lm’
    armaselect: no visible global function definition for ‘var’
    armaselect: no visible global function definition for ‘AIC’
    plot2acf: no visible global function definition for ‘par’
    plot2acf: no visible global function definition for ‘abline’
    plot2acf: no visible global function definition for ‘legend’
    plot2acf: no visible global function definition for ‘axis’
    plotacfthemp: no visible global function definition for ‘ARMAacf’
    plotacfthemp: no visible global function definition for ‘par’
    plotacfthemp: no visible global function definition for ‘abline’
    plotacfthemp: no visible global function definition for ‘text’
    plotacfthemp: no visible global function definition for ‘axis’
    t_stat: no visible global function definition for ‘is’
    t_stat: no visible global function definition for ‘pnorm’
    xy.acfb: no visible global function definition for ‘par’
    xy.acfb: no visible global function definition for ‘abline’
    xy.acfb: no visible global function definition for ‘legend’
    Undefined global functions or variables:
     AIC ARMAacf Box.test abline ar axis is legend lm par pnorm text var
    Consider adding
     importFrom("graphics", "abline", "axis", "legend", "par", "text")
     importFrom("methods", "is")
     importFrom("stats", "AIC", "ARMAacf", "Box.test", "ar", "lm", "pnorm",
     "var")
    to your NAMESPACE.
Flavors: r-devel-linux-x86_64-debian-clang, r-devel-linux-x86_64-debian-gcc, r-devel-linux-x86_64-fedora-clang, r-devel-linux-x86_64-fedora-gcc, r-devel-windows-ix86+x86_64