CRAN Package Check Results for Package caschrono

Last updated on 2017-12-14 06:46:50 CET.

Flavor Version Tinstall Tcheck Ttotal Status Flags
r-devel-linux-x86_64-debian-clang 2.0 4.62 96.40 101.02 OK
r-devel-linux-x86_64-debian-gcc 2.0 4.64 89.30 93.94 OK
r-devel-linux-x86_64-fedora-clang 2.0 146.29 OK
r-devel-linux-x86_64-fedora-gcc 2.0 148.11 OK
r-devel-windows-ix86+x86_64 2.0 19.00 223.00 242.00 OK
r-patched-linux-x86_64 2.0 5.24 110.90 116.14 OK
r-patched-solaris-x86 2.0 209.20 OK
r-release-linux-x86_64 2.0 5.67 111.40 117.07 OK
r-release-windows-ix86+x86_64 2.0 14.00 191.00 205.00 OK
r-release-osx-x86_64 2.0 NOTE
r-oldrel-windows-ix86+x86_64 2.0 15.00 232.00 247.00 OK
r-oldrel-osx-x86_64 2.0 OK

Check Details

Version: 2.0
Check: re-building of vignette outputs
Result: NOTE
    Error in re-building vignettes:
     ...
    Error in texi2dvi(file = file, pdf = TRUE, clean = clean, quiet = quiet, :
     Running 'texi2dvi' on 'Anx1.tex' failed.
    LaTeX errors:
    ! LaTeX Error: File `bbm.sty' not found.
    
    Type X to quit or <RETURN> to proceed,
    or enter new name. (Default extension: sty)
    
    ! Emergency stop.
    <read *>
    
    l.11 \RequirePackage
     {fancyvrb}^^M
    ! ==> Fatal error occurred, no output PDF file produced!
    Calls: buildVignettes -> texi2pdf -> texi2dvi
    Execution halted
Flavor: r-release-osx-x86_64