CRAN Package Check Results for Package caschrono

Last updated on 2014-04-24 08:49:56.

Flavor Version Tinstall Tcheck Ttotal Status Flags
r-devel-linux-x86_64-debian-clang 1.4 5.14 93.52 98.66 OK
r-devel-linux-x86_64-debian-gcc 1.4 5.04 94.21 99.25 OK
r-devel-linux-x86_64-fedora-clang 1.4 224.75 OK
r-devel-linux-x86_64-fedora-gcc 1.4 216.84 OK
r-devel-osx-x86_64-clang 1.4 182.01 OK
r-devel-osx-x86_64-gcc 1.4 ERROR
r-devel-windows-ix86+x86_64 1.4 14.00 152.00 166.00 OK
r-patched-linux-x86_64 1.4 5.50 92.12 97.61 OK
r-patched-solaris-sparc 1.4 1074.40 OK
r-patched-solaris-x86 1.4 258.30 OK
r-release-linux-ix86 1.4 8.00 160.00 168.00 OK
r-release-linux-x86_64 1.4 5.44 93.41 98.85 OK
r-release-osx-x86_64-mavericks 1.4 ERROR
r-release-osx-x86_64-snowleopard 1.4 OK
r-release-windows-ix86+x86_64 1.4 14.00 156.00 170.00 OK
r-oldrel-windows-ix86+x86_64 1.4 14.00 153.00 167.00 OK

Check Details

Version: 1.4
Check: package dependencies
Result: ERROR
    Packages required but not available: ‘forecast’ ‘Hmisc’ ‘its’
    
    Packages suggested but not available for checking: ‘expsmooth’ ‘TSA’
    
    See the information on DESCRIPTION files in the chapter ‘Creating R
    packages’ of the ‘Writing R Extensions’ manual.
Flavor: r-devel-osx-x86_64-gcc

Version: 1.4
Check: package dependencies
Result: ERROR
    Package required but not available: ‘forecast’
    
    Package suggested but not available for checking: ‘expsmooth’
    
    See the information on DESCRIPTION files in the chapter ‘Creating R
    packages’ of the ‘Writing R Extensions’ manual.
Flavor: r-release-osx-x86_64-mavericks