CRAN Package Check Results for Package caschrono

Last updated on 2018-05-21 08:51:24 CEST.

Flavor Version Tinstall Tcheck Ttotal Status Flags
r-devel-linux-x86_64-debian-clang 2.0 6.60 111.18 117.78 OK
r-devel-linux-x86_64-debian-gcc 2.0 6.20 98.75 104.95 OK
r-devel-linux-x86_64-fedora-clang 2.0 164.24 OK
r-devel-linux-x86_64-fedora-gcc 2.0 161.20 OK
r-devel-windows-ix86+x86_64 2.0 13.00 176.00 189.00 OK
r-patched-linux-x86_64 2.0 5.68 108.11 113.79 OK
r-patched-solaris-x86 2.0 202.40 OK
r-release-linux-x86_64 2.0 5.47 107.73 113.20 OK
r-release-windows-ix86+x86_64 2.0 12.00 221.00 233.00 OK
r-release-osx-x86_64 2.0 OK
r-oldrel-windows-ix86+x86_64 2.0 11.00 185.00 196.00 OK
r-oldrel-osx-x86_64 2.0 NOTE

Check Details

Version: 2.0
Check: re-building of vignette outputs
Result: NOTE
    Error in re-building vignettes:
     ...
    Error in texi2dvi(file = file, pdf = TRUE, clean = clean, quiet = quiet, :
     Running 'texi2dvi' on 'Anx1.tex' failed.
    LaTeX errors:
    ! LaTeX Error: File `bbm.sty' not found.
    
    Type X to quit or <RETURN> to proceed,
    or enter new name. (Default extension: sty)
    
    ! Emergency stop.
    <read *>
    
    l.11 \RequirePackage
     {fancyvrb}^^M
    ! ==> Fatal error occurred, no output PDF file produced!
    Calls: buildVignettes -> texi2pdf -> texi2dvi
    Execution halted
Flavor: r-oldrel-osx-x86_64