CRAN Package Check Results for Package caschrono

Last updated on 2015-05-22 08:47:53.

Flavor Version Tinstall Tcheck Ttotal Status Flags
r-devel-linux-x86_64-debian-clang 1.4 3.58 71.94 75.52 OK
r-devel-linux-x86_64-debian-gcc 1.4 3.80 69.13 72.93 OK
r-devel-linux-x86_64-fedora-clang 1.4 160.75 OK
r-devel-linux-x86_64-fedora-gcc 1.4 151.56 OK
r-devel-osx-x86_64-clang 1.4 168.33 OK
r-devel-windows-ix86+x86_64 1.4 13.00 129.00 142.00 OK
r-patched-linux-x86_64 1.4 3.30 69.42 72.72 OK
r-patched-solaris-sparc 1.4 1006.80 OK
r-patched-solaris-x86 1.4 194.00 OK
r-release-linux-x86_64 1.4 3.32 70.43 73.75 OK
r-release-osx-x86_64-mavericks 1.4 OK
r-release-osx-x86_64-snowleopard 1.4 ERROR
r-release-windows-ix86+x86_64 1.4 12.00 125.00 137.00 OK
r-oldrel-windows-ix86+x86_64 1.4 21.00 194.00 215.00 OK

Check Details

Version: 1.4
Check: package dependencies
Result: ERROR
    Packages required but not available: ‘forecast’ ‘Hmisc’ ‘its’
    
    Packages suggested but not available for checking: ‘expsmooth’ ‘TSA’
    
    See section ‘The DESCRIPTION file’ in the ‘Writing R Extensions’
    manual.
Flavor: r-release-osx-x86_64-snowleopard