CRAN Package Check Results for Package caschrono

Last updated on 2014-09-17 08:49:13.

Flavor Version Tinstall Tcheck Ttotal Status Flags
r-devel-linux-x86_64-debian-clang 1.4 4.68 90.11 94.79 OK
r-devel-linux-x86_64-debian-gcc 1.4 4.39 88.03 92.42 OK
r-devel-linux-x86_64-fedora-clang 1.4 206.48 OK
r-devel-linux-x86_64-fedora-gcc 1.4 203.75 OK
r-devel-osx-x86_64-clang 1.4 176.71 OK
r-devel-windows-ix86+x86_64 1.4 14.00 143.00 157.00 OK
r-patched-linux-x86_64 1.4 4.65 88.86 93.51 OK
r-patched-solaris-sparc 1.4 1154.00 OK
r-patched-solaris-x86 1.4 250.30 OK
r-release-linux-ix86 1.4 5.84 118.66 124.50 OK
r-release-linux-x86_64 1.4 4.78 98.83 103.61 OK
r-release-osx-x86_64-mavericks 1.4 NOTE
r-release-osx-x86_64-snowleopard 1.4 OK
r-release-windows-ix86+x86_64 1.4 15.00 169.00 184.00 OK
r-oldrel-windows-ix86+x86_64 1.4 16.00 156.00 172.00 OK

Check Details

Version: 1.4
Check: re-building of vignette outputs
Result: NOTE
    Error in re-building vignettes:
     ...
    Error in texi2dvi(file = file, pdf = TRUE, clean = clean, quiet = quiet, :
     Running 'texi2dvi' on 'Anx1.tex' failed.
    LaTeX errors:
    ! LaTeX Error: File `bbm.sty' not found.
    
    Type X to quit or <RETURN> to proceed,
    or enter new name. (Default extension: sty)
    
    ./pratiquer.sty:11: ==> Fatal error occurred, no output PDF file produced!
    Calls: buildVignettes -> texi2pdf -> texi2dvi
    Execution halted
Flavor: r-release-osx-x86_64-mavericks