CRAN Package Check Results for Package caschrono

Last updated on 2017-06-27 08:47:56.

Flavor Version Tinstall Tcheck Ttotal Status Flags
r-devel-linux-x86_64-debian-clang 2.0 3.54 71.25 74.79 OK
r-devel-linux-x86_64-debian-gcc 2.0 3.40 68.93 72.33 OK
r-devel-linux-x86_64-fedora-clang 2.0 159.30 OK
r-devel-linux-x86_64-fedora-gcc 2.0 156.44 OK
r-devel-windows-ix86+x86_64 2.0 20.00 162.00 182.00 OK
r-patched-linux-x86_64 2.0 3.52 70.56 74.08 OK
r-patched-solaris-sparc 2.0 907.40 OK
r-patched-solaris-x86 2.0 203.80 OK
r-release-linux-x86_64 2.0 3.66 74.36 78.02 OK
r-release-windows-ix86+x86_64 2.0 11.00 229.00 240.00 OK
r-release-osx-x86_64 2.0 NOTE
r-oldrel-windows-ix86+x86_64 2.0 18.00 229.00 247.00 OK
r-oldrel-osx-x86_64 2.0 OK

Check Details

Version: 2.0
Check: re-building of vignette outputs
Result: NOTE
    Error in re-building vignettes:
     ...
    Error in texi2dvi(file = file, pdf = TRUE, clean = clean, quiet = quiet, :
     Running 'texi2dvi' on 'Anx1.tex' failed.
    LaTeX errors:
    ! LaTeX Error: File `bbm.sty' not found.
    
    Type X to quit or <RETURN> to proceed,
    or enter new name. (Default extension: sty)
    
    ! Emergency stop.
    <read *>
    
    l.11 \RequirePackage
     {fancyvrb}^^M
    ! ==> Fatal error occurred, no output PDF file produced!
    Calls: buildVignettes -> texi2pdf -> texi2dvi
    Execution halted
Flavor: r-release-osx-x86_64