CRAN Package Check Results for Package bvls

Last updated on 2015-02-28 07:49:56.

Flavor Version Tinstall Tcheck Ttotal Status Flags
r-devel-linux-x86_64-debian-clang 1.4 1.26 8.61 9.86 NOTE
r-devel-linux-x86_64-debian-gcc 1.4 1.21 8.26 9.48 NOTE
r-devel-linux-x86_64-fedora-clang 1.4 17.58 NOTE
r-devel-linux-x86_64-fedora-gcc 1.4 16.59 NOTE
r-devel-osx-x86_64-clang 1.4 21.62 NOTE
r-devel-windows-ix86+x86_64 1.4 7.00 18.00 25.00 NOTE
r-patched-linux-x86_64 1.4 1.16 8.96 10.12 OK
r-patched-solaris-sparc 1.4 116.80 OK
r-patched-solaris-x86 1.4 31.30 OK
r-release-linux-ix86 1.4 1.66 14.80 16.46 OK
r-release-linux-x86_64 1.4 1.40 8.99 10.39 OK
r-release-osx-x86_64-mavericks 1.4 OK
r-release-osx-x86_64-snowleopard 1.4 OK
r-release-windows-ix86+x86_64 1.4 5.00 20.00 25.00 OK
r-oldrel-windows-ix86+x86_64 1.4 5.00 19.00 24.00 OK

Check Details

Version: 1.4
Check: DESCRIPTION meta-information
Result: NOTE
    Malformed Description field: should contain one or more complete sentences.
Flavors: r-devel-linux-x86_64-debian-clang, r-devel-linux-x86_64-debian-gcc, r-devel-linux-x86_64-fedora-clang, r-devel-linux-x86_64-fedora-gcc, r-devel-osx-x86_64-clang, r-devel-windows-ix86+x86_64