CRAN Package Check Results for Package bvls

Last updated on 2016-07-28 06:47:13.

Flavor Version Tinstall Tcheck Ttotal Status Flags
r-devel-linux-x86_64-debian-clang 1.4 1.51 10.75 12.26 NOTE
r-devel-linux-x86_64-debian-gcc 1.4 1.30 9.38 10.68 NOTE
r-devel-linux-x86_64-fedora-clang 1.4 15.08 NOTE
r-devel-linux-x86_64-fedora-gcc 1.4 13.58 NOTE
r-devel-osx-x86_64-clang 1.4 14.16 NOTE
r-devel-windows-ix86+x86_64 1.4 5.00 25.00 30.00 NOTE
r-patched-linux-x86_64 1.4 1.34 10.59 11.93 NOTE
r-patched-solaris-sparc 1.4 90.90 NOTE
r-patched-solaris-x86 1.4 21.30 NOTE
r-release-linux-x86_64 1.4 1.52 10.47 11.99 NOTE
r-release-osx-x86_64-mavericks 1.4 NOTE
r-release-windows-ix86+x86_64 1.4 5.00 32.00 37.00 NOTE
r-oldrel-windows-ix86+x86_64 1.4 5.00 19.00 24.00 NOTE

Check Details

Version: 1.4
Check: DESCRIPTION meta-information
Result: NOTE
    Malformed Description field: should contain one or more complete sentences.
Flavors: r-devel-linux-x86_64-debian-clang, r-devel-linux-x86_64-debian-gcc, r-devel-linux-x86_64-fedora-clang, r-devel-linux-x86_64-fedora-gcc, r-devel-osx-x86_64-clang, r-devel-windows-ix86+x86_64, r-patched-linux-x86_64, r-patched-solaris-sparc, r-patched-solaris-x86, r-release-linux-x86_64, r-release-osx-x86_64-mavericks, r-release-windows-ix86+x86_64, r-oldrel-windows-ix86+x86_64