CRAN Package Check Results for Package bvls

Last updated on 2017-01-20 07:49:29.

Flavor Version Tinstall Tcheck Ttotal Status Flags
r-devel-linux-x86_64-debian-clang 1.4 1.34 10.05 11.39 NOTE
r-devel-linux-x86_64-debian-gcc 1.4 1.25 9.64 10.89 NOTE
r-devel-linux-x86_64-fedora-clang 1.4 17.74 NOTE --no-stop-on-test-error
r-devel-linux-x86_64-fedora-gcc 1.4 16.89 NOTE --no-stop-on-test-error
r-devel-macos-x86_64-clang 1.4 16.18 NOTE --no-stop-on-test-error
r-devel-windows-ix86+x86_64 1.4 11.00 27.00 38.00 NOTE
r-patched-linux-x86_64 1.4 1.13 8.16 9.29 NOTE
r-patched-solaris-sparc 1.4 93.70 NOTE
r-patched-solaris-x86 1.4 23.50 NOTE
r-release-linux-x86_64 1.4 1.17 8.24 9.41 NOTE
r-release-osx-x86_64-mavericks 1.4 NOTE
r-release-windows-ix86+x86_64 1.4 5.00 26.00 31.00 NOTE
r-oldrel-windows-ix86+x86_64 1.4 5.00 24.00 29.00 NOTE

Check Details

Version: 1.4
Check: DESCRIPTION meta-information
Result: NOTE
    Malformed Description field: should contain one or more complete sentences.
Flavors: r-devel-linux-x86_64-debian-clang, r-devel-linux-x86_64-debian-gcc, r-devel-windows-ix86+x86_64, r-patched-linux-x86_64, r-patched-solaris-sparc, r-patched-solaris-x86, r-release-linux-x86_64, r-release-osx-x86_64-mavericks, r-release-windows-ix86+x86_64, r-oldrel-windows-ix86+x86_64

Version: 1.4
Flags: --no-stop-on-test-error
Check: DESCRIPTION meta-information
Result: NOTE
    Malformed Description field: should contain one or more complete sentences.
Flavors: r-devel-linux-x86_64-fedora-clang, r-devel-linux-x86_64-fedora-gcc, r-devel-macos-x86_64-clang