Last updated on 2024-03-19 07:53:49 CET.
Flavor | Version | Tinstall | Tcheck | Ttotal | Status | Flags |
---|---|---|---|---|---|---|
r-devel-linux-x86_64-debian-clang | 7.4-2 | 20.47 | 132.75 | 153.22 | OK | |
r-devel-linux-x86_64-debian-gcc | 7.4-2 | 16.07 | 100.22 | 116.29 | OK | |
r-devel-linux-x86_64-fedora-clang | 7.4-2 | 196.05 | NOTE | |||
r-devel-linux-x86_64-fedora-gcc | 7.4-2 | 188.56 | OK | |||
r-devel-windows-x86_64 | 7.4-2 | 21.00 | 114.00 | 135.00 | OK | |
r-patched-linux-x86_64 | 7.4-2 | 23.23 | 130.55 | 153.78 | OK | |
r-release-linux-x86_64 | 7.4-2 | 22.35 | 132.63 | 154.98 | OK | |
r-release-macos-arm64 | 7.4-2 | 54.00 | NOTE | |||
r-release-macos-x86_64 | 7.4-2 | 117.00 | NOTE | |||
r-release-windows-x86_64 | 7.4-2 | 28.00 | 139.00 | 167.00 | OK | |
r-oldrel-macos-arm64 | 7.4-2 | 52.00 | NOTE | |||
r-oldrel-windows-x86_64 | 7.4-2 | 29.00 | 140.00 | 169.00 | OK |
Version: 7.4-2
Check: installed package size
Result: NOTE
installed size is 5.8Mb
sub-directories of 1Mb or more:
ex-data 4.7Mb
Flavors: r-devel-linux-x86_64-fedora-clang, r-release-macos-arm64, r-release-macos-x86_64, r-oldrel-macos-arm64