CRAN Package Check Results for Package UScensus2000tract

Last updated on 2014-08-29 08:49:55.

Flavor Version Tinstall Tcheck Ttotal Status Flags
r-devel-linux-x86_64-debian-clang 0.03 4.01 97.20 101.21 NOTE
r-devel-linux-x86_64-debian-gcc 0.03 4.58 94.16 98.74 NOTE
r-devel-linux-x86_64-fedora-clang 0.03 215.47 NOTE
r-devel-linux-x86_64-fedora-gcc 0.03 202.52 NOTE
r-devel-osx-x86_64-clang 0.03 158.63 NOTE
r-devel-windows-ix86+x86_64 0.03 11.00 138.00 149.00 NOTE
r-patched-linux-x86_64 0.03 5.18 110.81 115.98 NOTE
r-patched-solaris-sparc 0.03 1312.90 NOTE
r-patched-solaris-x86 0.03 258.20 NOTE
r-release-linux-ix86 0.03 5.11 126.04 131.15 NOTE
r-release-linux-x86_64 0.03 4.26 107.92 112.18 NOTE
r-release-osx-x86_64-mavericks 0.03 NOTE
r-release-osx-x86_64-snowleopard 0.03 NOTE
r-release-windows-ix86+x86_64 0.03 10.00 149.00 159.00 NOTE
r-oldrel-windows-ix86+x86_64 0.03 12.00 158.00 170.00 NOTE

Check Details

Version: 0.03
Check: installed package size
Result: NOTE
     installed size is 27.0Mb
     sub-directories of 1Mb or more:
     data 26.4Mb
Flavors: r-devel-linux-x86_64-debian-clang, r-devel-linux-x86_64-debian-gcc, r-devel-linux-x86_64-fedora-clang, r-devel-linux-x86_64-fedora-gcc, r-devel-osx-x86_64-clang, r-devel-windows-ix86+x86_64, r-patched-linux-x86_64, r-patched-solaris-sparc, r-patched-solaris-x86, r-release-linux-ix86, r-release-linux-x86_64, r-release-osx-x86_64-mavericks, r-release-osx-x86_64-snowleopard, r-release-windows-ix86+x86_64, r-oldrel-windows-ix86+x86_64

Version: 0.03
Check: R code for possible problems
Result: NOTE
    NB: .First.lib is obsolete and will not be used in R >= 3.0.0
    File ‘UScensus2000tract/R/zzz.R’:
     .First.lib calls:
     cat(paste("'", ehelp[4], "'\n", "Version ", ehelp[2], " created on ", ehelp[3], ".\n", sep = ""))
     cat(paste(substring(ehelp[3], first = 16), "\n", "Version ", substring(ehelp[4], first = 16), " created on ", substring(ehelp[5], first = 16), ".\n", sep = ""))
     cat(paste("copyright (c) 2009, Zack W. Almquist, University of California-Irvine\n", sep = ""))
     cat("For citation information, type citation(\"UScensus2000tract\").\n")
     cat("Type help(package=\"UScensus2000tract\") to get started.\n")
    
    Package startup functions should use ‘packageStartupMessage’ to
     generate messages.
    See section ‘Good practice’ in '?.onAttach'.
Flavors: r-devel-linux-x86_64-debian-clang, r-devel-linux-x86_64-debian-gcc, r-devel-linux-x86_64-fedora-clang, r-devel-linux-x86_64-fedora-gcc, r-devel-osx-x86_64-clang, r-devel-windows-ix86+x86_64, r-patched-linux-x86_64, r-patched-solaris-sparc, r-patched-solaris-x86, r-release-linux-ix86, r-release-linux-x86_64, r-release-osx-x86_64-mavericks, r-release-osx-x86_64-snowleopard, r-release-windows-ix86+x86_64, r-oldrel-windows-ix86+x86_64

Version: 0.03
Check: Rd line widths
Result: NOTE
    Rd file 'alabama.tract.Rd':
     \examples lines wider than 100 characters:
     legend("bottomright",legend=colors.use$dem.cut,fill=colors.use$table.colors,bty="o",title="Population Count",bg="white")
    
    Rd file 'alaska.tract.Rd':
     \examples lines wider than 100 characters:
     legend("bottomright",legend=colors.use$dem.cut,fill=colors.use$table.colors,bty="o",title="Population Count",bg="white")
    
    Rd file 'arizona.tract.Rd':
     \examples lines wider than 100 characters:
     legend("bottomright",legend=colors.use$dem.cut,fill=colors.use$table.colors,bty="o",title="Population Count",bg="white")
    
    Rd file 'arkansas.tract.Rd':
     \examples lines wider than 100 characters:
     legend("bottomright",legend=colors.use$dem.cut,fill=colors.use$table.colors,bty="o",title="Population Count",bg="white")
    
    Rd file 'california.tract.Rd':
     \examples lines wider than 100 characters:
     legend("bottomright",legend=colors.use$dem.cut,fill=colors.use$table.colors,bty="o",title="Population Count",bg="white")
    
    Rd file 'colorado.tract.Rd':
     \examples lines wider than 100 characters:
     legend("bottomright",legend=colors.use$dem.cut,fill=colors.use$table.colors,bty="o",title="Population Count",bg="white")
    
    Rd file 'connecticut.tract.Rd':
     \examples lines wider than 100 characters:
     legend("bottomright",legend=colors.use$dem.cut,fill=colors.use$table.colors,bty="o",title="Population Count",bg="white")
    
    Rd file 'delaware.tract.Rd':
     \examples lines wider than 100 characters:
     legend("bottomright",legend=colors.use$dem.cut,fill=colors.use$table.colors,bty="o",title="Population Count",bg="white")
    
    Rd file 'district_of_columbia.tract.Rd':
     \examples lines wider than 100 characters:
     legend("bottomright",legend=colors.use$dem.cut,fill=colors.use$table.colors,bty="o",title="Population Count",bg="white")
    
    Rd file 'florida.tract.Rd':
     \examples lines wider than 100 characters:
     legend("bottomright",legend=colors.use$dem.cut,fill=colors.use$table.colors,bty="o",title="Population Count",bg="white")
    
    Rd file 'georgia.tract.Rd':
     \examples lines wider than 100 characters:
     legend("bottomright",legend=colors.use$dem.cut,fill=colors.use$table.colors,bty="o",title="Population Count",bg="white")
    
    Rd file 'hawaii.tract.Rd':
     \examples lines wider than 100 characters:
     legend("bottomright",legend=colors.use$dem.cut,fill=colors.use$table.colors,bty="o",title="Population Count",bg="white")
    
    Rd file 'idaho.tract.Rd':
     \examples lines wider than 100 characters:
     legend("bottomright",legend=colors.use$dem.cut,fill=colors.use$table.colors,bty="o",title="Population Count",bg="white")
    
    Rd file 'illinois.tract.Rd':
     \examples lines wider than 100 characters:
     legend("bottomright",legend=colors.use$dem.cut,fill=colors.use$table.colors,bty="o",title="Population Count",bg="white")
    
    Rd file 'indiana.tract.Rd':
     \examples lines wider than 100 characters:
     legend("bottomright",legend=colors.use$dem.cut,fill=colors.use$table.colors,bty="o",title="Population Count",bg="white")
    
    Rd file 'iowa.tract.Rd':
     \examples lines wider than 100 characters:
     legend("bottomright",legend=colors.use$dem.cut,fill=colors.use$table.colors,bty="o",title="Population Count",bg="white")
    
    Rd file 'kansas.tract.Rd':
     \examples lines wider than 100 characters:
     legend("bottomright",legend=colors.use$dem.cut,fill=colors.use$table.colors,bty="o",title="Population Count",bg="white")
    
    Rd file 'kentucky.tract.Rd':
     \examples lines wider than 100 characters:
     legend("bottomright",legend=colors.use$dem.cut,fill=colors.use$table.colors,bty="o",title="Population Count",bg="white")
    
    Rd file 'louisiana.tract.Rd':
     \examples lines wider than 100 characters:
     legend("bottomright",legend=colors.use$dem.cut,fill=colors.use$table.colors,bty="o",title="Population Count",bg="white")
    
    Rd file 'maine.tract.Rd':
     \examples lines wider than 100 characters:
     legend("bottomright",legend=colors.use$dem.cut,fill=colors.use$table.colors,bty="o",title="Population Count",bg="white")
    
    Rd file 'maryland.tract.Rd':
     \examples lines wider than 100 characters:
     legend("bottomright",legend=colors.use$dem.cut,fill=colors.use$table.colors,bty="o",title="Population Count",bg="white")
    
    Rd file 'massachusetts.tract.Rd':
     \examples lines wider than 100 characters:
     legend("bottomright",legend=colors.use$dem.cut,fill=colors.use$table.colors,bty="o",title="Population Count",bg="white")
    
    Rd file 'michigan.tract.Rd':
     \examples lines wider than 100 characters:
     legend("bottomright",legend=colors.use$dem.cut,fill=colors.use$table.colors,bty="o",title="Population Count",bg="white")
    
    Rd file 'minnesota.tract.Rd':
     \examples lines wider than 100 characters:
     legend("bottomright",legend=colors.use$dem.cut,fill=colors.use$table.colors,bty="o",title="Population Count",bg="white")
    
    Rd file 'mississippi.tract.Rd':
     \examples lines wider than 100 characters:
     legend("bottomright",legend=colors.use$dem.cut,fill=colors.use$table.colors,bty="o",title="Population Count",bg="white")
    
    Rd file 'missouri.tract.Rd':
     \examples lines wider than 100 characters:
     legend("bottomright",legend=colors.use$dem.cut,fill=colors.use$table.colors,bty="o",title="Population Count",bg="white")
    
    Rd file 'montana.tract.Rd':
     \examples lines wider than 100 characters:
     legend("bottomright",legend=colors.use$dem.cut,fill=colors.use$table.colors,bty="o",title="Population Count",bg="white")
    
    Rd file 'nebraska.tract.Rd':
     \examples lines wider than 100 characters:
     legend("bottomright",legend=colors.use$dem.cut,fill=colors.use$table.colors,bty="o",title="Population Count",bg="white")
    
    Rd file 'nevada.tract.Rd':
     \examples lines wider than 100 characters:
     legend("bottomright",legend=colors.use$dem.cut,fill=colors.use$table.colors,bty="o",title="Population Count",bg="white")
    
    Rd file 'new_hampshire.tract.Rd':
     \examples lines wider than 100 characters:
     legend("bottomright",legend=colors.use$dem.cut,fill=colors.use$table.colors,bty="o",title="Population Count",bg="white")
    
    Rd file 'new_jersey.tract.Rd':
     \examples lines wider than 100 characters:
     legend("bottomright",legend=colors.use$dem.cut,fill=colors.use$table.colors,bty="o",title="Population Count",bg="white")
    
    Rd file 'new_mexico.tract.Rd':
     \examples lines wider than 100 characters:
     legend("bottomright",legend=colors.use$dem.cut,fill=colors.use$table.colors,bty="o",title="Population Count",bg="white")
    
    Rd file 'new_york.tract.Rd':
     \examples lines wider than 100 characters:
     legend("bottomright",legend=colors.use$dem.cut,fill=colors.use$table.colors,bty="o",title="Population Count",bg="white")
    
    Rd file 'north_carolina.tract.Rd':
     \examples lines wider than 100 characters:
     legend("bottomright",legend=colors.use$dem.cut,fill=colors.use$table.colors,bty="o",title="Population Count",bg="white")
    
    Rd file 'north_dakota.tract.Rd':
     \examples lines wider than 100 characters:
     legend("bottomright",legend=colors.use$dem.cut,fill=colors.use$table.colors,bty="o",title="Population Count",bg="white")
    
    Rd file 'ohio.tract.Rd':
     \examples lines wider than 100 characters:
     legend("bottomright",legend=colors.use$dem.cut,fill=colors.use$table.colors,bty="o",title="Population Count",bg="white")
    
    Rd file 'oklahoma.tract.Rd':
     \examples lines wider than 100 characters:
     legend("bottomright",legend=colors.use$dem.cut,fill=colors.use$table.colors,bty="o",title="Population Count",bg="white")
    
    Rd file 'oregon.tract.Rd':
     \examples lines wider than 100 characters:
     legend("bottomright",legend=colors.use$dem.cut,fill=colors.use$table.colors,bty="o",title="Population Count",bg="white")
    
    Rd file 'pennsylvania.tract.Rd':
     \examples lines wider than 100 characters:
     legend("bottomright",legend=colors.use$dem.cut,fill=colors.use$table.colors,bty="o",title="Population Count",bg="white")
    
    Rd file 'rhode_island.tract.Rd':
     \examples lines wider than 100 characters:
     legend("bottomright",legend=colors.use$dem.cut,fill=colors.use$table.colors,bty="o",title="Population Count",bg="white")
    
    Rd file 'south_carolina.tract.Rd':
     \examples lines wider than 100 characters:
     legend("bottomright",legend=colors.use$dem.cut,fill=colors.use$table.colors,bty="o",title="Population Count",bg="white")
    
    Rd file 'south_dakota.tract.Rd':
     \examples lines wider than 100 characters:
     legend("bottomright",legend=colors.use$dem.cut,fill=colors.use$table.colors,bty="o",title="Population Count",bg="white")
    
    Rd file 'tennessee.tract.Rd':
     \examples lines wider than 100 characters:
     legend("bottomright",legend=colors.use$dem.cut,fill=colors.use$table.colors,bty="o",title="Population Count",bg="white")
    
    Rd file 'texas.tract.Rd':
     \examples lines wider than 100 characters:
     legend("bottomright",legend=colors.use$dem.cut,fill=colors.use$table.colors,bty="o",title="Population Count",bg="white")
    
    Rd file 'utah.tract.Rd':
     \examples lines wider than 100 characters:
     legend("bottomright",legend=colors.use$dem.cut,fill=colors.use$table.colors,bty="o",title="Population Count",bg="white")
    
    Rd file 'vermont.tract.Rd':
     \examples lines wider than 100 characters:
     legend("bottomright",legend=colors.use$dem.cut,fill=colors.use$table.colors,bty="o",title="Population Count",bg="white")
    
    Rd file 'virginia.tract.Rd':
     \examples lines wider than 100 characters:
     legend("bottomright",legend=colors.use$dem.cut,fill=colors.use$table.colors,bty="o",title="Population Count",bg="white")
    
    Rd file 'washington.tract.Rd':
     \examples lines wider than 100 characters:
     legend("bottomright",legend=colors.use$dem.cut,fill=colors.use$table.colors,bty="o",title="Population Count",bg="white")
    
    Rd file 'west_virginia.tract.Rd':
     \examples lines wider than 100 characters:
     legend("bottomright",legend=colors.use$dem.cut,fill=colors.use$table.colors,bty="o",title="Population Count",bg="white")
    
    Rd file 'wisconsin.tract.Rd':
     \examples lines wider than 100 characters:
     legend("bottomright",legend=colors.use$dem.cut,fill=colors.use$table.colors,bty="o",title="Population Count",bg="white")
    
    Rd file 'wyoming.tract.Rd':
     \examples lines wider than 100 characters:
     legend("bottomright",legend=colors.use$dem.cut,fill=colors.use$table.colors,bty="o",title="Population Count",bg="white")
    
    These lines will be truncated in the PDF manual.
Flavors: r-devel-linux-x86_64-fedora-clang, r-devel-linux-x86_64-fedora-gcc