CRAN Package Check Results for Package TTAinterfaceTrendAnalysis

Last updated on 2016-05-26 06:47:28.

Flavor Version Tinstall Tcheck Ttotal Status Flags
r-devel-linux-x86_64-debian-gcc 1.5.2 4.41 65.51 69.91 OK
r-devel-linux-x86_64-fedora-clang 1.5.2 128.64 OK
r-devel-linux-x86_64-fedora-gcc 1.5.2 116.94 OK
r-devel-osx-x86_64-clang 1.5.2 141.38 OK
r-devel-windows-ix86+x86_64 1.5.2 17.00 131.00 148.00 OK
r-patched-linux-x86_64 1.5.2 5.02 65.19 70.22 OK
r-patched-solaris-sparc 1.5.2 750.80 OK
r-patched-solaris-x86 1.5.2 174.60 OK
r-release-linux-x86_64 1.5.2 4.62 65.81 70.43 OK
r-release-osx-x86_64-mavericks 1.5.2 ERROR
r-release-windows-ix86+x86_64 1.5.2 29.00 90.00 119.00 OK
r-oldrel-windows-ix86+x86_64 1.5.2 19.00 95.00 114.00 OK

Check Details

Version: 1.5.2
Check: whether package can be installed
Result: ERROR
    Installation failed.
Flavor: r-release-osx-x86_64-mavericks