CRAN Package Check Results for Package TTAinterfaceTrendAnalysis

Last updated on 2016-08-28 08:47:39.

Flavor Version Tinstall Tcheck Ttotal Status Flags
r-devel-linux-x86_64-debian-clang 1.5.2 5.27 69.86 75.13 OK
r-devel-linux-x86_64-debian-gcc 1.5.2 4.98 68.05 73.03 OK
r-devel-linux-x86_64-fedora-clang 1.5.2 124.54 OK
r-devel-linux-x86_64-fedora-gcc 1.5.2 118.04 OK
r-devel-osx-x86_64-clang 1.5.2 106.77 OK
r-devel-windows-ix86+x86_64 1.5.2 28.00 146.00 174.00 OK
r-patched-linux-x86_64 1.5.2 5.15 65.94 71.09 OK
r-patched-solaris-sparc 1.5.2 749.30 OK
r-patched-solaris-x86 1.5.2 168.00 OK
r-release-linux-x86_64 1.5.2 5.31 69.08 74.39 OK
r-release-osx-x86_64-mavericks 1.5.2 ERROR
r-release-windows-ix86+x86_64 1.5.2 26.00 96.00 122.00 OK
r-oldrel-windows-ix86+x86_64 1.5.2 17.00 94.00 111.00 OK

Check Details

Version: 1.5.2
Check: whether package can be installed
Result: ERROR
    Installation failed.
Flavor: r-release-osx-x86_64-mavericks