CRAN Package Check Results for Package TTAinterfaceTrendAnalysis

Last updated on 2016-06-24 08:48:49.

Flavor Version Tinstall Tcheck Ttotal Status Flags
r-devel-linux-x86_64-debian-gcc 1.5.2 5.38 66.86 72.23 OK
r-devel-linux-x86_64-fedora-clang 1.5.2 122.33 OK
r-devel-linux-x86_64-fedora-gcc 1.5.2 114.72 OK
r-devel-osx-x86_64-clang 1.5.2 104.31 OK
r-devel-windows-ix86+x86_64 1.5.2 22.00 89.00 111.00 OK
r-patched-linux-x86_64 1.5.2 6.04 67.54 73.58 OK
r-patched-solaris-sparc 1.5.2 749.30 OK
r-patched-solaris-x86 1.5.2 175.00 OK
r-release-linux-x86_64 1.5.2 5.10 68.33 73.43 OK
r-release-osx-x86_64-mavericks 1.5.2 ERROR
r-release-windows-ix86+x86_64 1.5.2 29.00 94.00 123.00 OK
r-oldrel-windows-ix86+x86_64 1.5.2 25.00 140.00 165.00 OK

Check Details

Version: 1.5.2
Check: whether package can be installed
Result: ERROR
    Installation failed.
Flavor: r-release-osx-x86_64-mavericks