CRAN Package Check Results for Package TTAinterfaceTrendAnalysis

Last updated on 2015-05-26 08:48:11.

Flavor Version Tinstall Tcheck Ttotal Status Flags
r-devel-linux-x86_64-debian-clang 1.5.1 4.06 64.43 68.49 OK
r-devel-linux-x86_64-debian-gcc 1.5.1 3.87 62.93 66.80 OK
r-devel-linux-x86_64-fedora-clang 1.5.1 139.89 OK
r-devel-linux-x86_64-fedora-gcc 1.5.1 135.60 OK
r-devel-osx-x86_64-clang 1.5.1 114.61 OK
r-devel-windows-ix86+x86_64 1.5.1 17.00 75.00 92.00 OK
r-patched-linux-x86_64 1.5.1 3.77 62.78 66.55 OK
r-patched-solaris-sparc 1.5.1 690.30 OK
r-patched-solaris-x86 1.5.1 169.40 OK
r-release-linux-x86_64 1.5.1 3.97 62.82 66.78 OK
r-release-osx-x86_64-mavericks 1.5.1 OK
r-release-osx-x86_64-snowleopard 1.5.1 ERROR
r-release-windows-ix86+x86_64 1.5.1 18.00 74.00 92.00 OK
r-oldrel-windows-ix86+x86_64 1.5.1 31.00 144.00 175.00 OK

Check Details

Version: 1.5.1
Check: package dependencies
Result: ERROR
    Packages required but not available: ‘Hmisc’ ‘wq’ ‘multcomp’
    
    See section ‘The DESCRIPTION file’ in the ‘Writing R Extensions’
    manual.
Flavor: r-release-osx-x86_64-snowleopard