CRAN Package Check Results for Package RGraphics

Last updated on 2017-03-30 08:48:32.

Flavor Version Tinstall Tcheck Ttotal Status Flags
r-devel-linux-x86_64-debian-clang 2.0-14 2.02 36.10 38.11 OK
r-devel-linux-x86_64-debian-gcc 2.0-14 2.00 37.00 39.01 OK
r-devel-linux-x86_64-fedora-clang 2.0-14 67.48 NOTE --no-stop-on-test-error
r-devel-linux-x86_64-fedora-gcc 2.0-14 65.74 NOTE --no-stop-on-test-error
r-devel-macos-x86_64-clang 2.0-14 55.30 NOTE --no-stop-on-test-error
r-devel-windows-ix86+x86_64 2.0-14 7.00 66.00 73.00 NOTE
r-patched-linux-x86_64 2.0-14 2.04 35.53 37.58 OK
r-patched-solaris-sparc 2.0-14 404.20 NOTE
r-patched-solaris-x86 2.0-14 88.50 NOTE
r-release-linux-x86_64 2.0-14 2.18 33.32 35.50 OK
r-release-osx-x86_64-mavericks 2.0-14 NOTE
r-release-windows-ix86+x86_64 2.0-14 16.00 83.00 99.00 NOTE
r-oldrel-windows-ix86+x86_64 2.0-14 17.00 89.00 106.00 NOTE

Check Details

Version: 2.0-14
Flags: --no-stop-on-test-error
Check: installed package size
Result: NOTE
     installed size is 9.7Mb
     sub-directories of 1Mb or more:
     extra 9.4Mb
Flavors: r-devel-linux-x86_64-fedora-clang, r-devel-linux-x86_64-fedora-gcc, r-devel-macos-x86_64-clang

Version: 2.0-14
Flags: --no-stop-on-test-error
Check: package dependencies
Result: NOTE
    Package suggested but not available for checking: ‘rggobi’
Flavor: r-devel-macos-x86_64-clang

Version: 2.0-14
Check: installed package size
Result: NOTE
     installed size is 9.6Mb
     sub-directories of 1Mb or more:
     extra 9.3Mb
Flavors: r-devel-windows-ix86+x86_64, r-patched-solaris-sparc, r-patched-solaris-x86, r-release-osx-x86_64-mavericks, r-release-windows-ix86+x86_64, r-oldrel-windows-ix86+x86_64

Version: 2.0-14
Check: package dependencies
Result: NOTE
    Packages suggested but not available for checking:
     ‘hyperdraw’ ‘hypergraph’ ‘rggobi’
Flavor: r-patched-solaris-sparc

Version: 2.0-14
Check: package dependencies
Result: NOTE
    Package suggested but not available for checking: ‘rggobi’
Flavors: r-patched-solaris-x86, r-release-osx-x86_64-mavericks

Version: 2.0-14
Check: dependencies in R code
Result: NOTE
    Invalid MIT-MAGIC-COOKIE-1 key
    (R:76308): Gtk-WARNING **: gtk_disable_setlocale() must be called before gtk_init()
    Invalid MIT-MAGIC-COOKIE-1 keyInvalid MIT-MAGIC-COOKIE-1 keyInvalid MIT-MAGIC-COOKIE-1 key
Flavor: r-release-osx-x86_64-mavericks