CRAN Package Check Results for Package RGraphics

Last updated on 2014-08-22 08:49:18.

Flavor Version Tinstall Tcheck Ttotal Status Flags
r-devel-linux-x86_64-debian-clang 2.0-9 2.46 51.49 53.95 NOTE
r-devel-linux-x86_64-debian-gcc 2.0-9 2.35 50.82 53.17 NOTE
r-devel-linux-x86_64-fedora-clang 2.0-9 81.46 NOTE
r-devel-linux-x86_64-fedora-gcc 2.0-9 73.95 NOTE
r-devel-osx-x86_64-clang 2.0-9 69.55 NOTE
r-devel-windows-ix86+x86_64 2.0-9 10.00 76.00 86.00 NOTE
r-patched-linux-x86_64 2.0-9 2.80 52.70 55.50 NOTE
r-patched-solaris-sparc 2.0-9 630.60 NOTE
r-patched-solaris-x86 2.0-9 149.60 NOTE
r-release-linux-ix86 2.0-9 3.22 69.69 72.91 NOTE
r-release-linux-x86_64 2.0-9 2.49 54.43 56.92 NOTE
r-release-osx-x86_64-mavericks 2.0-9 NOTE
r-release-osx-x86_64-snowleopard 2.0-9 NOTE
r-release-windows-ix86+x86_64 2.0-9 8.00 78.00 86.00 NOTE
r-oldrel-windows-ix86+x86_64 2.0-9 8.00 83.00 91.00 NOTE

Check Details

Version: 2.0-9
Check: installed package size
Result: NOTE
     installed size is 9.6Mb
     sub-directories of 1Mb or more:
     extra 9.3Mb
Flavors: r-devel-linux-x86_64-debian-clang, r-devel-linux-x86_64-debian-gcc, r-devel-linux-x86_64-fedora-clang, r-devel-linux-x86_64-fedora-gcc, r-devel-osx-x86_64-clang, r-devel-windows-ix86+x86_64, r-patched-linux-x86_64, r-patched-solaris-sparc, r-patched-solaris-x86, r-release-linux-ix86, r-release-linux-x86_64, r-release-osx-x86_64-mavericks, r-release-osx-x86_64-snowleopard, r-release-windows-ix86+x86_64, r-oldrel-windows-ix86+x86_64

Version: 2.0-9
Check: R code for possible problems
Result: NOTE
    drawDetails.ozImage: no visible global function definition for
     ‘ozRegion’
    faceD: no visible binding for global variable ‘size’
    figure1.13: no visible global function definition for ‘read.pnm’
    figure1.14: no visible global function definition for ‘subGraph’
    figure1.14: no visible global function definition for ‘agopen’
    figure1.14: no visible global function definition for
     ‘nodeDataDefaults<-’
    figure1.14: no visible global function definition for ‘nodeData<-’
    figure1.14: no visible global function definition for ‘clusterData<-’
    figure1.14: no visible global function definition for ‘edgeData<-’
    figure1.14: no visible global function definition for ‘toFile’
    figure1.4: no visible global function definition for ‘readPicture’
    figure1.4: no visible global function definition for ‘grid.picture’
    figure1.4: no visible global function definition for ‘pictureGrob’
    figure1.4: no visible binding for global variable ‘grobify’
    figure1.5: no visible binding for global variable ‘barley’
    figure1.6: no visible binding for global variable ‘mpg’
    figure1.7: no visible global function definition for ‘map’
    figure1.8: no visible global function definition for ‘getSymbols’
    figure1.8: no visible global function definition for ‘chartSeries’
    figure1.9: no visible global function definition for ‘ctree’
    figure11.1: no visible global function definition for ‘textplot’
    figure11.10: no visible global function definition for ‘corner.label’
    figure11.10: no visible global function definition for ‘smartlegend’
    figure11.11: no visible global function definition for ‘subplot’
    figure11.13: no visible global function definition for ‘updateusr’
    figure11.13: no visible global function definition for ‘zoomplot’
    figure11.2: no visible global function definition for ‘addtable2plot’
    figure11.3: no visible global function definition for ‘grid.table’
    figure11.4: no visible global function definition for ‘emptyspace’
    figure11.4: no visible global function definition for ‘largest.empty’
    figure11.5: no visible global function definition for ‘spread.labels’
    figure11.5: no visible global function definition for
     ‘thigmophobe.labels’
    figure11.5: no visible global function definition for ‘spread.labs’
    figure11.5: no visible global function definition for ‘pointLabel’
    figure11.5: no visible global function definition for ‘labcurve’
    figure11.6: no visible global function definition for ‘draw.circle’
    figure11.6: no visible global function definition for ‘draw.arc’
    figure11.6: no visible global function definition for ‘arctext’
    figure11.6: no visible global function definition for ‘boxed.labels’
    figure11.6: no visible global function definition for ‘textbox’
    figure11.6: no visible global function definition for ‘gradient.rect’
    figure11.6: no visible global function definition for ‘cylindrect’
    figure11.6: no visible global function definition for ‘rectFill’
    figure11.6: no visible global function definition for ‘polygon.shadow’
    figure11.6: no visible global function definition for ‘shadowtext’
    figure11.6: no visible global function definition for ‘my.symbols’
    figure11.6: no visible binding for global variable ‘ms.male’
    figure11.6: no visible binding for global variable ‘ms.female’
    figure11.7: no visible global function definition for ‘grid.ellipse’
    figure11.7: no visible global function definition for ‘grid.pattern’
    figure11.7: no visible global function definition for ‘grid.barbed’
    figure11.8: no visible global function definition for ‘plotmeans’
    figure11.9: no visible global function definition for ‘sequential_hcl’
    figure11.9: no visible global function definition for ‘diverge_hcl’
    figure12.1: no visible global function definition for ‘venn’
    figure12.1: no visible global function definition for ‘venneuler’
    figure12.2: no visible global function definition for ‘faces’
    figure12.2: no visible global function definition for ‘faces2’
    figure12.2: no visible global function definition for ‘symbol’
    figure12.3: no visible global function definition for ‘ternaryplot’
    figure12.3: no visible global function definition for ‘triax.plot’
    figure12.3: no visible global function definition for ‘TT.plot’
    figure12.4: no visible binding for global variable ‘hourlySpeed’
    figure12.4: no visible binding for global variable ‘wind9am’
    figure12.4: no visible global function definition for ‘polar.plot’
    figure12.5: no visible binding for global variable ‘wind9am’
    figure12.5: no visible global function definition for ‘circular’
    figure12.5: no visible binding for global variable ‘hourlySpeed’
    figure12.5: no visible global function definition for ‘rose.diag’
    figure12.5: no visible global function definition for ‘axis.circular’
    figure12.6: no visible binding for global variable ‘wind9am’
    figure12.7: no visible global function definition for ‘hexbinplot’
    figure13.2: no visible global function definition for ‘spine’
    figure13.2: no visible binding for global variable ‘xmm’
    figure13.2: no visible global function definition for ‘cd_plot’
    figure13.3: no visible binding for global variable ‘xmm’
    figure13.4: no visible global function definition for ‘mosaic’
    figure13.4: no visible binding for global variable ‘xmm’
    figure13.5: no visible global function definition for ‘tile’
    figure13.5: no visible binding for global variable ‘xmm’
    figure13.5: no visible global function definition for ‘doubledecker’
    figure13.6: no visible global function definition for ‘structable’
    figure13.7: no visible global function definition for ‘cotabplot’
    figure13.7: no visible binding for global variable ‘xmm’
    figure13.8: no visible global function definition for ‘mosaic3d’
    figure13.8: no visible global function definition for ‘structable’
    figure13.8: no visible binding for global variable ‘xmm’
    figure14.1: no visible global function definition for
     ‘readShapeSpatial’
    figure14.10: no visible global function definition for
     ‘readShapeSpatial’
    figure14.10: no visible global function definition for ‘proj4string<-’
    figure14.10: no visible global function definition for ‘CRS’
    figure14.10: no visible global function definition for ‘gridlines’
    figure14.10: no visible global function definition for ‘spTransform’
    figure14.11: no visible global function definition for
     ‘readShapeSpatial’
    figure14.11: no visible global function definition for ‘raster’
    figure14.2: no visible global function definition for ‘map’
    figure14.3: no visible global function definition for
     ‘readShapeSpatial’
    figure14.4: no visible global function definition for
     ‘readShapeSpatial’
    figure14.4: no visible global function definition for ‘spplot’
    figure14.5: no visible global function definition for
     ‘readShapeSpatial’
    figure14.5: no visible global function definition for ‘spplot’
    figure14.5 : <anonymous>: no visible global function definition for
     ‘panel.polygonsplot’
    figure14.5 : <anonymous>: no visible global function definition for
     ‘sp.lines’
    figure14.5 : <anonymous>: no visible global function definition for
     ‘coordinates’
    figure14.5 : <anonymous>: no visible global function definition for
     ‘sp.text’
    figure14.5 : <anonymous>: no visible global function definition for
     ‘sp.points’
    figure14.6: no visible global function definition for
     ‘readShapeSpatial’
    figure14.7: no visible global function definition for
     ‘readShapeSpatial’
    figure14.8: no visible global function definition for
     ‘readShapeSpatial’
    figure14.8: no visible global function definition for ‘proj4string<-’
    figure14.8: no visible global function definition for ‘CRS’
    figure14.9: no visible global function definition for
     ‘readShapeSpatial’
    figure14.9: no visible global function definition for ‘proj4string<-’
    figure14.9: no visible global function definition for ‘CRS’
    figure14.9: no visible global function definition for ‘spTransform’
    figure15.1: no visible global function definition for ‘agopen’
    figure15.10: no visible global function definition for ‘coordinates’
    figure15.10: no visible global function definition for ‘straightarrow’
    figure15.10: no visible global function definition for ‘textplain’
    figure15.10: no visible global function definition for ‘textrect’
    figure15.10: no visible global function definition for ‘textdiamond’
    figure15.10: no visible global function definition for ‘textellipse’
    figure15.3: no visible global function definition for ‘agopen’
    figure15.5 : grDraw: no visible global function definition for ‘agopen’
    figure15.5 : grDraw: no visible global function definition for
     ‘getNodeXY’
    figure15.6: no visible global function definition for ‘toFile’
    figure15.6: no visible global function definition for ‘agopen’
    figure15.7: no visible global function definition for
     ‘DirectedHyperedge’
    figure15.7: no visible global function definition for ‘Hypergraph’
    figure15.7: no visible global function definition for ‘graphBPH’
    figure15.8: no visible global function definition for ‘graph.tree’
    figure15.8: no visible global function definition for ‘graph.full’
    figure15.8: no visible global function definition for
     ‘set.vertex.attribute’
    figure15.8: no visible global function definition for
     ‘set.edge.attribute’
    figure15.8: no visible global function definition for
     ‘layout.reingold.tilford’
    figure15.8: no visible binding for global variable ‘layout.circle’
    figure15.9: no visible global function definition for ‘network’
    figure16.1 : tetra: no visible global function definition for
     ‘tetrahedron3d’
    figure16.1 : tetra: no visible global function definition for ‘tmesh3d’
    figure16.1 : tetra: no visible global function definition for ‘qmesh3d’
    figure16.1 : tetra: no visible global function definition for ‘open3d’
    figure16.1 : tetra: no visible global function definition for ‘shade3d’
    figure16.1 : tetra: no visible global function definition for ‘wire3d’
    figure16.1 : tetra: no visible global function definition for
     ‘segments3d’
    figure16.1 : tetra: no visible global function definition for ‘view3d’
    figure16.1: no visible global function definition for ‘cube3d’
    figure16.1: no visible global function definition for ‘qmesh3d’
    figure16.1: no visible global function definition for ‘open3d’
    figure16.1: no visible global function definition for ‘shade3d’
    figure16.1: no visible global function definition for ‘wire3d’
    figure16.1: no visible global function definition for ‘segments3d’
    figure16.1: no visible global function definition for ‘view3d’
    figure16.1: no visible global function definition for ‘rgl.postscript’
    figure16.10: no visible global function definition for ‘open3d’
    figure16.10: no visible global function definition for ‘clear3d’
    figure16.10: no visible global function definition for ‘light3d’
    figure16.10: no visible global function definition for ‘material3d’
    figure16.10: no visible global function definition for ‘shade3d’
    figure16.10: no visible global function definition for ‘ellipse3d’
    figure16.10: no visible global function definition for ‘readPNG’
    figure16.10: no visible global function definition for ‘cylinder3d’
    figure16.10 : old: no visible global function definition for ‘shade3d’
    figure16.10 : old: no visible global function definition for
     ‘cylinder3d’
    figure16.10: no visible global function definition for ‘translate3d’
    figure16.10: no visible global function definition for ‘rotate3d’
    figure16.10: no visible global function definition for ‘lines3d’
    figure16.10: no visible global function definition for ‘par3d’
    figure16.10: no visible global function definition for ‘rotationMatrix’
    figure16.10: no visible global function definition for ‘snapshot3d’
    figure16.11: no visible global function definition for ‘kde2d’
    figure16.2 : tetra: no visible global function definition for ‘tmesh3d’
    figure16.2 : tetra: no visible global function definition for ‘open3d’
    figure16.2 : tetra: no visible global function definition for ‘shade3d’
    figure16.2 : tetra: no visible global function definition for ‘wire3d’
    figure16.2 : tetra: no visible global function definition for
     ‘segments3d’
    figure16.2 : tetra: no visible global function definition for
     ‘translate3d’
    figure16.2 : tetra: no visible global function definition for ‘scale3d’
    figure16.2 : tetra: no visible global function definition for ‘cube3d’
    figure16.2 : tetra: no visible global function definition for ‘view3d’
    figure16.2: no visible global function definition for ‘cube3d’
    figure16.2: no visible global function definition for ‘qmesh3d’
    figure16.2: no visible global function definition for ‘translate3d’
    figure16.2: no visible global function definition for ‘scale3d’
    figure16.2: no visible global function definition for ‘open3d’
    figure16.2: no visible global function definition for ‘shade3d’
    figure16.2: no visible global function definition for ‘wire3d’
    figure16.2: no visible global function definition for ‘segments3d’
    figure16.2: no visible global function definition for ‘view3d’
    figure16.2: no visible global function definition for ‘rgl.postscript’
    figure16.3: no visible global function definition for ‘kde2d’
    figure16.4: no visible global function definition for ‘kde2d’
    figure16.5: no visible global function definition for ‘kde2d’
    figure16.6: no visible global function definition for ‘kde2d’
    figure16.7: no visible global function definition for ‘kde2d’
    figure16.8: no visible global function definition for ‘kde2d’
    figure16.8: no visible global function definition for ‘open3d’
    figure16.8: no visible global function definition for ‘persp3d’
    figure16.8: no visible global function definition for ‘par3d’
    figure16.8: no visible global function definition for ‘rotationMatrix’
    figure16.8: no visible global function definition for ‘snapshot3d’
    figure16.9: no visible global function definition for ‘kde2d’
    figure16.9: no visible global function definition for ‘open3d’
    figure16.9: no visible global function definition for ‘par3d’
    figure16.9: no visible global function definition for ‘rotationMatrix’
    figure16.9: no visible global function definition for ‘snapshot3d’
    figure17.12: no visible global function definition for ‘latticist’
    figure17.13: no visible global function definition for ‘playwith’
    figure17.13: no visible global function definition for ‘playDevCur’
    figure17.15: no visible global function definition for ‘gwindow’
    figure17.15: no visible global function definition for ‘ggroup’
    figure17.15: no visible global function definition for ‘ggraphics’
    figure17.15: no visible global function definition for ‘glabel’
    figure17.15 : randomizeTime: no visible global function definition for
     ‘visible<-’
    figure17.15 : randomizeTime: no visible global function definition for
     ‘svalue<-’
    figure17.15: no visible global function definition for ‘gbutton’
    figure17.15 : <anonymous>: no visible global function definition for
     ‘visible<-’
    figure17.15: no visible global function definition for ‘add’
    figure17.16: no visible global function definition for ‘svgPlot’
    figure17.16: no visible global function definition for ‘linkPlots’
    figure17.16: no visible global function definition for ‘saveXML’
    figure17.2: no visible global function definition for ‘ani.options’
    figure17.2: no visible global function definition for ‘ani.start’
    figure17.2: no visible global function definition for ‘ani.stop’
    figure17.5: no visible global function definition for ‘ggobi’
    figure17.7: no visible global function definition for ‘ggobi’
    figure17.8: no visible global function definition for ‘iplot’
    figure17.8: no visible global function definition for ‘ibar’
    figure17.9: no visible global function definition for ‘iplot’
    figure17.9: no visible global function definition for ‘ibar’
    figure17.9: no visible global function definition for ‘iplot.set’
    figure17.9: no visible global function definition for ‘ievent.wait’
    figure17.9: no visible global function definition for
     ‘iset.sel.changed’
    figure17.9: no visible global function definition for ‘iset.selected’
    figure17.9: no visible binding for global variable ‘iobj.opt’
    figure18.2: no visible global function definition for ‘read.pnm’
    figure18.2: no visible global function definition for ‘readPicture’
    figure18.2: no visible global function definition for ‘grid.picture’
    figure18.3: no visible global function definition for ‘read.pnm’
    figure18.4: no visible global function definition for ‘read.pnm’
    figure18.5: no visible global function definition for ‘PostScriptTrace’
    figure18.5: no visible global function definition for ‘readPicture’
    figure18.5: no visible global function definition for ‘picturePaths’
    figure18.6: no visible global function definition for ‘PostScriptTrace’
    figure18.6: no visible global function definition for ‘readPicture’
    figure18.6: no visible global function definition for ‘grid.picture’
    figure19.1: no visible global function definition for ‘baseViewports’
    figure19.2 : dendpanel: no visible global function definition for
     ‘gridPLT’
    figure2.3: no visible global function definition for ‘agnes’
    figure3.11: no visible global function definition for ‘baseViewports’
    figure3.15: no visible global function definition for ‘read.pnm’
    figure5.11: no visible binding for global variable ‘mpg’
    figure5.13: no visible binding for global variable ‘mpg’
    figure5.14: no visible binding for global variable ‘mpg’
    figure5.15: no visible binding for global variable ‘mpg’
    figure5.4: no visible binding for global variable ‘mpg’
    figure5.5: no visible binding for global variable ‘mpg’
    figure5.8: no visible binding for global variable ‘mpg’
    figure5.9: no visible binding for global variable ‘mpg’
    figure6.25: no visible binding for global variable ‘mpg’
    figure6.26: no visible binding for global variable ‘mpg’
    figure7.13: no visible binding for global variable ‘mpg’
    figure8.1 : drawDetails.ozImage: no visible global function definition
     for ‘ozRegion’
    figure8.1: no visible binding for global variable ‘fluoro.predict’
    figure8.1 : ozKey: no visible global function definition for ‘ozRegion’
    figure8.18: no visible global function definition for ‘ozRegion’
    figure8.18: no visible binding for global variable ‘ozTemp’
    figure8.5: no visible global function definition for ‘ozRegion’
    figure8.6: no visible binding for global variable ‘fluoro.predict’
    figure8.6: no visible global function definition for ‘ozRegion’
    figure8.7: no visible binding for global variable ‘fluoro.predict’
    figure8.7: no visible global function definition for ‘ozRegion’
    ozKey: no visible global function definition for ‘ozRegion’
Flavors: r-devel-linux-x86_64-fedora-clang, r-devel-linux-x86_64-fedora-gcc, r-devel-osx-x86_64-clang

Version: 2.0-9
Check: package dependencies
Result: NOTE
    Packages suggested but not available for checking:
     ‘hyperdraw’ ‘hypergraph’ ‘rggobi’ ‘SVGAnnotation’
Flavors: r-patched-solaris-sparc, r-patched-solaris-x86, r-release-osx-x86_64-snowleopard

Version: 2.0-9
Check: R code for possible problems
Result: NOTE
    figure15.7: no visible global function definition for
     ‘DirectedHyperedge’
    figure15.7: no visible global function definition for ‘Hypergraph’
    figure15.7: no visible global function definition for ‘graphBPH’
    figure17.16: no visible global function definition for ‘svgPlot’
    figure17.16: no visible global function definition for ‘linkPlots’
    figure17.5: no visible global function definition for ‘ggobi’
    figure17.7: no visible global function definition for ‘ggobi’
Flavors: r-patched-solaris-sparc, r-patched-solaris-x86, r-release-osx-x86_64-snowleopard

Version: 2.0-9
Check: package dependencies
Result: NOTE
    Packages suggested but not available for checking:
     ‘graph’ ‘gWidgetsRGtk2’ ‘hyperdraw’ ‘hypergraph’ ‘playwith’ ‘pmg’
     ‘rgdal’ ‘rggobi’ ‘Rgraphviz’ ‘SVGAnnotation’
Flavor: r-release-osx-x86_64-mavericks

Version: 2.0-9
Check: R code for possible problems
Result: NOTE
    faceD: no visible binding for global variable ‘size’
    figure1.14: no visible global function definition for ‘subGraph’
    figure1.14: no visible global function definition for ‘agopen’
    figure1.14: no visible global function definition for
     ‘nodeDataDefaults<-’
    figure1.14: no visible global function definition for ‘nodeData<-’
    figure1.14: no visible global function definition for ‘clusterData<-’
    figure1.14: no visible global function definition for ‘edgeData<-’
    figure1.14: no visible global function definition for ‘toFile’
    figure15.1: no visible global function definition for ‘agopen’
    figure15.3: no visible global function definition for ‘agopen’
    figure15.5 : grDraw: no visible global function definition for ‘agopen’
    figure15.5 : grDraw: no visible global function definition for
     ‘getNodeXY’
    figure15.6: no visible global function definition for ‘toFile’
    figure15.6: no visible global function definition for ‘agopen’
    figure15.7: no visible global function definition for
     ‘DirectedHyperedge’
    figure15.7: no visible global function definition for ‘Hypergraph’
    figure15.7: no visible global function definition for ‘graphBPH’
    figure17.13: no visible global function definition for ‘playwith’
    figure17.13: no visible global function definition for ‘playDevCur’
    figure17.15: no visible global function definition for ‘gwindow’
    figure17.15: no visible global function definition for ‘ggroup’
    figure17.15: no visible global function definition for ‘ggraphics’
    figure17.15: no visible global function definition for ‘glabel’
    figure17.15 : randomizeTime: no visible global function definition for
     ‘visible<-’
    figure17.15 : randomizeTime: no visible global function definition for
     ‘svalue<-’
    figure17.15: no visible global function definition for ‘gbutton’
    figure17.15 : <anonymous>: no visible global function definition for
     ‘visible<-’
    figure17.15: no visible global function definition for ‘add’
    figure17.16: no visible global function definition for ‘svgPlot’
    figure17.16: no visible global function definition for ‘linkPlots’
    figure17.5: no visible global function definition for ‘ggobi’
    figure17.7: no visible global function definition for ‘ggobi’
Flavor: r-release-osx-x86_64-mavericks