CRAN Package Check Results for Package RGraphics

Last updated on 2018-05-23 08:49:08 CEST.

Flavor Version Tinstall Tcheck Ttotal Status Flags
r-devel-linux-x86_64-debian-clang 2.0-14 7.93 60.65 68.58 NOTE
r-devel-linux-x86_64-debian-gcc 2.0-14 0.83 1.29 2.12 ERROR
r-devel-linux-x86_64-fedora-clang 2.0-14 82.23 NOTE
r-devel-linux-x86_64-fedora-gcc 2.0-14 80.03 NOTE
r-devel-windows-ix86+x86_64 2.0-14 14.00 103.00 117.00 NOTE
r-patched-linux-x86_64 2.0-14 9.91 55.88 65.79 NOTE
r-patched-solaris-x86 2.0-14 110.30 NOTE
r-release-linux-x86_64 2.0-14 8.26 55.14 63.40 NOTE
r-release-windows-ix86+x86_64 2.0-14 18.00 92.00 110.00 NOTE
r-release-osx-x86_64 2.0-14 NOTE
r-oldrel-windows-ix86+x86_64 2.0-14 15.00 92.00 107.00 NOTE
r-oldrel-osx-x86_64 2.0-14 NOTE

Check Details

Version: 2.0-14
Check: package dependencies
Result: NOTE
    Package suggested but not available for checking: ‘pmg’
Flavors: r-devel-linux-x86_64-debian-clang, r-devel-linux-x86_64-fedora-clang, r-devel-linux-x86_64-fedora-gcc, r-patched-linux-x86_64, r-release-linux-x86_64

Version: 2.0-14
Check: dependencies in R code
Result: NOTE
    Rjava.init.warning: stack size reduced from unlimited to 7953613 bytes after JVM initialization.
Flavors: r-devel-linux-x86_64-debian-clang, r-patched-linux-x86_64, r-release-linux-x86_64

Version: 2.0-14
Check: package dependencies
Result: ERROR
    Package required but not available: ‘ggplot2’
    
    Packages suggested but not available for checking:
     ‘agricolae’ ‘Hmisc’ ‘openair’ ‘pmg’ ‘Rcmdr’ ‘rgl’ ‘RGraphics’
    
    See section ‘The DESCRIPTION file’ in the ‘Writing R Extensions’
    manual.
Flavor: r-devel-linux-x86_64-debian-gcc

Version: 2.0-14
Check: installed package size
Result: NOTE
     installed size is 9.9Mb
     sub-directories of 1Mb or more:
     extra 9.4Mb
Flavors: r-devel-linux-x86_64-fedora-clang, r-devel-linux-x86_64-fedora-gcc, r-devel-windows-ix86+x86_64, r-patched-solaris-x86, r-release-windows-ix86+x86_64, r-release-osx-x86_64, r-oldrel-windows-ix86+x86_64, r-oldrel-osx-x86_64

Version: 2.0-14
Check: dependencies in R code
Result: NOTE
    Rjava.init.warning: stack size reduced from unlimited to 7957504 bytes after JVM initialization.
Flavors: r-devel-linux-x86_64-fedora-clang, r-devel-linux-x86_64-fedora-gcc

Version: 2.0-14
Check: package dependencies
Result: NOTE
    Packages suggested but not available for checking: 'pmg' 'SVGAnnotation'
Flavors: r-devel-windows-ix86+x86_64, r-release-windows-ix86+x86_64

Version: 2.0-14
Check: package dependencies
Result: NOTE
    Packages suggested but not available for checking: ‘pmg’ ‘rggobi’
Flavor: r-patched-solaris-x86

Version: 2.0-14
Check: package dependencies
Result: NOTE
    Packages suggested but not available for checking:
     ‘gWidgetsRGtk2’ ‘hyperdraw’ ‘hypergraph’ ‘playwith’ ‘pmg’ ‘rggobi’
     ‘SVGAnnotation’
Flavor: r-release-osx-x86_64

Version: 2.0-14
Check: package dependencies
Result: NOTE
    Packages suggested but not available for checking:
     ‘graph’ ‘gWidgetsRGtk2’ ‘hyperdraw’ ‘hypergraph’ ‘playwith’ ‘pmg’
     ‘rgdal’ ‘rggobi’ ‘Rgraphviz’ ‘SVGAnnotation’
Flavor: r-oldrel-osx-x86_64