CRAN Package Check Results for Package RGraphics

Last updated on 2014-09-22 08:49:27.

Flavor Version Tinstall Tcheck Ttotal Status Flags
r-devel-linux-x86_64-debian-clang 2.0-12 2.40 41.03 43.43 NOTE
r-devel-linux-x86_64-debian-gcc 2.0-12 2.30 41.35 43.65 NOTE
r-devel-linux-x86_64-fedora-clang 2.0-12 96.77 NOTE
r-devel-linux-x86_64-fedora-gcc 2.0-12 89.83 NOTE
r-devel-osx-x86_64-clang 2.0-12 79.13 NOTE
r-devel-windows-ix86+x86_64 2.0-12 8.00 59.00 67.00 NOTE
r-patched-linux-x86_64 2.0-12 2.47 59.34 61.81 NOTE
r-patched-solaris-sparc 2.0-12 618.80 NOTE
r-patched-solaris-x86 2.0-12 170.40 NOTE
r-release-linux-ix86 2.0-12 3.79 77.74 81.53 NOTE
r-release-linux-x86_64 2.0-12 2.54 60.97 63.51 NOTE
r-release-osx-x86_64-mavericks 2.0-12 NOTE
r-release-osx-x86_64-snowleopard 2.0-9 NOTE
r-release-windows-ix86+x86_64 2.0-12 8.00 99.00 107.00 NOTE
r-oldrel-windows-ix86+x86_64 2.0-12 8.00 97.00 105.00 NOTE

Check Details

Version: 2.0-12
Check: installed package size
Result: NOTE
     installed size is 9.7Mb
     sub-directories of 1Mb or more:
     extra 9.4Mb
Flavors: r-devel-linux-x86_64-debian-clang, r-devel-linux-x86_64-debian-gcc, r-devel-linux-x86_64-fedora-clang, r-devel-linux-x86_64-fedora-gcc, r-devel-osx-x86_64-clang, r-devel-windows-ix86+x86_64, r-patched-linux-x86_64, r-patched-solaris-sparc, r-patched-solaris-x86, r-release-linux-ix86, r-release-linux-x86_64, r-release-osx-x86_64-mavericks, r-release-windows-ix86+x86_64, r-oldrel-windows-ix86+x86_64

Version: 2.0-12
Check: package dependencies
Result: NOTE
    Packages suggested but not available for checking:
     ‘hyperdraw’ ‘hypergraph’ ‘rggobi’ ‘SVGAnnotation’
Flavors: r-patched-solaris-sparc, r-patched-solaris-x86

Version: 2.0-12
Check: dependencies in R code
Result: NOTE
    Missing or unexported objects:
     ‘RGraphics::fluoro.predict’ ‘RGraphics::hourlySpeed’
     ‘RGraphics::ozTemp’ ‘RGraphics::wind9am’ ‘RGraphics::xmm’
     ‘ggplot2::mpg’ ‘lattice::barley’
    See the information on DESCRIPTION files in the chapter ‘Creating R
    packages’ of the ‘Writing R Extensions’ manual.
Flavors: r-release-linux-ix86, r-release-linux-x86_64, r-release-windows-ix86+x86_64, r-oldrel-windows-ix86+x86_64

Version: 2.0-12
Check: package dependencies
Result: NOTE
    Packages suggested but not available for checking:
     ‘gWidgetsRGtk2’ ‘hyperdraw’ ‘hypergraph’ ‘playwith’ ‘pmg’ ‘rgdal’
     ‘rggobi’ ‘SVGAnnotation’
Flavor: r-release-osx-x86_64-mavericks

Version: 2.0-9
Check: package dependencies
Result: NOTE
    Packages suggested but not available for checking:
     ‘hyperdraw’ ‘hypergraph’ ‘rggobi’ ‘SVGAnnotation’
Flavor: r-release-osx-x86_64-snowleopard

Version: 2.0-9
Check: installed package size
Result: NOTE
     installed size is 9.6Mb
     sub-directories of 1Mb or more:
     extra 9.3Mb
Flavor: r-release-osx-x86_64-snowleopard

Version: 2.0-9
Check: R code for possible problems
Result: NOTE
    figure15.7: no visible global function definition for
     ‘DirectedHyperedge’
    figure15.7: no visible global function definition for ‘Hypergraph’
    figure15.7: no visible global function definition for ‘graphBPH’
    figure17.16: no visible global function definition for ‘svgPlot’
    figure17.16: no visible global function definition for ‘linkPlots’
    figure17.5: no visible global function definition for ‘ggobi’
    figure17.7: no visible global function definition for ‘ggobi’
Flavor: r-release-osx-x86_64-snowleopard