CRAN Package Check Results for Package RGraphics

Last updated on 2015-03-01 03:48:45.

Flavor Version Tinstall Tcheck Ttotal Status Flags
r-devel-linux-x86_64-debian-clang 2.0-12 1.95 33.48 35.43 NOTE
r-devel-linux-x86_64-debian-gcc 2.0-12 1.82 33.23 35.05 NOTE
r-devel-linux-x86_64-fedora-clang 2.0-12 70.24 NOTE
r-devel-linux-x86_64-fedora-gcc 2.0-12 62.10 NOTE
r-devel-osx-x86_64-clang 2.0-12 67.62 NOTE
r-devel-windows-ix86+x86_64 2.0-12 9.00 50.00 59.00 NOTE
r-patched-linux-x86_64 2.0-12 2.84 45.76 48.60 NOTE
r-patched-solaris-sparc 2.0-12 556.30 NOTE
r-patched-solaris-x86 2.0-12 123.50 NOTE
r-release-linux-ix86 2.0-12 3.63 53.32 56.95 NOTE
r-release-linux-x86_64 2.0-12 2.83 44.58 47.41 NOTE
r-release-osx-x86_64-mavericks 2.0-12 NOTE
r-release-osx-x86_64-snowleopard 2.0-12 NOTE
r-release-windows-ix86+x86_64 2.0-12 9.00 71.00 80.00 NOTE
r-oldrel-windows-ix86+x86_64 2.0-12 11.00 94.00 105.00 NOTE

Check Details

Version: 2.0-12
Check: installed package size
Result: NOTE
     installed size is 9.7Mb
     sub-directories of 1Mb or more:
     extra 9.4Mb
Flavors: r-devel-linux-x86_64-debian-clang, r-devel-linux-x86_64-debian-gcc, r-devel-linux-x86_64-fedora-clang, r-devel-linux-x86_64-fedora-gcc, r-devel-osx-x86_64-clang, r-devel-windows-ix86+x86_64, r-patched-linux-x86_64, r-patched-solaris-sparc, r-patched-solaris-x86, r-release-linux-ix86, r-release-linux-x86_64, r-release-osx-x86_64-mavericks, r-release-osx-x86_64-snowleopard, r-release-windows-ix86+x86_64, r-oldrel-windows-ix86+x86_64

Version: 2.0-12
Check: dependencies in R code
Result: NOTE
    'library' or 'require' calls in package code:
     ‘Hmisc’ ‘MASS’ ‘Rcmdr’ ‘Rgraphviz’ ‘SVGAnnotation’ ‘TeachingDemos’
     ‘agricolae’ ‘animation’ ‘circular’ ‘cluster’ ‘colorspace’ ‘diagram’
     ‘gWidgetsRGtk2’ ‘gplots’ ‘grImport’ ‘graph’ ‘gridBase’ ‘gridExtra’
     ‘hexbin’ ‘hyperdraw’ ‘hypergraph’ ‘igraph’ ‘iplots’ ‘ipred’
     ‘latticeExtra’ ‘mapdata’ ‘maps’ ‘maptools’ ‘misc3d’ ‘network’
     ‘openair’ ‘oz’ ‘party’ ‘pixmap’ ‘playwith’ ‘plotrix’ ‘pmg’ ‘png’
     ‘quantmod’ ‘raster’ ‘rgdal’ ‘rggobi’ ‘rgl’ ‘scatterplot3d’
     ‘soiltexture’ ‘symbols’ ‘vcd’ ‘vcdExtra’ ‘venneuler’ ‘vrmlgen’
     Please use :: or requireNamespace() instead.
     See section 'Suggested packages' in the 'Writing R Extensions' manual.
Flavors: r-devel-linux-x86_64-debian-clang, r-devel-linux-x86_64-debian-gcc, r-devel-linux-x86_64-fedora-clang, r-devel-linux-x86_64-fedora-gcc, r-devel-osx-x86_64-clang, r-devel-windows-ix86+x86_64, r-patched-linux-x86_64, r-patched-solaris-sparc, r-patched-solaris-x86

Version: 2.0-12
Check: S3 generic/method consistency
Result: NOTE
    Found the following apparent S3 methods exported but not registered:
     plot.newclass
    See section ‘Registering S3 methods’ in the ‘Writing R Extensions’
    manual.
Flavors: r-devel-linux-x86_64-debian-clang, r-devel-linux-x86_64-debian-gcc, r-devel-linux-x86_64-fedora-clang, r-devel-linux-x86_64-fedora-gcc, r-devel-osx-x86_64-clang

Version: 2.0-12
Check: package dependencies
Result: NOTE
    Packages suggested but not available for checking:
     ‘hyperdraw’ ‘hypergraph’ ‘rggobi’
Flavor: r-patched-solaris-sparc

Version: 2.0-12
Check: package dependencies
Result: NOTE
    Package suggested but not available for checking: ‘rggobi’
Flavor: r-patched-solaris-x86

Version: 2.0-12
Check: package dependencies
Result: NOTE
    Packages suggested but not available for checking:
     ‘gWidgetsRGtk2’ ‘hyperdraw’ ‘hypergraph’ ‘playwith’ ‘pmg’ ‘rgdal’
     ‘rggobi’ ‘SVGAnnotation’
Flavor: r-release-osx-x86_64-mavericks

Version: 2.0-12
Check: package dependencies
Result: NOTE
    Packages suggested but not available for checking:
     ‘hyperdraw’ ‘hypergraph’ ‘rggobi’ ‘SVGAnnotation’
Flavor: r-release-osx-x86_64-snowleopard

Version: 2.0-12
Check: package dependencies
Result: NOTE
    Package suggested but not available for checking: 'openair'
Flavor: r-oldrel-windows-ix86+x86_64

Version: 2.0-12
Check: dependencies in R code
Result: NOTE
    Missing or unexported objects:
     'RGraphics::fluoro.predict' 'RGraphics::hourlySpeed'
     'RGraphics::ozTemp' 'RGraphics::wind9am' 'RGraphics::xmm'
     'ggplot2::mpg' 'lattice::barley'
    See the information on DESCRIPTION files in the chapter 'Creating R
    packages' of the 'Writing R Extensions' manual.
Flavor: r-oldrel-windows-ix86+x86_64