CRAN Package Check Results for Package MethComp

Last updated on 2014-07-23 08:49:50.

Flavor Version Tinstall Tcheck Ttotal Status Flags
r-devel-linux-x86_64-debian-clang 1.22 1.44 42.63 44.07 NOTE
r-devel-linux-x86_64-debian-gcc 1.22 1.43 42.86 44.28 NOTE
r-devel-linux-x86_64-fedora-clang 1.22 102.45 NOTE
r-devel-linux-x86_64-fedora-gcc 1.22 96.45 NOTE
r-devel-osx-x86_64-clang 1.22 76.25 NOTE
r-devel-windows-ix86+x86_64 1.22 5.00 60.00 65.00 NOTE
r-patched-linux-x86_64 1.22 1.41 42.60 44.01 NOTE
r-patched-solaris-sparc 1.22 535.90 NOTE
r-patched-solaris-x86 1.22 121.40 NOTE
r-release-linux-ix86 1.22 1.96 54.05 56.01 NOTE
r-release-linux-x86_64 1.22 2.09 42.54 44.63 NOTE
r-release-osx-x86_64-mavericks 1.22 NOTE
r-release-osx-x86_64-snowleopard 1.22 NOTE
r-release-windows-ix86+x86_64 1.22 5.00 67.00 72.00 NOTE
r-oldrel-windows-ix86+x86_64 1.22 4.00 57.00 61.00 NOTE

Check Details

Version: 1.22
Check: dependencies in R code
Result: NOTE
    'library' or 'require' call to ‘nlme’ which was already attached by Depends.
     Please remove these calls from your code.
    Package in Depends field not imported from: ‘nlme’
     These packages need to be imported from (in the NAMESPACE file)
     for when this namespace is loaded but not attached.
    ':::' calls which should be '::':
     ‘base:::subset.data.frame’ ‘base:::transform.data.frame’
     ‘coda:::mcmc’ ‘coda:::mcmc.list’ ‘nlme:::VarCorr’
     See the note in ?`:::` about the use of this operator.
    There are ::: calls to the package's namespace in its code. A package
     almost never needs to use ::: for its own objects:
     ‘VC.est.fixed’ ‘VC.est.random’
    See the information on DESCRIPTION files in the chapter ‘Creating R
    packages’ of the ‘Writing R Extensions’ manual.
Flavors: r-devel-linux-x86_64-debian-clang, r-devel-linux-x86_64-debian-gcc, r-devel-linux-x86_64-fedora-clang, r-devel-linux-x86_64-fedora-gcc, r-devel-osx-x86_64-clang, r-devel-windows-ix86+x86_64, r-patched-linux-x86_64, r-patched-solaris-sparc, r-patched-solaris-x86, r-release-linux-ix86, r-release-linux-x86_64, r-release-osx-x86_64-mavericks, r-release-windows-ix86+x86_64, r-oldrel-windows-ix86+x86_64

Version: 1.22
Check: package dependencies
Result: NOTE
    Package suggested but not available for checking: ‘BRugs’
Flavors: r-devel-osx-x86_64-clang, r-patched-solaris-sparc, r-patched-solaris-x86, r-release-osx-x86_64-snowleopard

Version: 1.22
Check: package dependencies
Result: NOTE
    Packages suggested but not available for checking: ‘BRugs’ ‘rjags’
Flavor: r-release-osx-x86_64-mavericks

Version: 1.22
Check: R code for possible problems
Result: NOTE
    MCmcmc: no visible global function definition for ‘jags.model’
    MCmcmc: no visible global function definition for ‘coda.samples’
Flavor: r-release-osx-x86_64-mavericks

Version: 1.22
Check: dependencies in R code
Result: NOTE
    'library' or 'require' call to 'nlme' which was already attached by Depends.
     Please remove these calls from your code.
    ':::' calls which should be '::':
     'base:::subset.data.frame' 'base:::transform.data.frame'
     'coda:::mcmc' 'coda:::mcmc.list' 'nlme:::VarCorr'
     See the note in ?`:::` about the use of this operator.
    There are ::: calls to the package's namespace in its code. A package
     almost never needs to use ::: for its own objects:
     'VC.est.fixed' 'VC.est.random'
    See the information on DESCRIPTION files in the chapter 'Creating R
    packages' of the 'Writing R Extensions' manual.
Flavor: r-release-osx-x86_64-snowleopard