Last updated on 2024-04-27 08:48:27 CEST.
Flavor | Version | Tinstall | Tcheck | Ttotal | Status | Flags |
---|---|---|---|---|---|---|
r-devel-linux-x86_64-debian-clang | 1.0 | 15.04 | 179.30 | 194.34 | NOTE | |
r-devel-linux-x86_64-debian-gcc | 1.0 | 11.77 | 125.23 | 137.00 | NOTE | |
r-devel-linux-x86_64-fedora-clang | 1.0 | 230.95 | NOTE | |||
r-devel-linux-x86_64-fedora-gcc | 1.0 | 217.14 | NOTE | |||
r-devel-windows-x86_64 | 1.0 | 15.00 | 136.00 | 151.00 | NOTE | |
r-patched-linux-x86_64 | 1.0 | 15.30 | 163.67 | 178.97 | NOTE | |
r-release-linux-x86_64 | 1.0 | 11.46 | 166.74 | 178.20 | NOTE | |
r-release-macos-arm64 | 1.0 | 58.00 | NOTE | |||
r-release-windows-x86_64 | 1.0 | 13.00 | 138.00 | 151.00 | NOTE | |
r-oldrel-macos-arm64 | 1.0 | 62.00 | NOTE | |||
r-oldrel-macos-x86_64 | 1.0 | 105.00 | NOTE | |||
r-oldrel-windows-x86_64 | 1.0 | 18.00 | 170.00 | 188.00 | NOTE |
Version: 1.0
Check: LazyData
Result: NOTE
'LazyData' is specified without a 'data' directory
Flavors: r-devel-linux-x86_64-debian-clang, r-devel-linux-x86_64-debian-gcc, r-devel-linux-x86_64-fedora-clang, r-devel-linux-x86_64-fedora-gcc, r-devel-windows-x86_64, r-patched-linux-x86_64, r-release-linux-x86_64, r-release-macos-arm64, r-release-windows-x86_64, r-oldrel-macos-arm64, r-oldrel-macos-x86_64, r-oldrel-windows-x86_64